{"id":9924,"date":"2019-11-27T09:41:38","date_gmt":"2019-11-27T08:41:38","guid":{"rendered":"https:\/\/smartsdiscount.com\/?post_type=product&amp;p=9924"},"modified":"2019-11-27T09:41:38","modified_gmt":"2019-11-27T08:41:38","slug":"asus-zenfone-max-plus-m1-noir-64go","status":"publish","type":"product","link":"https:\/\/eurosdiscounts.com\/index.php\/produit\/asus-zenfone-max-plus-m1-noir-64go\/","title":{"rendered":"Asus Zenfone Max Plus M1 Noir 64Go"},"content":{"rendered":"<p><span class=\"fpBlocTitle\">Les points forts :<\/span><\/p>\n<ul>\n<li>Taille de la diagonale : 5.7\u2033<\/li>\n<li>R\u00e9solution du capteur : 16 m\u00e9gapixels<\/li>\n<li>Capacit\u00e9 : 4130 mAh<\/li>\n<li>Capacit\u00e9 de la m\u00e9moire interne : 64 Go<\/li>\n<li>8 coeurs<\/li>\n<\/ul>\n<div class=\"jsFpBulletPointMore\">\n<ul>\n<li>RAM : 4 Go \u2013 LPDDR3 SDRAM<\/li>\n<li>G\u00e9n\u00e9ration \u00e0 haut d\u00e9bit mobile : 4G<\/li>\n<li>Syst\u00e8me d\u2019exploitation : Android 7.0 Nougat<\/li>\n<\/ul>\n<\/div>\n<p>&nbsp;<\/p>\n","protected":false},"excerpt":{"rendered":"<table class=\"fpDescTb fpDescTbPub\">\n<tbody>\n<tr>\n<th colspan=\"2\">INFORMATIONS G\u00c9N\u00c9RALES SUR LE PRODUIT<\/th>\n<\/tr>\n<tr>\n<td>Marque<\/td>\n<td>ASUS<\/td>\n<\/tr>\n<tr>\n<td>Nom du produit<\/td>\n<td>Asus Zenfone Max Plus M1 Noir 64Go<\/td>\n<\/tr>\n<tr>\n<td>Cat\u00e9gorie<\/td>\n<td>SMARTPHONE<\/td>\n<\/tr>\n<tr>\n<th colspan=\"2\">INFORMATIONS SUR LE PRODUIT<\/th>\n<\/tr>\n<tr>\n<td>Couleur(s)<\/td>\n<td>Noir<\/td>\n<\/tr>\n<tr>\n<td>Information DAS<\/td>\n<td>Le DAS (d\u00e9bit d\u2019absorption sp\u00e9cifique) des t\u00e9l\u00e9phones mobiles quantifie le niveau d\u2019exposition<br \/>\nmaximal de l\u2019utilisateur aux ondes \u00e9lectromagn\u00e9tiques, pour une utilisation \u00e0 l\u2019oreille.<br \/>\nLa r\u00e9glementation fran\u00e7aise impose que le DAS ne d\u00e9passe pas 2W\/kg<\/td>\n<\/tr>\n<tr>\n<td>Capacit\u00e9 (m\u00e9moire)<\/td>\n<td>64Go<\/td>\n<\/tr>\n<tr>\n<th colspan=\"2\">G\u00c9N\u00c9RAL<\/th>\n<\/tr>\n<tr>\n<td>Type de Produit<\/td>\n<td>Smartphone<\/td>\n<\/tr>\n<tr>\n<td>Composants int\u00e9gr\u00e9s<\/td>\n<td>Cam\u00e9ra avant, radio FM, lecteur audio, enregistreur vocal, navigation, double cam\u00e9ra orient\u00e9e vers l\u2019arri\u00e8re<\/td>\n<\/tr>\n<tr>\n<td>Mat\u00e9riau du boitier<\/td>\n<td>M\u00e9tal<\/td>\n<\/tr>\n<tr>\n<td>Couleur du boitier<\/td>\n<td>Noir d\u2019eau profonde<\/td>\n<\/tr>\n<tr>\n<td>Profondeur<\/td>\n<td>8.8 mm<\/td>\n<\/tr>\n<tr>\n<td>Largeur<\/td>\n<td>73 mm<\/td>\n<\/tr>\n<tr>\n<td>Hauteur<\/td>\n<td>152.6 mm<\/td>\n<\/tr>\n<tr>\n<td>Poids<\/td>\n<td>160 g<\/td>\n<\/tr>\n<tr>\n<td>Valeur DAS<\/td>\n<td>0,746 W\/kg (corps) \/ 0,282 W\/kg (t\u00eate)<\/td>\n<\/tr>\n<tr>\n<td>Format<\/td>\n<td>Tactile<\/td>\n<\/tr>\n<tr>\n<td>Num\u00e9ro de mod\u00e8le du fabricant<\/td>\n<td>ZB570TL<\/td>\n<\/tr>\n<tr>\n<th colspan=\"2\">T\u00c9L\u00c9PHONE MOBILE<\/th>\n<\/tr>\n<tr>\n<td>Syst\u00e8me d\u2019exploitation<\/td>\n<td>Android 7.0 Nougat<\/td>\n<\/tr>\n<tr>\n<td>Technologie<\/td>\n<td>WCDMA (UMTS) \/ GSM<\/td>\n<\/tr>\n<tr>\n<td>G\u00e9n\u00e9ration \u00e0 haut d\u00e9bit mobile<\/td>\n<td>4G<\/td>\n<\/tr>\n<tr>\n<td>Fournisseur de services<\/td>\n<td>Non sp\u00e9cifi\u00e9<\/td>\n<\/tr>\n<tr>\n<td>Interface utilisateur<\/td>\n<td>ASUS ZenUI 4.0<\/td>\n<\/tr>\n<tr>\n<td>Type de carte SIM<\/td>\n<td>Nano SIM<\/td>\n<\/tr>\n<tr>\n<td>Navigation<\/td>\n<td>GPS, A-GPS, GLONASS<\/td>\n<\/tr>\n<tr>\n<td>Appareil d\u2019entr\u00e9e<\/td>\n<td>Multi-touches, capacitif<\/td>\n<\/tr>\n<tr>\n<td>Qt\u00e9 de carte SIM<\/td>\n<td>Double SIM<\/td>\n<\/tr>\n<tr>\n<th colspan=\"2\">PROCESSEUR<\/th>\n<\/tr>\n<tr>\n<td>Type<\/td>\n<td>MediaTek<\/td>\n<\/tr>\n<tr>\n<td>Qt\u00e9 de coeur de processeur<\/td>\n<td>8 coeurs<\/td>\n<\/tr>\n<tr>\n<td>Num\u00e9ro de processeur<\/td>\n<td>MT6750T<\/td>\n<\/tr>\n<tr>\n<td>Architecture 64 bits<\/td>\n<td>Oui<\/td>\n<\/tr>\n<tr>\n<td>Fr\u00e9quence d\u2019horloge<\/td>\n<td>1.5 GHz<\/td>\n<\/tr>\n<tr>\n<th colspan=\"2\">AFFICHAGE<\/th>\n<\/tr>\n<tr>\n<td>Technologie<\/td>\n<td>IPS<\/td>\n<\/tr>\n<tr>\n<td>Caract\u00e9ristiques<\/td>\n<td>Verre incurv\u00e9 2,5 D, Bluelight Filter for Eye Care, FullView Display<\/td>\n<\/tr>\n<tr>\n<td>Type<\/td>\n<td>Ecran LCD<\/td>\n<\/tr>\n<tr>\n<td>Taille de la diagonale<\/td>\n<td>5.7\u2033<\/td>\n<\/tr>\n<tr>\n<td>R\u00e9solution d\u2019\u00e9cran<\/td>\n<td>2160 x 1080 pixels<\/td>\n<\/tr>\n<tr>\n<th colspan=\"2\">MESSAGERIE ET INTERNET<\/th>\n<\/tr>\n<tr>\n<td>Services de messagerie<\/td>\n<td>SMS, MMS<\/td>\n<\/tr>\n<tr>\n<td>Blogs et r\u00e9seaux sociaux pris en charge<\/td>\n<td>Oui<\/td>\n<\/tr>\n<tr>\n<th colspan=\"2\">COMMUNICATIONS<\/th>\n<\/tr>\n<tr>\n<td>Interface sans fil<\/td>\n<td>IEEE 802.11b\/g\/n, Bluetooth 4.0<\/td>\n<\/tr>\n<tr>\n<td>Bande 2G<\/td>\n<td>GSM 850\/900\/1800\/1900<\/td>\n<\/tr>\n<tr>\n<td>Transmission de donn\u00e9es<\/td>\n<td>GPRS, EDGE, HSDPA, HSUPA, HSPA+, FDD-LTE, TDD-LTE, DC-HSPA+<\/td>\n<\/tr>\n<tr>\n<th colspan=\"2\">CARACT\u00c9RISTIQUES DU T\u00c9L\u00c9PHONE<\/th>\n<\/tr>\n<tr>\n<td>Fonctions du t\u00e9l\u00e9phone<\/td>\n<td>T\u00e9l\u00e9phone \u00e0 haut parleur, commande vocale, compteur d\u2019appels, t\u00e9l\u00e9conf\u00e9rence, mode avion, num\u00e9rotation vocale, vibreur<\/td>\n<\/tr>\n<tr>\n<td>Capteurs<\/td>\n<td>Acc\u00e9l\u00e9rom\u00e8tre, d\u00e9tecteur de lumi\u00e8re ambiante, Capteur de proximit\u00e9, boussole num\u00e9rique, capteur gyroscopique<\/td>\n<\/tr>\n<tr>\n<td>P\u00e9riph\u00e9riques de s\u00e9curit\u00e9<\/td>\n<td>Lecteur d\u2019empreintes digitales, reconnaissance faciale<\/td>\n<\/tr>\n<tr>\n<td>Fonctions suppl\u00e9mentaires<\/td>\n<td>Microphones doubles, ASUS WebStorage (5GB), Stockage sur disque Google (100 Go) (gratuit pendant 2 ans), Technologie de r\u00e9duction de bruit ASUS, ASUS PowerMaster<\/td>\n<\/tr>\n<tr>\n<th colspan=\"2\">M\u00c9MOIRE<\/th>\n<\/tr>\n<tr>\n<td>RAM<\/td>\n<td>4 Go \u2013 LPDDR3 SDRAM<\/td>\n<\/tr>\n<tr>\n<td>Cartes m\u00e9moire flash prises en charge<\/td>\n<td>microSDHC, microSDXC \u2013 jusqu\u2019\u00e0 256 Go<\/td>\n<\/tr>\n<tr>\n<td>Capacit\u00e9 de la m\u00e9moire interne<\/td>\n<td>64 Go<\/td>\n<\/tr>\n<tr>\n<th colspan=\"2\">CONNEXIONS<\/th>\n<\/tr>\n<tr>\n<td>Type de connecteur<\/td>\n<td>Prise pour casque micro \u2013 mini-t\u00e9l\u00e9phone 3,5 mm<br \/>\nUSB micro \u2013 5 pin Micro-USB Type B<\/td>\n<\/tr>\n<tr>\n<th colspan=\"2\">SYST\u00c8ME GRAPHIQUE<\/th>\n<\/tr>\n<tr>\n<td>Acc\u00e9l\u00e9rateur graphique<\/td>\n<td>Mali T860<\/td>\n<\/tr>\n<tr>\n<th colspan=\"2\">BATTERIE<\/th>\n<\/tr>\n<tr>\n<td>Technologie<\/td>\n<td>Lithium-polym\u00e8re<\/td>\n<\/tr>\n<tr>\n<td>Capacit\u00e9<\/td>\n<td>4130 mAh<\/td>\n<\/tr>\n<tr>\n<td>Autonomie<\/td>\n<td>En conversation (3G): jusqu\u2019\u00e0 1560 min<br \/>\nEn veille (4G): jusqu\u2019\u00e0 624 hrs<br \/>\nLecture (vid\u00e9o): jusqu\u2019\u00e0 13 hrs<br \/>\nNavigation continue (Wi-Fi): jusqu\u2019\u00e0 21 hrs<\/td>\n<\/tr>\n<tr>\n<td>Technologie de charge rapide<\/td>\n<td>ASUS Boost Master<\/td>\n<\/tr>\n<tr>\n<td>Temps de veille<\/td>\n<td>624 heures<\/td>\n<\/tr>\n<tr>\n<td>Temps de parole<\/td>\n<td>1560 minutes<\/td>\n<\/tr>\n<tr>\n<th colspan=\"2\">GARANTIE DU FABRICANT<\/th>\n<\/tr>\n<tr>\n<td>Service et maintenance<\/td>\n<td>Garantie limit\u00e9e \u2013 2 ans<\/td>\n<\/tr>\n<tr>\n<th colspan=\"2\">CAM\u00c9RA AVANT<\/th>\n<\/tr>\n<tr>\n<td>R\u00e9solution du capteur<\/td>\n<td>8 m\u00e9gapixels<\/td>\n<\/tr>\n<tr>\n<td>Fonctionnalit\u00e9s<\/td>\n<td>Cam\u00e9ra PixelMaster<\/td>\n<\/tr>\n<tr>\n<td>Ouverture de l\u2019objectif<\/td>\n<td>F\/2.0<\/td>\n<\/tr>\n<tr>\n<td>Effets sp\u00e9ciaux<\/td>\n<td>HDR<\/td>\n<\/tr>\n<tr>\n<td>Type d\u2019objectif<\/td>\n<td>Objectif grand angle<\/td>\n<\/tr>\n<tr>\n<td>Modes cam\u00e9ra<\/td>\n<td>Mode Beauty, Mode auto, selfie panorama, Fonction d\u2019animation GIF<\/td>\n<\/tr>\n<tr>\n<td>Longueur de focale minimum<\/td>\n<td>24.7 mm<\/td>\n<\/tr>\n<tr>\n<th colspan=\"2\">CAM\u00c9RA ARRI\u00c8RE<\/th>\n<\/tr>\n<tr>\n<td>Caract\u00e9ristiques<\/td>\n<td>Fonction d\u2019animation GIF, Phase Detect Auto-Focus (PDAF), cam\u00e9ra PixelMaster 4,0, 9 filtres, commutation instantan\u00e9e des cam\u00e9ras<\/td>\n<\/tr>\n<tr>\n<td>Effets sp\u00e9ciaux<\/td>\n<td>HDR<\/td>\n<\/tr>\n<tr>\n<td>R\u00e9glage de la mise au point<\/td>\n<td>Automatique<\/td>\n<\/tr>\n<tr>\n<td>R\u00e9solution du capteur<\/td>\n<td>16 m\u00e9gapixels<\/td>\n<\/tr>\n<tr>\n<td>Modes de cam\u00e9ra<\/td>\n<td>Panorama, mode Time-Lapse (chronophotographie), mode Pro, mode Beauty, Mode auto, mode super r\u00e9solution, Fonction d\u2019animation GIF<\/td>\n<\/tr>\n<tr>\n<td>R\u00e9solutions vid\u00e9o<\/td>\n<td>1920 x 1080 (1080p) \u00e0 30 fps<\/td>\n<\/tr>\n<tr>\n<td>Ouverture d\u2019objectif<\/td>\n<td>F\/2.0<\/td>\n<\/tr>\n<tr>\n<td>Source de lumi\u00e8re<\/td>\n<td>Flash \u00e0 LED<\/td>\n<\/tr>\n<tr>\n<td>Longueur de focale minimum<\/td>\n<td>35 mm<\/td>\n<\/tr>\n<tr>\n<th colspan=\"2\">DEUXI\u00c8ME CAM\u00c9RA ARRI\u00c8RE<\/th>\n<\/tr>\n<tr>\n<td>Type d\u2019objectif<\/td>\n<td>Objectif grand angle<\/td>\n<\/tr>\n<tr>\n<td>Distance focale minimale<\/td>\n<td>16.7 mm<\/td>\n<\/tr>\n<tr>\n<td>R\u00e9solution du capteur<\/td>\n<td>8 m\u00e9gapixels<\/td>\n<\/tr>\n<\/tbody>\n<\/table>\n","protected":false},"featured_media":15728,"comment_status":"open","ping_status":"closed","template":"","meta":[],"product_cat":[234],"product_tag":[],"class_list":{"0":"post-9924","1":"product","2":"type-product","3":"status-publish","4":"has-post-thumbnail","6":"product_cat-smartphones","8":"first","9":"instock","10":"shipping-taxable","11":"purchasable","12":"product-type-simple","13":"col-xs-6 col-sm-4","14":"col-md-3 col-lg-3","15":"un-4-cols"},"yoast_head":"<!-- This site is optimized with the Yoast SEO plugin v27.0 - https:\/\/yoast.com\/product\/yoast-seo-wordpress\/ -->\n<title>asus-zenfone-max-plus-m1-noir-64go<\/title>\n<meta name=\"description\" content=\"asus-zenfone-max-plus-m1-noir-64go\" \/>\n<meta name=\"robots\" content=\"index, follow, max-snippet:-1, max-image-preview:large, max-video-preview:-1\" \/>\n<link rel=\"canonical\" href=\"https:\/\/eurosdiscounts.com\/index.php\/produit\/asus-zenfone-max-plus-m1-noir-64go\/\" \/>\n<meta property=\"og:locale\" content=\"fr_FR\" \/>\n<meta property=\"og:type\" content=\"article\" \/>\n<meta property=\"og:title\" content=\"asus-zenfone-max-plus-m1-noir-64go\" \/>\n<meta property=\"og:description\" content=\"asus-zenfone-max-plus-m1-noir-64go\" \/>\n<meta property=\"og:url\" content=\"https:\/\/eurosdiscounts.com\/index.php\/produit\/asus-zenfone-max-plus-m1-noir-64go\/\" \/>\n<meta property=\"og:site_name\" content=\"Eurosdiscounts.com- Achat sur Internet a prix discount, Canap\u00e9s pas cher, Smartphone pas cher, pc portable pas cher..\" \/>\n<meta property=\"og:image\" content=\"https:\/\/eurosdiscounts.com\/wp-content\/uploads\/2019\/11\/c-118.jpg\" \/>\n\t<meta property=\"og:image:width\" content=\"700\" \/>\n\t<meta property=\"og:image:height\" content=\"700\" \/>\n\t<meta property=\"og:image:type\" content=\"image\/jpeg\" \/>\n<meta name=\"twitter:card\" content=\"summary_large_image\" \/>\n<script type=\"application\/ld+json\" class=\"yoast-schema-graph\">{\"@context\":\"https:\/\/schema.org\",\"@graph\":[{\"@type\":\"WebPage\",\"@id\":\"https:\/\/eurosdiscounts.com\/index.php\/produit\/asus-zenfone-max-plus-m1-noir-64go\/\",\"url\":\"https:\/\/eurosdiscounts.com\/index.php\/produit\/asus-zenfone-max-plus-m1-noir-64go\/\",\"name\":\"asus-zenfone-max-plus-m1-noir-64go\",\"isPartOf\":{\"@id\":\"https:\/\/eurosdiscounts.com\/#website\"},\"primaryImageOfPage\":{\"@id\":\"https:\/\/eurosdiscounts.com\/index.php\/produit\/asus-zenfone-max-plus-m1-noir-64go\/#primaryimage\"},\"image\":{\"@id\":\"https:\/\/eurosdiscounts.com\/index.php\/produit\/asus-zenfone-max-plus-m1-noir-64go\/#primaryimage\"},\"thumbnailUrl\":\"https:\/\/eurosdiscounts.com\/wp-content\/uploads\/2019\/11\/c-118.jpg\",\"datePublished\":\"2019-11-27T08:41:38+00:00\",\"description\":\"asus-zenfone-max-plus-m1-noir-64go\",\"breadcrumb\":{\"@id\":\"https:\/\/eurosdiscounts.com\/index.php\/produit\/asus-zenfone-max-plus-m1-noir-64go\/#breadcrumb\"},\"inLanguage\":\"fr-FR\",\"potentialAction\":[{\"@type\":\"ReadAction\",\"target\":[\"https:\/\/eurosdiscounts.com\/index.php\/produit\/asus-zenfone-max-plus-m1-noir-64go\/\"]}]},{\"@type\":\"ImageObject\",\"inLanguage\":\"fr-FR\",\"@id\":\"https:\/\/eurosdiscounts.com\/index.php\/produit\/asus-zenfone-max-plus-m1-noir-64go\/#primaryimage\",\"url\":\"https:\/\/eurosdiscounts.com\/wp-content\/uploads\/2019\/11\/c-118.jpg\",\"contentUrl\":\"https:\/\/eurosdiscounts.com\/wp-content\/uploads\/2019\/11\/c-118.jpg\",\"width\":700,\"height\":700},{\"@type\":\"BreadcrumbList\",\"@id\":\"https:\/\/eurosdiscounts.com\/index.php\/produit\/asus-zenfone-max-plus-m1-noir-64go\/#breadcrumb\",\"itemListElement\":[{\"@type\":\"ListItem\",\"position\":1,\"name\":\"Accueil\",\"item\":\"https:\/\/eurosdiscounts.com\/\"},{\"@type\":\"ListItem\",\"position\":2,\"name\":\"Boutique\",\"item\":\"https:\/\/eurosdiscounts.com\/index.php\/boutique\/\"},{\"@type\":\"ListItem\",\"position\":3,\"name\":\"Asus Zenfone Max Plus M1 Noir 64Go\"}]},{\"@type\":\"WebSite\",\"@id\":\"https:\/\/eurosdiscounts.com\/#website\",\"url\":\"https:\/\/eurosdiscounts.com\/\",\"name\":\"Eurosdiscounts.com- Achat sur Internet a prix discount, Canap\u00e9s pas cher, Smartphone pas cher, pc portable pas cher..\",\"description\":\"Eurosdiscounts.com- Achat sur Internet a prix discount, Canap\u00e9s pas cher, Smartphone pas cher, pc portable pas cher..\",\"potentialAction\":[{\"@type\":\"SearchAction\",\"target\":{\"@type\":\"EntryPoint\",\"urlTemplate\":\"https:\/\/eurosdiscounts.com\/?s={search_term_string}\"},\"query-input\":{\"@type\":\"PropertyValueSpecification\",\"valueRequired\":true,\"valueName\":\"search_term_string\"}}],\"inLanguage\":\"fr-FR\"}]}<\/script>\n<!-- \/ Yoast SEO plugin. -->","yoast_head_json":{"title":"asus-zenfone-max-plus-m1-noir-64go","description":"asus-zenfone-max-plus-m1-noir-64go","robots":{"index":"index","follow":"follow","max-snippet":"max-snippet:-1","max-image-preview":"max-image-preview:large","max-video-preview":"max-video-preview:-1"},"canonical":"https:\/\/eurosdiscounts.com\/index.php\/produit\/asus-zenfone-max-plus-m1-noir-64go\/","og_locale":"fr_FR","og_type":"article","og_title":"asus-zenfone-max-plus-m1-noir-64go","og_description":"asus-zenfone-max-plus-m1-noir-64go","og_url":"https:\/\/eurosdiscounts.com\/index.php\/produit\/asus-zenfone-max-plus-m1-noir-64go\/","og_site_name":"Eurosdiscounts.com- Achat sur Internet a prix discount, Canap\u00e9s pas cher, Smartphone pas cher, pc portable pas cher..","og_image":[{"width":700,"height":700,"url":"https:\/\/eurosdiscounts.com\/wp-content\/uploads\/2019\/11\/c-118.jpg","type":"image\/jpeg"}],"twitter_card":"summary_large_image","schema":{"@context":"https:\/\/schema.org","@graph":[{"@type":"WebPage","@id":"https:\/\/eurosdiscounts.com\/index.php\/produit\/asus-zenfone-max-plus-m1-noir-64go\/","url":"https:\/\/eurosdiscounts.com\/index.php\/produit\/asus-zenfone-max-plus-m1-noir-64go\/","name":"asus-zenfone-max-plus-m1-noir-64go","isPartOf":{"@id":"https:\/\/eurosdiscounts.com\/#website"},"primaryImageOfPage":{"@id":"https:\/\/eurosdiscounts.com\/index.php\/produit\/asus-zenfone-max-plus-m1-noir-64go\/#primaryimage"},"image":{"@id":"https:\/\/eurosdiscounts.com\/index.php\/produit\/asus-zenfone-max-plus-m1-noir-64go\/#primaryimage"},"thumbnailUrl":"https:\/\/eurosdiscounts.com\/wp-content\/uploads\/2019\/11\/c-118.jpg","datePublished":"2019-11-27T08:41:38+00:00","description":"asus-zenfone-max-plus-m1-noir-64go","breadcrumb":{"@id":"https:\/\/eurosdiscounts.com\/index.php\/produit\/asus-zenfone-max-plus-m1-noir-64go\/#breadcrumb"},"inLanguage":"fr-FR","potentialAction":[{"@type":"ReadAction","target":["https:\/\/eurosdiscounts.com\/index.php\/produit\/asus-zenfone-max-plus-m1-noir-64go\/"]}]},{"@type":"ImageObject","inLanguage":"fr-FR","@id":"https:\/\/eurosdiscounts.com\/index.php\/produit\/asus-zenfone-max-plus-m1-noir-64go\/#primaryimage","url":"https:\/\/eurosdiscounts.com\/wp-content\/uploads\/2019\/11\/c-118.jpg","contentUrl":"https:\/\/eurosdiscounts.com\/wp-content\/uploads\/2019\/11\/c-118.jpg","width":700,"height":700},{"@type":"BreadcrumbList","@id":"https:\/\/eurosdiscounts.com\/index.php\/produit\/asus-zenfone-max-plus-m1-noir-64go\/#breadcrumb","itemListElement":[{"@type":"ListItem","position":1,"name":"Accueil","item":"https:\/\/eurosdiscounts.com\/"},{"@type":"ListItem","position":2,"name":"Boutique","item":"https:\/\/eurosdiscounts.com\/index.php\/boutique\/"},{"@type":"ListItem","position":3,"name":"Asus Zenfone Max Plus M1 Noir 64Go"}]},{"@type":"WebSite","@id":"https:\/\/eurosdiscounts.com\/#website","url":"https:\/\/eurosdiscounts.com\/","name":"Eurosdiscounts.com- Achat sur Internet a prix discount, Canap\u00e9s pas cher, Smartphone pas cher, pc portable pas cher..","description":"Eurosdiscounts.com- Achat sur Internet a prix discount, Canap\u00e9s pas cher, Smartphone pas cher, pc portable pas cher..","potentialAction":[{"@type":"SearchAction","target":{"@type":"EntryPoint","urlTemplate":"https:\/\/eurosdiscounts.com\/?s={search_term_string}"},"query-input":{"@type":"PropertyValueSpecification","valueRequired":true,"valueName":"search_term_string"}}],"inLanguage":"fr-FR"}]}},"_links":{"self":[{"href":"https:\/\/eurosdiscounts.com\/index.php\/wp-json\/wp\/v2\/product\/9924","targetHints":{"allow":["GET"]}}],"collection":[{"href":"https:\/\/eurosdiscounts.com\/index.php\/wp-json\/wp\/v2\/product"}],"about":[{"href":"https:\/\/eurosdiscounts.com\/index.php\/wp-json\/wp\/v2\/types\/product"}],"replies":[{"embeddable":true,"href":"https:\/\/eurosdiscounts.com\/index.php\/wp-json\/wp\/v2\/comments?post=9924"}],"wp:featuredmedia":[{"embeddable":true,"href":"https:\/\/eurosdiscounts.com\/index.php\/wp-json\/wp\/v2\/media\/15728"}],"wp:attachment":[{"href":"https:\/\/eurosdiscounts.com\/index.php\/wp-json\/wp\/v2\/media?parent=9924"}],"wp:term":[{"taxonomy":"product_cat","embeddable":true,"href":"https:\/\/eurosdiscounts.com\/index.php\/wp-json\/wp\/v2\/product_cat?post=9924"},{"taxonomy":"product_tag","embeddable":true,"href":"https:\/\/eurosdiscounts.com\/index.php\/wp-json\/wp\/v2\/product_tag?post=9924"}],"curies":[{"name":"wp","href":"https:\/\/api.w.org\/{rel}","templated":true}]}}