{"id":8478,"date":"2019-11-01T14:02:09","date_gmt":"2019-11-01T13:02:09","guid":{"rendered":"https:\/\/smartsdiscount.com\/?post_type=product&amp;p=8478"},"modified":"2019-11-01T14:02:09","modified_gmt":"2019-11-01T13:02:09","slug":"haier-leu65v300s-tv-led-uhd-165-cm-65-smart-tv-4-x-hdmi-classe-energetique-a","status":"publish","type":"product","link":"https:\/\/eurosdiscounts.com\/index.php\/produit\/haier-leu65v300s-tv-led-uhd-165-cm-65-smart-tv-4-x-hdmi-classe-energetique-a\/","title":{"rendered":"HAIER LEU65V300S TV LED UHD 165 cm (65&Prime;) &#8211; Smart TV &#8211; 4 x HDMI &#8211; classe \u00e9nerg\u00e9tique A+"},"content":{"rendered":"<p><span class=\"fpBlocTitle\">Les points forts :<\/span><\/p>\n<ul>\n<li>R\u00e9tro\u00e9clairage par LED \u2013 D-LED Backlight<\/li>\n<li>Format d\u2019affichage : 4K UHD (2160p)<\/li>\n<li>R\u00e9solution : 3840 x 2160<\/li>\n<li>Qt\u00e9 de ports HDMI : 4 ports<\/li>\n<li>Tuner TV num\u00e9rique : DVB-C, DVB-S2, DVB-T, DVB-T2<\/li>\n<\/ul>\n<div class=\"jsFpBulletPointMore\">\n<ul>\n<li>Interface vid\u00e9o : Composite, HDMI, SCART<\/li>\n<\/ul>\n<\/div>\n<p>&nbsp;<\/p>\n","protected":false},"excerpt":{"rendered":"<table class=\"fpDescTb fpDescTbPub\">\n<tbody>\n<tr>\n<th colspan=\"2\">INFORMATIONS G\u00c9N\u00c9RALES SUR LE PRODUIT<\/th>\n<\/tr>\n<tr>\n<td>Marque<\/td>\n<td><a title=\"HAIER\" href=\"https:\/\/www.cdiscount.com\/m-655-haier.html\" data-link=\"SFP-ZBN-TNO-DPM\">HAIER<\/a><\/td>\n<\/tr>\n<tr>\n<td>Nom du produit<\/td>\n<td>HAIER LEU65V300S TV LED UHD 165 cm (65\u2033) \u2013 Smart T<\/td>\n<\/tr>\n<tr>\n<td>Cat\u00e9gorie<\/td>\n<td>T\u00e9l\u00e9viseur LED<\/td>\n<\/tr>\n<tr>\n<th colspan=\"2\">G\u00c9N\u00c9RAL<\/th>\n<\/tr>\n<tr>\n<td>Type de Produit<\/td>\n<td>TV LCD avec r\u00e9tro\u00e9clairage par LED \u2013 Smart TV<\/td>\n<\/tr>\n<tr>\n<td>Qt\u00e9 de ports HDMI<\/td>\n<td>4 ports<\/td>\n<\/tr>\n<tr>\n<td>Interface vid\u00e9o<\/td>\n<td>Composite, HDMI, SCART<\/td>\n<\/tr>\n<tr>\n<td>Interface PC<\/td>\n<td>VGA (HD-15)<\/td>\n<\/tr>\n<tr>\n<td>Consommation \u00e9lectrique en mode marche<\/td>\n<td>118 Watt<\/td>\n<\/tr>\n<tr>\n<td>Dimensions<\/td>\n<td>Sans support<\/td>\n<\/tr>\n<tr>\n<td>Largeur<\/td>\n<td>145.9 cm<\/td>\n<\/tr>\n<tr>\n<td>Hauteur<\/td>\n<td>84.1 cm<\/td>\n<\/tr>\n<tr>\n<td>Profondeur<\/td>\n<td>7.2 cm<\/td>\n<\/tr>\n<tr>\n<td>Poids<\/td>\n<td>35.2 kg<\/td>\n<\/tr>\n<tr>\n<td>Consommation d\u2019\u00e9nergie annuelle<\/td>\n<td>172 kWh<\/td>\n<\/tr>\n<tr>\n<td>Classe de diagonale<\/td>\n<td>65\u2033<\/td>\n<\/tr>\n<tr>\n<td>Classe \u00e9nerg\u00e9tique<\/td>\n<td>Classe A+<\/td>\n<\/tr>\n<tr>\n<td>Pr\u00e9sence de syntonisateur TV<\/td>\n<td>Oui<\/td>\n<\/tr>\n<tr>\n<th colspan=\"2\">AFFICHAGE<\/th>\n<\/tr>\n<tr>\n<td>Technologie de r\u00e9tro\u00e9clairage LCD<\/td>\n<td>R\u00e9tro\u00e9clairage par LED \u2013 D-LED Backlight<\/td>\n<\/tr>\n<tr>\n<td>R\u00e9solution<\/td>\n<td>3840 x 2160<\/td>\n<\/tr>\n<tr>\n<td>Luminosit\u00e9<\/td>\n<td>350 cd\/m\u00b2<\/td>\n<\/tr>\n<tr>\n<td>Format d\u2019affichage<\/td>\n<td>4K UHD (2160p)<\/td>\n<\/tr>\n<tr>\n<td>Fonctions commerciales<\/td>\n<td>Mode hotel<\/td>\n<\/tr>\n<tr>\n<td>Temps de r\u00e9ponse<\/td>\n<td>6.5 ms<\/td>\n<\/tr>\n<tr>\n<td>Fonctions suppl\u00e9mentaires<\/td>\n<td>Luminance Transient Improvement (LTI), clonage USB, Automatic Volume Control (AVC), Logic Channel Number (LCN), Color Transient Improvement (CTI), minuterie de veille<\/td>\n<\/tr>\n<tr>\n<td>Format de l\u2019image<\/td>\n<td>16:9<\/td>\n<\/tr>\n<tr>\n<th colspan=\"2\">CONNEXIONS<\/th>\n<\/tr>\n<tr>\n<td>Type de connecteur<\/td>\n<td>3 x USB 2.0<br \/>\n4 x HDMI<br \/>\nSortie caisson de basses<br \/>\nEntr\u00e9e VGA<br \/>\nEntr\u00e9e audio\/vid\u00e9o composite<br \/>\nCasque<br \/>\nSortie audio num\u00e9rique (coaxial)<br \/>\nSCART<br \/>\nLAN<\/td>\n<\/tr>\n<tr>\n<th colspan=\"2\">TUNER DE T\u00c9L\u00c9VISION<\/th>\n<\/tr>\n<tr>\n<td>Tuner TV analogique<\/td>\n<td>PAL, SECAM<\/td>\n<\/tr>\n<tr>\n<td>Acc\u00e8s conditionnel<\/td>\n<td>Logement Common Interface Plus (CI+)<\/td>\n<\/tr>\n<tr>\n<td>Syst\u00e8me de r\u00e9ception st\u00e9r\u00e9o<\/td>\n<td>NICAM<\/td>\n<\/tr>\n<tr>\n<th colspan=\"2\">TUNER TV NUM\u00c9RIQUE<\/th>\n<\/tr>\n<tr>\n<td>Tuner TV num\u00e9rique<\/td>\n<td>DVB-C, DVB-S2, DVB-T, DVB-T2<\/td>\n<\/tr>\n<tr>\n<td>Profils et niveaux MPEG<\/td>\n<td>MPEG4\/HEVC\/H.265<\/td>\n<\/tr>\n<tr>\n<th colspan=\"2\">FONCTIONNALIT\u00c9S VID\u00c9O<\/th>\n<\/tr>\n<tr>\n<td>T\u00e9l\u00e9texte<\/td>\n<td>Oui<\/td>\n<\/tr>\n<tr>\n<td>Verrouillage de chaines par les parents<\/td>\n<td>Oui<\/td>\n<\/tr>\n<tr>\n<td>M\u00e9moire T\u00e9l\u00e9texte<\/td>\n<td>1000 pages<\/td>\n<\/tr>\n<tr>\n<th colspan=\"2\">LECTEUR MULTIM\u00c9DIA<\/th>\n<\/tr>\n<tr>\n<td>Port USB<\/td>\n<td>Oui<\/td>\n<\/tr>\n<tr>\n<td>Qt\u00e9 de ports USB<\/td>\n<td>3<\/td>\n<\/tr>\n<tr>\n<th colspan=\"2\">SYST\u00c8ME AUDIO<\/th>\n<\/tr>\n<tr>\n<td>Syst\u00e8me de haut-parleurs<\/td>\n<td>2 haut-parleurs<\/td>\n<\/tr>\n<tr>\n<td>Bruitages<\/td>\n<td>DTS TruSurround<\/td>\n<\/tr>\n<tr>\n<td>Egaliseur<\/td>\n<td>Oui<\/td>\n<\/tr>\n<tr>\n<td>Haut-parleurs<\/td>\n<td>2 \u2013 int\u00e9gr\u00e9 \u2013 10 Watt<\/td>\n<\/tr>\n<tr>\n<td>Fonctions suppl\u00e9mentaires<\/td>\n<td>Dolby Digital Plus, PVR ready<\/td>\n<\/tr>\n<tr>\n<th colspan=\"2\">MULTIM\u00c9DIA R\u00c9SEAU ET INTERNET<\/th>\n<\/tr>\n<tr>\n<td>Connectivit\u00e9<\/td>\n<td>Wi-Fi, LAN, Bluetooth<\/td>\n<\/tr>\n<tr>\n<td>Services de diffusion en streaming sur Internet<\/td>\n<td>Netflix, Internet@TV, Skype, HbbTV, HAIER Apps@TV, Netflix 4K<\/td>\n<\/tr>\n<tr>\n<td>DLNA<\/td>\n<td>Oui<\/td>\n<\/tr>\n<tr>\n<th colspan=\"2\">T\u00c9L\u00c9COMMANDE<\/th>\n<\/tr>\n<tr>\n<td>Type<\/td>\n<td>T\u00e9l\u00e9commande standard<\/td>\n<\/tr>\n<tr>\n<th colspan=\"2\">SUPPORTS ET SYST\u00c8MES DE MONTAGE<\/th>\n<\/tr>\n<tr>\n<td>Pied<\/td>\n<td>Inclus<\/td>\n<\/tr>\n<tr>\n<td>Type de support<\/td>\n<td>De table<\/td>\n<\/tr>\n<tr>\n<td>Interface de montage VESA<\/td>\n<td>400 x 400 mm<\/td>\n<\/tr>\n<tr>\n<th colspan=\"2\">DIMENSIONS ET POIDS (EMBALL\u00c9)<\/th>\n<\/tr>\n<tr>\n<td>Hauteur (Exp\u00e9dition)<\/td>\n<td>100.6 cm<\/td>\n<\/tr>\n<tr>\n<td>Largeur (emball\u00e9e)<\/td>\n<td>162 cm<\/td>\n<\/tr>\n<tr>\n<td>Profondeur (emball\u00e9e)<\/td>\n<td>19 cm<\/td>\n<\/tr>\n<tr>\n<td>Poids (Exp\u00e9dition)<\/td>\n<td>42.5 kg<\/td>\n<\/tr>\n<tr>\n<th colspan=\"2\">DIVERS<\/th>\n<\/tr>\n<tr>\n<td>Normes de conformit\u00e9<\/td>\n<td>HDCP 2.2<\/td>\n<\/tr>\n<tr>\n<th colspan=\"2\">GARANTIE DU FABRICANT<\/th>\n<\/tr>\n<tr>\n<td>Service et maintenance<\/td>\n<td>Garantie limit\u00e9e \u2013 2 ans<\/td>\n<\/tr>\n<tr>\n<th colspan=\"2\">ATTRIBUTS DE RECHERCHE<\/th>\n<\/tr>\n<tr>\n<td>Multim\u00e9dia r\u00e9seau et Internet|Connectivit\u00e9<\/td>\n<td>Bluetooth<br \/>\nLAN<br \/>\nWi-Fi<\/td>\n<\/tr>\n<tr>\n<th colspan=\"2\">DIMENSIONS &amp; POIDS \u2013 D\u00c9TAILS<\/th>\n<\/tr>\n<tr>\n<td>Dimensions &amp; Poids \u2013 D\u00e9tails<\/td>\n<td>Panneau sans support au sol \u2013 145.9 cm x 7.2 cm x 84.1 cm x 35.2 kg<br \/>\nPanneau avec support au sol \u2013 145.9 cm x 34.3 cm x 89.9 cm x 37.2 kg<\/td>\n<\/tr>\n<\/tbody>\n<\/table>\n","protected":false},"featured_media":15647,"comment_status":"open","ping_status":"closed","template":"","meta":[],"product_cat":[156,236],"product_tag":[],"class_list":{"0":"post-8478","1":"product","2":"type-product","3":"status-publish","4":"has-post-thumbnail","6":"product_cat-bons-plans","7":"product_cat-televiseurs","9":"first","10":"instock","11":"sale","12":"shipping-taxable","13":"purchasable","14":"product-type-simple","15":"col-xs-6 col-sm-4","16":"col-md-3 col-lg-3","17":"un-4-cols"},"yoast_head":"<!-- This site is optimized with the Yoast SEO plugin v27.0 - https:\/\/yoast.com\/product\/yoast-seo-wordpress\/ -->\n<title>haier-leu65v300s-tv-led-uhd-165-cm-65-smart-tv-4-x-hdmi-classe-A<\/title>\n<meta name=\"description\" content=\"haier-leu65v300s-tv-led-uhd-165-cm-65-smart-tv-4-x-hdmi-classe-energetique-a\" \/>\n<meta name=\"robots\" content=\"index, follow, max-snippet:-1, max-image-preview:large, max-video-preview:-1\" \/>\n<link rel=\"canonical\" href=\"https:\/\/eurosdiscounts.com\/index.php\/produit\/haier-leu65v300s-tv-led-uhd-165-cm-65-smart-tv-4-x-hdmi-classe-energetique-a\/\" \/>\n<meta property=\"og:locale\" content=\"fr_FR\" \/>\n<meta property=\"og:type\" content=\"article\" \/>\n<meta property=\"og:title\" content=\"haier-leu65v300s-tv-led-uhd-165-cm-65-smart-tv-4-x-hdmi-classe-A\" \/>\n<meta property=\"og:description\" content=\"haier-leu65v300s-tv-led-uhd-165-cm-65-smart-tv-4-x-hdmi-classe-energetique-a\" \/>\n<meta property=\"og:url\" content=\"https:\/\/eurosdiscounts.com\/index.php\/produit\/haier-leu65v300s-tv-led-uhd-165-cm-65-smart-tv-4-x-hdmi-classe-energetique-a\/\" \/>\n<meta property=\"og:site_name\" content=\"Eurosdiscounts.com- Achat sur Internet a prix discount, Canap\u00e9s pas cher, Smartphone pas cher, pc portable pas cher..\" \/>\n<meta property=\"og:image\" content=\"https:\/\/eurosdiscounts.com\/wp-content\/uploads\/2019\/11\/c-100.jpg\" \/>\n\t<meta property=\"og:image:width\" content=\"700\" \/>\n\t<meta property=\"og:image:height\" content=\"700\" \/>\n\t<meta property=\"og:image:type\" content=\"image\/jpeg\" \/>\n<meta name=\"twitter:card\" content=\"summary_large_image\" \/>\n<script type=\"application\/ld+json\" class=\"yoast-schema-graph\">{\"@context\":\"https:\/\/schema.org\",\"@graph\":[{\"@type\":\"WebPage\",\"@id\":\"https:\/\/eurosdiscounts.com\/index.php\/produit\/haier-leu65v300s-tv-led-uhd-165-cm-65-smart-tv-4-x-hdmi-classe-energetique-a\/\",\"url\":\"https:\/\/eurosdiscounts.com\/index.php\/produit\/haier-leu65v300s-tv-led-uhd-165-cm-65-smart-tv-4-x-hdmi-classe-energetique-a\/\",\"name\":\"haier-leu65v300s-tv-led-uhd-165-cm-65-smart-tv-4-x-hdmi-classe-A\",\"isPartOf\":{\"@id\":\"https:\/\/eurosdiscounts.com\/#website\"},\"primaryImageOfPage\":{\"@id\":\"https:\/\/eurosdiscounts.com\/index.php\/produit\/haier-leu65v300s-tv-led-uhd-165-cm-65-smart-tv-4-x-hdmi-classe-energetique-a\/#primaryimage\"},\"image\":{\"@id\":\"https:\/\/eurosdiscounts.com\/index.php\/produit\/haier-leu65v300s-tv-led-uhd-165-cm-65-smart-tv-4-x-hdmi-classe-energetique-a\/#primaryimage\"},\"thumbnailUrl\":\"https:\/\/eurosdiscounts.com\/wp-content\/uploads\/2019\/11\/c-100.jpg\",\"datePublished\":\"2019-11-01T13:02:09+00:00\",\"description\":\"haier-leu65v300s-tv-led-uhd-165-cm-65-smart-tv-4-x-hdmi-classe-energetique-a\",\"breadcrumb\":{\"@id\":\"https:\/\/eurosdiscounts.com\/index.php\/produit\/haier-leu65v300s-tv-led-uhd-165-cm-65-smart-tv-4-x-hdmi-classe-energetique-a\/#breadcrumb\"},\"inLanguage\":\"fr-FR\",\"potentialAction\":[{\"@type\":\"ReadAction\",\"target\":[\"https:\/\/eurosdiscounts.com\/index.php\/produit\/haier-leu65v300s-tv-led-uhd-165-cm-65-smart-tv-4-x-hdmi-classe-energetique-a\/\"]}]},{\"@type\":\"ImageObject\",\"inLanguage\":\"fr-FR\",\"@id\":\"https:\/\/eurosdiscounts.com\/index.php\/produit\/haier-leu65v300s-tv-led-uhd-165-cm-65-smart-tv-4-x-hdmi-classe-energetique-a\/#primaryimage\",\"url\":\"https:\/\/eurosdiscounts.com\/wp-content\/uploads\/2019\/11\/c-100.jpg\",\"contentUrl\":\"https:\/\/eurosdiscounts.com\/wp-content\/uploads\/2019\/11\/c-100.jpg\",\"width\":700,\"height\":700},{\"@type\":\"BreadcrumbList\",\"@id\":\"https:\/\/eurosdiscounts.com\/index.php\/produit\/haier-leu65v300s-tv-led-uhd-165-cm-65-smart-tv-4-x-hdmi-classe-energetique-a\/#breadcrumb\",\"itemListElement\":[{\"@type\":\"ListItem\",\"position\":1,\"name\":\"Accueil\",\"item\":\"https:\/\/eurosdiscounts.com\/\"},{\"@type\":\"ListItem\",\"position\":2,\"name\":\"Boutique\",\"item\":\"https:\/\/eurosdiscounts.com\/index.php\/boutique\/\"},{\"@type\":\"ListItem\",\"position\":3,\"name\":\"HAIER LEU65V300S TV LED UHD 165 cm (65&Prime;) &#8211; Smart TV &#8211; 4 x HDMI &#8211; classe \u00e9nerg\u00e9tique A+\"}]},{\"@type\":\"WebSite\",\"@id\":\"https:\/\/eurosdiscounts.com\/#website\",\"url\":\"https:\/\/eurosdiscounts.com\/\",\"name\":\"Eurosdiscounts.com- Achat sur Internet a prix discount, Canap\u00e9s pas cher, Smartphone pas cher, pc portable pas cher..\",\"description\":\"Eurosdiscounts.com- Achat sur Internet a prix discount, Canap\u00e9s pas cher, Smartphone pas cher, pc portable pas cher..\",\"potentialAction\":[{\"@type\":\"SearchAction\",\"target\":{\"@type\":\"EntryPoint\",\"urlTemplate\":\"https:\/\/eurosdiscounts.com\/?s={search_term_string}\"},\"query-input\":{\"@type\":\"PropertyValueSpecification\",\"valueRequired\":true,\"valueName\":\"search_term_string\"}}],\"inLanguage\":\"fr-FR\"}]}<\/script>\n<!-- \/ Yoast SEO plugin. -->","yoast_head_json":{"title":"haier-leu65v300s-tv-led-uhd-165-cm-65-smart-tv-4-x-hdmi-classe-A","description":"haier-leu65v300s-tv-led-uhd-165-cm-65-smart-tv-4-x-hdmi-classe-energetique-a","robots":{"index":"index","follow":"follow","max-snippet":"max-snippet:-1","max-image-preview":"max-image-preview:large","max-video-preview":"max-video-preview:-1"},"canonical":"https:\/\/eurosdiscounts.com\/index.php\/produit\/haier-leu65v300s-tv-led-uhd-165-cm-65-smart-tv-4-x-hdmi-classe-energetique-a\/","og_locale":"fr_FR","og_type":"article","og_title":"haier-leu65v300s-tv-led-uhd-165-cm-65-smart-tv-4-x-hdmi-classe-A","og_description":"haier-leu65v300s-tv-led-uhd-165-cm-65-smart-tv-4-x-hdmi-classe-energetique-a","og_url":"https:\/\/eurosdiscounts.com\/index.php\/produit\/haier-leu65v300s-tv-led-uhd-165-cm-65-smart-tv-4-x-hdmi-classe-energetique-a\/","og_site_name":"Eurosdiscounts.com- Achat sur Internet a prix discount, Canap\u00e9s pas cher, Smartphone pas cher, pc portable pas cher..","og_image":[{"width":700,"height":700,"url":"https:\/\/eurosdiscounts.com\/wp-content\/uploads\/2019\/11\/c-100.jpg","type":"image\/jpeg"}],"twitter_card":"summary_large_image","schema":{"@context":"https:\/\/schema.org","@graph":[{"@type":"WebPage","@id":"https:\/\/eurosdiscounts.com\/index.php\/produit\/haier-leu65v300s-tv-led-uhd-165-cm-65-smart-tv-4-x-hdmi-classe-energetique-a\/","url":"https:\/\/eurosdiscounts.com\/index.php\/produit\/haier-leu65v300s-tv-led-uhd-165-cm-65-smart-tv-4-x-hdmi-classe-energetique-a\/","name":"haier-leu65v300s-tv-led-uhd-165-cm-65-smart-tv-4-x-hdmi-classe-A","isPartOf":{"@id":"https:\/\/eurosdiscounts.com\/#website"},"primaryImageOfPage":{"@id":"https:\/\/eurosdiscounts.com\/index.php\/produit\/haier-leu65v300s-tv-led-uhd-165-cm-65-smart-tv-4-x-hdmi-classe-energetique-a\/#primaryimage"},"image":{"@id":"https:\/\/eurosdiscounts.com\/index.php\/produit\/haier-leu65v300s-tv-led-uhd-165-cm-65-smart-tv-4-x-hdmi-classe-energetique-a\/#primaryimage"},"thumbnailUrl":"https:\/\/eurosdiscounts.com\/wp-content\/uploads\/2019\/11\/c-100.jpg","datePublished":"2019-11-01T13:02:09+00:00","description":"haier-leu65v300s-tv-led-uhd-165-cm-65-smart-tv-4-x-hdmi-classe-energetique-a","breadcrumb":{"@id":"https:\/\/eurosdiscounts.com\/index.php\/produit\/haier-leu65v300s-tv-led-uhd-165-cm-65-smart-tv-4-x-hdmi-classe-energetique-a\/#breadcrumb"},"inLanguage":"fr-FR","potentialAction":[{"@type":"ReadAction","target":["https:\/\/eurosdiscounts.com\/index.php\/produit\/haier-leu65v300s-tv-led-uhd-165-cm-65-smart-tv-4-x-hdmi-classe-energetique-a\/"]}]},{"@type":"ImageObject","inLanguage":"fr-FR","@id":"https:\/\/eurosdiscounts.com\/index.php\/produit\/haier-leu65v300s-tv-led-uhd-165-cm-65-smart-tv-4-x-hdmi-classe-energetique-a\/#primaryimage","url":"https:\/\/eurosdiscounts.com\/wp-content\/uploads\/2019\/11\/c-100.jpg","contentUrl":"https:\/\/eurosdiscounts.com\/wp-content\/uploads\/2019\/11\/c-100.jpg","width":700,"height":700},{"@type":"BreadcrumbList","@id":"https:\/\/eurosdiscounts.com\/index.php\/produit\/haier-leu65v300s-tv-led-uhd-165-cm-65-smart-tv-4-x-hdmi-classe-energetique-a\/#breadcrumb","itemListElement":[{"@type":"ListItem","position":1,"name":"Accueil","item":"https:\/\/eurosdiscounts.com\/"},{"@type":"ListItem","position":2,"name":"Boutique","item":"https:\/\/eurosdiscounts.com\/index.php\/boutique\/"},{"@type":"ListItem","position":3,"name":"HAIER LEU65V300S TV LED UHD 165 cm (65&Prime;) &#8211; Smart TV &#8211; 4 x HDMI &#8211; classe \u00e9nerg\u00e9tique A+"}]},{"@type":"WebSite","@id":"https:\/\/eurosdiscounts.com\/#website","url":"https:\/\/eurosdiscounts.com\/","name":"Eurosdiscounts.com- Achat sur Internet a prix discount, Canap\u00e9s pas cher, Smartphone pas cher, pc portable pas cher..","description":"Eurosdiscounts.com- Achat sur Internet a prix discount, Canap\u00e9s pas cher, Smartphone pas cher, pc portable pas cher..","potentialAction":[{"@type":"SearchAction","target":{"@type":"EntryPoint","urlTemplate":"https:\/\/eurosdiscounts.com\/?s={search_term_string}"},"query-input":{"@type":"PropertyValueSpecification","valueRequired":true,"valueName":"search_term_string"}}],"inLanguage":"fr-FR"}]}},"_links":{"self":[{"href":"https:\/\/eurosdiscounts.com\/index.php\/wp-json\/wp\/v2\/product\/8478","targetHints":{"allow":["GET"]}}],"collection":[{"href":"https:\/\/eurosdiscounts.com\/index.php\/wp-json\/wp\/v2\/product"}],"about":[{"href":"https:\/\/eurosdiscounts.com\/index.php\/wp-json\/wp\/v2\/types\/product"}],"replies":[{"embeddable":true,"href":"https:\/\/eurosdiscounts.com\/index.php\/wp-json\/wp\/v2\/comments?post=8478"}],"wp:featuredmedia":[{"embeddable":true,"href":"https:\/\/eurosdiscounts.com\/index.php\/wp-json\/wp\/v2\/media\/15647"}],"wp:attachment":[{"href":"https:\/\/eurosdiscounts.com\/index.php\/wp-json\/wp\/v2\/media?parent=8478"}],"wp:term":[{"taxonomy":"product_cat","embeddable":true,"href":"https:\/\/eurosdiscounts.com\/index.php\/wp-json\/wp\/v2\/product_cat?post=8478"},{"taxonomy":"product_tag","embeddable":true,"href":"https:\/\/eurosdiscounts.com\/index.php\/wp-json\/wp\/v2\/product_tag?post=8478"}],"curies":[{"name":"wp","href":"https:\/\/api.w.org\/{rel}","templated":true}]}}