{"id":7584,"date":"2019-10-13T13:40:30","date_gmt":"2019-10-13T11:40:30","guid":{"rendered":"https:\/\/smartsdiscount.com\/?post_type=product&amp;p=7584"},"modified":"2019-10-13T13:40:30","modified_gmt":"2019-10-13T11:40:30","slug":"pc-portable-gamer-rog-asus-strix3-g-g531gu-al022t-15fhd-120hz-i7-9750h-ram-8go-stockage-256go-ssd-1to-gtx1660ti-w10","status":"publish","type":"product","link":"https:\/\/eurosdiscounts.com\/index.php\/produit\/pc-portable-gamer-rog-asus-strix3-g-g531gu-al022t-15fhd-120hz-i7-9750h-ram-8go-stockage-256go-ssd-1to-gtx1660ti-w10\/","title":{"rendered":"PC Portable gamer ROG-ASUS STRIX3-G-G531GU-AL022T &#8211; 15&Prime;FHD &#8211; 120Hz &#8211; i7-9750H &#8211; RAM 8Go &#8211; Stockage 256Go SSD + 1To &#8211; GTX1660Ti &#8211; W10"},"content":{"rendered":"<p><span class=\"fpBlocTitle\">Les points forts :<\/span><\/p>\n<ul>\n<li>Usage : Gaming<\/li>\n<li>CPU : Intel Core i7 (9\u00e8me g\u00e9n\u00e9ration) 9750H \/ 2.6 GHz<\/li>\n<li>RAM : 8 Go<\/li>\n<li>R\u00e9solution : 1920 x 1080 (Full HD)<\/li>\n<li>Fonctions : Anti-\u00e9blouissement, gamme de couleurs \u00e9tendue NTSC de 45 %, taux de rafraichissement de 120 Hz, gamme \u00e9tendue de couleurs 67 % sRGB, gamme de couleurs \u00e9tendue Adobe RGB de 50 %<\/li>\n<\/ul>\n<div class=\"jsFpBulletPointMore\">\n<ul>\n<li>Stockage principal : 256 Go SSD \u2013 (M.2) PCIe \u2013 NVM Express (NVMe)<\/li>\n<li>Stockage secondaire : 1 To lecteur hybride SATA \/ 5400 tours\/min<\/li>\n<li>Processeur graphique : NVIDIA GeForce GTX 1660 Ti \/ Intel UHD Graphics 630<\/li>\n<li>Syst\u00e8me d\u2019exploitation : Windows 10 Edition Familiale 64 bits<\/li>\n<li>Poids : 2.4 kg<\/li>\n<\/ul>\n<\/div>\n","protected":false},"excerpt":{"rendered":"<table class=\"fpDescTb fpDescTbPub\">\n<tbody>\n<tr>\n<th colspan=\"2\">Informations g\u00e9n\u00e9rales sur le produit<\/th>\n<\/tr>\n<tr>\n<td>Marque<\/td>\n<td>ASUS<\/td>\n<\/tr>\n<tr>\n<td>Nom du produit<\/td>\n<td>PC Portable gamer ROG-ASUS STRIX3-G-G531GU-AL022T<\/td>\n<\/tr>\n<tr>\n<td>Cat\u00e9gorie<\/td>\n<td>ORDINATEUR PORTABLE<\/td>\n<\/tr>\n<tr>\n<th colspan=\"2\">Informations sur le produit<\/th>\n<\/tr>\n<tr>\n<td>Usage<\/td>\n<td>Gaming<\/td>\n<\/tr>\n<tr>\n<th colspan=\"2\">G\u00e9n\u00e9ral<\/th>\n<\/tr>\n<tr>\n<td>Syst\u00e8me d&rsquo;exploitation<\/td>\n<td>Windows 10 Edition Familiale 64 bits<\/td>\n<\/tr>\n<tr>\n<td>Type de Produit<\/td>\n<td>Ordinateur portable<\/td>\n<\/tr>\n<tr>\n<th colspan=\"2\">Affichage<\/th>\n<\/tr>\n<tr>\n<td>Type<\/td>\n<td>15.6&Prime;<\/td>\n<\/tr>\n<tr>\n<td>Technologie de r\u00e9tro\u00e9clairage LCD<\/td>\n<td>R\u00e9tro\u00e9clairage par LED<\/td>\n<\/tr>\n<tr>\n<td>R\u00e9solution<\/td>\n<td>1920 x 1080 (Full HD)<\/td>\n<\/tr>\n<tr>\n<td>Fonctions<\/td>\n<td>Anti-\u00e9blouissement, gamme de couleurs \u00e9tendue NTSC de 45 %, taux de rafraichissement de 120 Hz, gamme \u00e9tendue de couleurs 67 % sRGB, gamme de couleurs \u00e9tendue Adobe RGB de 50 %<\/td>\n<\/tr>\n<tr>\n<td>Grand \u00e9cran<\/td>\n<td>Oui<\/td>\n<\/tr>\n<tr>\n<td>Format de l&rsquo;image<\/td>\n<td>16:9<\/td>\n<\/tr>\n<tr>\n<td>Luminosit\u00e9 de l&rsquo;image<\/td>\n<td>250 cd\/m\u00b2<\/td>\n<\/tr>\n<tr>\n<th colspan=\"2\">Stockage<\/th>\n<\/tr>\n<tr>\n<td>Stockage principal<\/td>\n<td>256 Go SSD &#8211; (M.2) PCIe &#8211; NVM Express (NVMe)<\/td>\n<\/tr>\n<tr>\n<td>Stockage secondaire<\/td>\n<td>1 To lecteur hybride SATA \/ 5400 tours\/min<\/td>\n<\/tr>\n<tr>\n<th colspan=\"2\">M\u00e9moire<\/th>\n<\/tr>\n<tr>\n<td>RAM<\/td>\n<td>8 Go<\/td>\n<\/tr>\n<tr>\n<td>Technologie<\/td>\n<td>DDR4 SDRAM<\/td>\n<\/tr>\n<tr>\n<td>Vitesse<\/td>\n<td>&#8211; 2666 MHz<\/td>\n<\/tr>\n<tr>\n<td>Format<\/td>\n<td>SO DIMM 260 broches<\/td>\n<\/tr>\n<tr>\n<td>Nombre de fentes<\/td>\n<td>2<\/td>\n<\/tr>\n<tr>\n<td>Vitesse nominale<\/td>\n<td>2666 MHz<\/td>\n<\/tr>\n<tr>\n<th colspan=\"2\">Audio &amp; vid\u00e9o<\/th>\n<\/tr>\n<tr>\n<td>Processeur graphique<\/td>\n<td>NVIDIA GeForce GTX 1660 Ti \/ Intel UHD Graphics 630<\/td>\n<\/tr>\n<tr>\n<td>Configuration \u00e0 unit\u00e9s de traitement graphique multiples<\/td>\n<td>1 carte GPU unique\/ GPU int\u00e9gr\u00e9e<\/td>\n<\/tr>\n<tr>\n<td>Fonctions du syst\u00e8me vid\u00e9o<\/td>\n<td>NVIDIA Optimus<\/td>\n<\/tr>\n<tr>\n<td>Son<\/td>\n<td>Haut-parleurs st\u00e9r\u00e9o, tableau de microphone<\/td>\n<\/tr>\n<tr>\n<td>Caract\u00e9ristiques audio<\/td>\n<td>Technologie Smart Amplification<\/td>\n<\/tr>\n<tr>\n<td>M\u00e9moire vid\u00e9o<\/td>\n<td>6 Go GDDR6 SDRAM<\/td>\n<\/tr>\n<tr>\n<th colspan=\"2\">Communications<\/th>\n<\/tr>\n<tr>\n<td>Sans fil<\/td>\n<td>802.11ac, Bluetooth 5.0<\/td>\n<\/tr>\n<tr>\n<td>Interface r\u00e9seau<\/td>\n<td>Gigabit Ethernet<\/td>\n<\/tr>\n<tr>\n<th colspan=\"2\">Connexions &amp; extension<\/th>\n<\/tr>\n<tr>\n<td>Interfaces<\/td>\n<td>Prise combo casque\/microphone<br \/>\nUSB-C 3.1 Gen 2\/DisplayPort 1.4<br \/>\nHDMI<br \/>\n3 x USB 3.1 Gen 1<\/td>\n<\/tr>\n<tr>\n<th colspan=\"2\">Entr\u00e9e<\/th>\n<\/tr>\n<tr>\n<td>Type<\/td>\n<td>Clavier, touchpad<\/td>\n<\/tr>\n<tr>\n<td>Caract\u00e9ristiques<\/td>\n<td>Clavier chiclet<\/td>\n<\/tr>\n<tr>\n<td>R\u00e9tro\u00e9clairage du clavier<\/td>\n<td>Oui (RGB)<\/td>\n<\/tr>\n<tr>\n<th colspan=\"2\">Batterie<\/th>\n<\/tr>\n<tr>\n<td>Technologie<\/td>\n<td>4 cellules Lithium Ion<\/td>\n<\/tr>\n<tr>\n<td>Capacit\u00e9<\/td>\n<td>66 Wh<\/td>\n<\/tr>\n<tr>\n<th colspan=\"2\">Divers<\/th>\n<\/tr>\n<tr>\n<td>Couleur<\/td>\n<td>Noir<\/td>\n<\/tr>\n<tr>\n<td>Caract\u00e9ristiques<\/td>\n<td>Mot de passe syst\u00e8me, signal lumineux (diode), ASUS Aura Sync technology<\/td>\n<\/tr>\n<tr>\n<td>Mati\u00e8re du boitier<\/td>\n<td>ABS polycarbonate, plastique<\/td>\n<\/tr>\n<tr>\n<th colspan=\"2\">Dimensions et poids<\/th>\n<\/tr>\n<tr>\n<td>Poids<\/td>\n<td>2.4 kg<\/td>\n<\/tr>\n<tr>\n<td>Dimensions (LxPxH)<\/td>\n<td>36 cm x 27.5 cm x 2.58 cm<\/td>\n<\/tr>\n<tr>\n<th colspan=\"2\">Adaptateur CA<\/th>\n<\/tr>\n<tr>\n<td>Entr\u00e9e<\/td>\n<td>CA 120\/230 V (50\/60 Hz)<\/td>\n<\/tr>\n<tr>\n<td>Sortie<\/td>\n<td>230 Watt, 19.5 V, 11.8 A<\/td>\n<\/tr>\n<tr>\n<th colspan=\"2\">Attributs de recherche<\/th>\n<\/tr>\n<tr>\n<td>Stockage optique|Type de lecteur<\/td>\n<td>Pas de disque optique<\/td>\n<\/tr>\n<tr>\n<th colspan=\"2\">Processeur \/ Chipset<\/th>\n<\/tr>\n<tr>\n<td>Cache<\/td>\n<td>12 Mo<\/td>\n<\/tr>\n<tr>\n<td>Chipset<\/td>\n<td>Intel HM370<\/td>\n<\/tr>\n<tr>\n<td>CPU<\/td>\n<td>Intel Core i7 (9\u00e8me g\u00e9n\u00e9ration) 9750H \/ 2.6 GHz<\/td>\n<\/tr>\n<tr>\n<td>Nombre de coeurs<\/td>\n<td>6 coeurs<\/td>\n<\/tr>\n<tr>\n<td>Technologie 64 bits<\/td>\n<td>Oui<\/td>\n<\/tr>\n<tr>\n<td>Vitesse maximale en mode Turbo<\/td>\n<td>4.5 GHz<\/td>\n<\/tr>\n<\/tbody>\n<\/table>\n","protected":false},"featured_media":16317,"comment_status":"open","ping_status":"closed","template":"","meta":[],"product_cat":[186],"product_tag":[],"class_list":{"0":"post-7584","1":"product","2":"type-product","3":"status-publish","4":"has-post-thumbnail","6":"product_cat-pc-portables","8":"first","9":"instock","10":"shipping-taxable","11":"purchasable","12":"product-type-simple","13":"col-xs-6 col-sm-4","14":"col-md-3 col-lg-3","15":"un-4-cols"},"yoast_head":"<!-- This site is optimized with the Yoast SEO plugin v27.0 - https:\/\/yoast.com\/product\/yoast-seo-wordpress\/ -->\n<title>pc-portable-gamer-rog-asus-strix3-g-g531gu-al022t-15fhd-120hz-i7<\/title>\n<meta name=\"description\" content=\"pc-portable-gamer-rog-asus-strix3-g-g531gu-al022t-15fhd-120hz-i7-9750h-ram-8go-stockage-256go-ssd-1to-gtx1660ti-w10\" \/>\n<meta name=\"robots\" content=\"index, follow, max-snippet:-1, max-image-preview:large, max-video-preview:-1\" \/>\n<link rel=\"canonical\" href=\"https:\/\/eurosdiscounts.com\/index.php\/produit\/pc-portable-gamer-rog-asus-strix3-g-g531gu-al022t-15fhd-120hz-i7-9750h-ram-8go-stockage-256go-ssd-1to-gtx1660ti-w10\/\" \/>\n<meta property=\"og:locale\" content=\"fr_FR\" \/>\n<meta property=\"og:type\" content=\"article\" \/>\n<meta property=\"og:title\" content=\"pc-portable-gamer-rog-asus-strix3-g-g531gu-al022t-15fhd-120hz-i7\" \/>\n<meta property=\"og:description\" content=\"pc-portable-gamer-rog-asus-strix3-g-g531gu-al022t-15fhd-120hz-i7-9750h-ram-8go-stockage-256go-ssd-1to-gtx1660ti-w10\" \/>\n<meta property=\"og:url\" content=\"https:\/\/eurosdiscounts.com\/index.php\/produit\/pc-portable-gamer-rog-asus-strix3-g-g531gu-al022t-15fhd-120hz-i7-9750h-ram-8go-stockage-256go-ssd-1to-gtx1660ti-w10\/\" \/>\n<meta property=\"og:site_name\" content=\"Eurosdiscounts.com- Achat sur Internet a prix discount, Canap\u00e9s pas cher, Smartphone pas cher, pc portable pas cher..\" \/>\n<meta property=\"og:image\" content=\"https:\/\/eurosdiscounts.com\/wp-content\/uploads\/2019\/10\/c-47.jpg\" \/>\n\t<meta property=\"og:image:width\" content=\"700\" \/>\n\t<meta property=\"og:image:height\" content=\"700\" \/>\n\t<meta property=\"og:image:type\" content=\"image\/jpeg\" \/>\n<meta name=\"twitter:card\" content=\"summary_large_image\" \/>\n<script type=\"application\/ld+json\" class=\"yoast-schema-graph\">{\"@context\":\"https:\/\/schema.org\",\"@graph\":[{\"@type\":\"WebPage\",\"@id\":\"https:\/\/eurosdiscounts.com\/index.php\/produit\/pc-portable-gamer-rog-asus-strix3-g-g531gu-al022t-15fhd-120hz-i7-9750h-ram-8go-stockage-256go-ssd-1to-gtx1660ti-w10\/\",\"url\":\"https:\/\/eurosdiscounts.com\/index.php\/produit\/pc-portable-gamer-rog-asus-strix3-g-g531gu-al022t-15fhd-120hz-i7-9750h-ram-8go-stockage-256go-ssd-1to-gtx1660ti-w10\/\",\"name\":\"pc-portable-gamer-rog-asus-strix3-g-g531gu-al022t-15fhd-120hz-i7\",\"isPartOf\":{\"@id\":\"https:\/\/eurosdiscounts.com\/#website\"},\"primaryImageOfPage\":{\"@id\":\"https:\/\/eurosdiscounts.com\/index.php\/produit\/pc-portable-gamer-rog-asus-strix3-g-g531gu-al022t-15fhd-120hz-i7-9750h-ram-8go-stockage-256go-ssd-1to-gtx1660ti-w10\/#primaryimage\"},\"image\":{\"@id\":\"https:\/\/eurosdiscounts.com\/index.php\/produit\/pc-portable-gamer-rog-asus-strix3-g-g531gu-al022t-15fhd-120hz-i7-9750h-ram-8go-stockage-256go-ssd-1to-gtx1660ti-w10\/#primaryimage\"},\"thumbnailUrl\":\"https:\/\/eurosdiscounts.com\/wp-content\/uploads\/2019\/10\/c-47.jpg\",\"datePublished\":\"2019-10-13T11:40:30+00:00\",\"description\":\"pc-portable-gamer-rog-asus-strix3-g-g531gu-al022t-15fhd-120hz-i7-9750h-ram-8go-stockage-256go-ssd-1to-gtx1660ti-w10\",\"breadcrumb\":{\"@id\":\"https:\/\/eurosdiscounts.com\/index.php\/produit\/pc-portable-gamer-rog-asus-strix3-g-g531gu-al022t-15fhd-120hz-i7-9750h-ram-8go-stockage-256go-ssd-1to-gtx1660ti-w10\/#breadcrumb\"},\"inLanguage\":\"fr-FR\",\"potentialAction\":[{\"@type\":\"ReadAction\",\"target\":[\"https:\/\/eurosdiscounts.com\/index.php\/produit\/pc-portable-gamer-rog-asus-strix3-g-g531gu-al022t-15fhd-120hz-i7-9750h-ram-8go-stockage-256go-ssd-1to-gtx1660ti-w10\/\"]}]},{\"@type\":\"ImageObject\",\"inLanguage\":\"fr-FR\",\"@id\":\"https:\/\/eurosdiscounts.com\/index.php\/produit\/pc-portable-gamer-rog-asus-strix3-g-g531gu-al022t-15fhd-120hz-i7-9750h-ram-8go-stockage-256go-ssd-1to-gtx1660ti-w10\/#primaryimage\",\"url\":\"https:\/\/eurosdiscounts.com\/wp-content\/uploads\/2019\/10\/c-47.jpg\",\"contentUrl\":\"https:\/\/eurosdiscounts.com\/wp-content\/uploads\/2019\/10\/c-47.jpg\",\"width\":700,\"height\":700},{\"@type\":\"BreadcrumbList\",\"@id\":\"https:\/\/eurosdiscounts.com\/index.php\/produit\/pc-portable-gamer-rog-asus-strix3-g-g531gu-al022t-15fhd-120hz-i7-9750h-ram-8go-stockage-256go-ssd-1to-gtx1660ti-w10\/#breadcrumb\",\"itemListElement\":[{\"@type\":\"ListItem\",\"position\":1,\"name\":\"Accueil\",\"item\":\"https:\/\/eurosdiscounts.com\/\"},{\"@type\":\"ListItem\",\"position\":2,\"name\":\"Boutique\",\"item\":\"https:\/\/eurosdiscounts.com\/index.php\/boutique\/\"},{\"@type\":\"ListItem\",\"position\":3,\"name\":\"PC Portable gamer ROG-ASUS STRIX3-G-G531GU-AL022T &#8211; 15&Prime;FHD &#8211; 120Hz &#8211; i7-9750H &#8211; RAM 8Go &#8211; Stockage 256Go SSD + 1To &#8211; GTX1660Ti &#8211; W10\"}]},{\"@type\":\"WebSite\",\"@id\":\"https:\/\/eurosdiscounts.com\/#website\",\"url\":\"https:\/\/eurosdiscounts.com\/\",\"name\":\"Eurosdiscounts.com- Achat sur Internet a prix discount, Canap\u00e9s pas cher, Smartphone pas cher, pc portable pas cher..\",\"description\":\"Eurosdiscounts.com- Achat sur Internet a prix discount, Canap\u00e9s pas cher, Smartphone pas cher, pc portable pas cher..\",\"potentialAction\":[{\"@type\":\"SearchAction\",\"target\":{\"@type\":\"EntryPoint\",\"urlTemplate\":\"https:\/\/eurosdiscounts.com\/?s={search_term_string}\"},\"query-input\":{\"@type\":\"PropertyValueSpecification\",\"valueRequired\":true,\"valueName\":\"search_term_string\"}}],\"inLanguage\":\"fr-FR\"}]}<\/script>\n<!-- \/ Yoast SEO plugin. -->","yoast_head_json":{"title":"pc-portable-gamer-rog-asus-strix3-g-g531gu-al022t-15fhd-120hz-i7","description":"pc-portable-gamer-rog-asus-strix3-g-g531gu-al022t-15fhd-120hz-i7-9750h-ram-8go-stockage-256go-ssd-1to-gtx1660ti-w10","robots":{"index":"index","follow":"follow","max-snippet":"max-snippet:-1","max-image-preview":"max-image-preview:large","max-video-preview":"max-video-preview:-1"},"canonical":"https:\/\/eurosdiscounts.com\/index.php\/produit\/pc-portable-gamer-rog-asus-strix3-g-g531gu-al022t-15fhd-120hz-i7-9750h-ram-8go-stockage-256go-ssd-1to-gtx1660ti-w10\/","og_locale":"fr_FR","og_type":"article","og_title":"pc-portable-gamer-rog-asus-strix3-g-g531gu-al022t-15fhd-120hz-i7","og_description":"pc-portable-gamer-rog-asus-strix3-g-g531gu-al022t-15fhd-120hz-i7-9750h-ram-8go-stockage-256go-ssd-1to-gtx1660ti-w10","og_url":"https:\/\/eurosdiscounts.com\/index.php\/produit\/pc-portable-gamer-rog-asus-strix3-g-g531gu-al022t-15fhd-120hz-i7-9750h-ram-8go-stockage-256go-ssd-1to-gtx1660ti-w10\/","og_site_name":"Eurosdiscounts.com- Achat sur Internet a prix discount, Canap\u00e9s pas cher, Smartphone pas cher, pc portable pas cher..","og_image":[{"width":700,"height":700,"url":"https:\/\/eurosdiscounts.com\/wp-content\/uploads\/2019\/10\/c-47.jpg","type":"image\/jpeg"}],"twitter_card":"summary_large_image","schema":{"@context":"https:\/\/schema.org","@graph":[{"@type":"WebPage","@id":"https:\/\/eurosdiscounts.com\/index.php\/produit\/pc-portable-gamer-rog-asus-strix3-g-g531gu-al022t-15fhd-120hz-i7-9750h-ram-8go-stockage-256go-ssd-1to-gtx1660ti-w10\/","url":"https:\/\/eurosdiscounts.com\/index.php\/produit\/pc-portable-gamer-rog-asus-strix3-g-g531gu-al022t-15fhd-120hz-i7-9750h-ram-8go-stockage-256go-ssd-1to-gtx1660ti-w10\/","name":"pc-portable-gamer-rog-asus-strix3-g-g531gu-al022t-15fhd-120hz-i7","isPartOf":{"@id":"https:\/\/eurosdiscounts.com\/#website"},"primaryImageOfPage":{"@id":"https:\/\/eurosdiscounts.com\/index.php\/produit\/pc-portable-gamer-rog-asus-strix3-g-g531gu-al022t-15fhd-120hz-i7-9750h-ram-8go-stockage-256go-ssd-1to-gtx1660ti-w10\/#primaryimage"},"image":{"@id":"https:\/\/eurosdiscounts.com\/index.php\/produit\/pc-portable-gamer-rog-asus-strix3-g-g531gu-al022t-15fhd-120hz-i7-9750h-ram-8go-stockage-256go-ssd-1to-gtx1660ti-w10\/#primaryimage"},"thumbnailUrl":"https:\/\/eurosdiscounts.com\/wp-content\/uploads\/2019\/10\/c-47.jpg","datePublished":"2019-10-13T11:40:30+00:00","description":"pc-portable-gamer-rog-asus-strix3-g-g531gu-al022t-15fhd-120hz-i7-9750h-ram-8go-stockage-256go-ssd-1to-gtx1660ti-w10","breadcrumb":{"@id":"https:\/\/eurosdiscounts.com\/index.php\/produit\/pc-portable-gamer-rog-asus-strix3-g-g531gu-al022t-15fhd-120hz-i7-9750h-ram-8go-stockage-256go-ssd-1to-gtx1660ti-w10\/#breadcrumb"},"inLanguage":"fr-FR","potentialAction":[{"@type":"ReadAction","target":["https:\/\/eurosdiscounts.com\/index.php\/produit\/pc-portable-gamer-rog-asus-strix3-g-g531gu-al022t-15fhd-120hz-i7-9750h-ram-8go-stockage-256go-ssd-1to-gtx1660ti-w10\/"]}]},{"@type":"ImageObject","inLanguage":"fr-FR","@id":"https:\/\/eurosdiscounts.com\/index.php\/produit\/pc-portable-gamer-rog-asus-strix3-g-g531gu-al022t-15fhd-120hz-i7-9750h-ram-8go-stockage-256go-ssd-1to-gtx1660ti-w10\/#primaryimage","url":"https:\/\/eurosdiscounts.com\/wp-content\/uploads\/2019\/10\/c-47.jpg","contentUrl":"https:\/\/eurosdiscounts.com\/wp-content\/uploads\/2019\/10\/c-47.jpg","width":700,"height":700},{"@type":"BreadcrumbList","@id":"https:\/\/eurosdiscounts.com\/index.php\/produit\/pc-portable-gamer-rog-asus-strix3-g-g531gu-al022t-15fhd-120hz-i7-9750h-ram-8go-stockage-256go-ssd-1to-gtx1660ti-w10\/#breadcrumb","itemListElement":[{"@type":"ListItem","position":1,"name":"Accueil","item":"https:\/\/eurosdiscounts.com\/"},{"@type":"ListItem","position":2,"name":"Boutique","item":"https:\/\/eurosdiscounts.com\/index.php\/boutique\/"},{"@type":"ListItem","position":3,"name":"PC Portable gamer ROG-ASUS STRIX3-G-G531GU-AL022T &#8211; 15&Prime;FHD &#8211; 120Hz &#8211; i7-9750H &#8211; RAM 8Go &#8211; Stockage 256Go SSD + 1To &#8211; GTX1660Ti &#8211; W10"}]},{"@type":"WebSite","@id":"https:\/\/eurosdiscounts.com\/#website","url":"https:\/\/eurosdiscounts.com\/","name":"Eurosdiscounts.com- Achat sur Internet a prix discount, Canap\u00e9s pas cher, Smartphone pas cher, pc portable pas cher..","description":"Eurosdiscounts.com- Achat sur Internet a prix discount, Canap\u00e9s pas cher, Smartphone pas cher, pc portable pas cher..","potentialAction":[{"@type":"SearchAction","target":{"@type":"EntryPoint","urlTemplate":"https:\/\/eurosdiscounts.com\/?s={search_term_string}"},"query-input":{"@type":"PropertyValueSpecification","valueRequired":true,"valueName":"search_term_string"}}],"inLanguage":"fr-FR"}]}},"_links":{"self":[{"href":"https:\/\/eurosdiscounts.com\/index.php\/wp-json\/wp\/v2\/product\/7584","targetHints":{"allow":["GET"]}}],"collection":[{"href":"https:\/\/eurosdiscounts.com\/index.php\/wp-json\/wp\/v2\/product"}],"about":[{"href":"https:\/\/eurosdiscounts.com\/index.php\/wp-json\/wp\/v2\/types\/product"}],"replies":[{"embeddable":true,"href":"https:\/\/eurosdiscounts.com\/index.php\/wp-json\/wp\/v2\/comments?post=7584"}],"wp:featuredmedia":[{"embeddable":true,"href":"https:\/\/eurosdiscounts.com\/index.php\/wp-json\/wp\/v2\/media\/16317"}],"wp:attachment":[{"href":"https:\/\/eurosdiscounts.com\/index.php\/wp-json\/wp\/v2\/media?parent=7584"}],"wp:term":[{"taxonomy":"product_cat","embeddable":true,"href":"https:\/\/eurosdiscounts.com\/index.php\/wp-json\/wp\/v2\/product_cat?post=7584"},{"taxonomy":"product_tag","embeddable":true,"href":"https:\/\/eurosdiscounts.com\/index.php\/wp-json\/wp\/v2\/product_tag?post=7584"}],"curies":[{"name":"wp","href":"https:\/\/api.w.org\/{rel}","templated":true}]}}