{"id":6080,"date":"2019-09-25T21:55:34","date_gmt":"2019-09-25T19:55:34","guid":{"rendered":"https:\/\/smartsdiscount.com\/?post_type=product&amp;p=6080"},"modified":"2019-09-25T21:55:34","modified_gmt":"2019-09-25T19:55:34","slug":"samsung-galaxy-s7-noir-32go-sm-g930-reconditionne-a-neuf","status":"publish","type":"product","link":"https:\/\/eurosdiscounts.com\/index.php\/produit\/samsung-galaxy-s7-noir-32go-sm-g930-reconditionne-a-neuf\/","title":{"rendered":"Samsung Galaxy S7 Noir 32Go SM-G930 Reconditionn\u00e9 \u00e0 Neuf"},"content":{"rendered":"<div id=\"presContent\" class=\"fpBlk testSep extCode\">\n<p class=\"fpOfferCom\">Smartphone en tr\u00e8s bonne condition, (comme neuf) aucunes rayures ou \u00e9raflures, D\u00e9bloqu\u00e9 tout op\u00e9rateur et d\u00e9simlock\u00e9. Tout est parfaitement fonctionnel.Un chargeur est fourni. D\u00e9lais de livraison: apr\u00e8s validation de la commande, reception en 4 \u00e0 6 jours<\/p>\n<p>Certi Reco est sp\u00e9cialis\u00e9e dans la vente de Smartphones Reconditionn\u00e9s \u00e0 neuf. Chaque appareil fait l&rsquo;objet d&rsquo;une s\u00e9rie de 30 points de contr\u00f4le et une garantie 12 mois. Tous nos produits sont fournis avec bo\u00eete blanche, chargeur, c\u00e2ble USB et kit pi\u00e9ton neuf et compatible.<\/p>\n<\/div>\n<div id=\"desc\" class=\"anchor\"><\/div>\n<div id=\"descContent\" class=\"fpBlk testSep\" data-cs-override-id=\"Descriptif\">\n<p class=\"fpMb\">-5% avec le code LAST5 Galaxy S7 32Go SM-G930 Noir Reconditionn\u00e9 \u00e0 Neuf Tout Op\u00e9rateur. Produit Livr\u00e9 dans sa boite avec accessoire Neuf. Garantie 12 Mois<\/p>\n<\/div>\n","protected":false},"excerpt":{"rendered":"<p>Galaxy S7 32Go SM-G930 Noir Reconditionn\u00e9 \u00e0 Neuf Tout Op\u00e9rateur. Produit Livr\u00e9 dans sa boite avec accessoire Neuf. Garantie 12 Mois<\/p>\n","protected":false},"featured_media":16043,"comment_status":"open","ping_status":"closed","template":"","meta":[],"product_cat":[234],"product_tag":[],"class_list":{"0":"post-6080","1":"product","2":"type-product","3":"status-publish","4":"has-post-thumbnail","6":"product_cat-smartphones","8":"first","9":"instock","10":"shipping-taxable","11":"purchasable","12":"product-type-simple","13":"col-xs-6 col-sm-4","14":"col-md-3 col-lg-3","15":"un-4-cols"},"yoast_head":"<!-- This site is optimized with the Yoast SEO plugin v27.0 - https:\/\/yoast.com\/product\/yoast-seo-wordpress\/ -->\n<title>samsung-galaxy-s7-noir-32go-sm-g930-reconditionne-a-neuf<\/title>\n<meta name=\"description\" content=\"samsung-galaxy-s7-noir-32go-sm-g930-reconditionne-a-neuf\" \/>\n<meta name=\"robots\" content=\"index, follow, max-snippet:-1, max-image-preview:large, max-video-preview:-1\" \/>\n<link rel=\"canonical\" href=\"https:\/\/eurosdiscounts.com\/index.php\/produit\/samsung-galaxy-s7-noir-32go-sm-g930-reconditionne-a-neuf\/\" \/>\n<meta property=\"og:locale\" content=\"fr_FR\" \/>\n<meta property=\"og:type\" content=\"article\" \/>\n<meta property=\"og:title\" content=\"samsung-galaxy-s7-noir-32go-sm-g930-reconditionne-a-neuf\" \/>\n<meta property=\"og:description\" content=\"samsung-galaxy-s7-noir-32go-sm-g930-reconditionne-a-neuf\" \/>\n<meta property=\"og:url\" content=\"https:\/\/eurosdiscounts.com\/index.php\/produit\/samsung-galaxy-s7-noir-32go-sm-g930-reconditionne-a-neuf\/\" \/>\n<meta property=\"og:site_name\" content=\"Eurosdiscounts.com- Achat sur Internet a prix discount, Canap\u00e9s pas cher, Smartphone pas cher, pc portable pas cher..\" \/>\n<meta property=\"og:image\" content=\"https:\/\/eurosdiscounts.com\/wp-content\/uploads\/2019\/09\/c-290.jpg\" \/>\n\t<meta property=\"og:image:width\" content=\"458\" \/>\n\t<meta property=\"og:image:height\" content=\"458\" \/>\n\t<meta property=\"og:image:type\" content=\"image\/jpeg\" \/>\n<meta name=\"twitter:card\" content=\"summary_large_image\" \/>\n<meta name=\"twitter:label1\" content=\"Dur\u00e9e de lecture estim\u00e9e\" \/>\n\t<meta name=\"twitter:data1\" content=\"1 minute\" \/>\n<script type=\"application\/ld+json\" class=\"yoast-schema-graph\">{\"@context\":\"https:\/\/schema.org\",\"@graph\":[{\"@type\":\"WebPage\",\"@id\":\"https:\/\/eurosdiscounts.com\/index.php\/produit\/samsung-galaxy-s7-noir-32go-sm-g930-reconditionne-a-neuf\/\",\"url\":\"https:\/\/eurosdiscounts.com\/index.php\/produit\/samsung-galaxy-s7-noir-32go-sm-g930-reconditionne-a-neuf\/\",\"name\":\"samsung-galaxy-s7-noir-32go-sm-g930-reconditionne-a-neuf\",\"isPartOf\":{\"@id\":\"https:\/\/eurosdiscounts.com\/#website\"},\"primaryImageOfPage\":{\"@id\":\"https:\/\/eurosdiscounts.com\/index.php\/produit\/samsung-galaxy-s7-noir-32go-sm-g930-reconditionne-a-neuf\/#primaryimage\"},\"image\":{\"@id\":\"https:\/\/eurosdiscounts.com\/index.php\/produit\/samsung-galaxy-s7-noir-32go-sm-g930-reconditionne-a-neuf\/#primaryimage\"},\"thumbnailUrl\":\"https:\/\/eurosdiscounts.com\/wp-content\/uploads\/2019\/09\/c-290.jpg\",\"datePublished\":\"2019-09-25T19:55:34+00:00\",\"description\":\"samsung-galaxy-s7-noir-32go-sm-g930-reconditionne-a-neuf\",\"breadcrumb\":{\"@id\":\"https:\/\/eurosdiscounts.com\/index.php\/produit\/samsung-galaxy-s7-noir-32go-sm-g930-reconditionne-a-neuf\/#breadcrumb\"},\"inLanguage\":\"fr-FR\",\"potentialAction\":[{\"@type\":\"ReadAction\",\"target\":[\"https:\/\/eurosdiscounts.com\/index.php\/produit\/samsung-galaxy-s7-noir-32go-sm-g930-reconditionne-a-neuf\/\"]}]},{\"@type\":\"ImageObject\",\"inLanguage\":\"fr-FR\",\"@id\":\"https:\/\/eurosdiscounts.com\/index.php\/produit\/samsung-galaxy-s7-noir-32go-sm-g930-reconditionne-a-neuf\/#primaryimage\",\"url\":\"https:\/\/eurosdiscounts.com\/wp-content\/uploads\/2019\/09\/c-290.jpg\",\"contentUrl\":\"https:\/\/eurosdiscounts.com\/wp-content\/uploads\/2019\/09\/c-290.jpg\",\"width\":458,\"height\":458},{\"@type\":\"BreadcrumbList\",\"@id\":\"https:\/\/eurosdiscounts.com\/index.php\/produit\/samsung-galaxy-s7-noir-32go-sm-g930-reconditionne-a-neuf\/#breadcrumb\",\"itemListElement\":[{\"@type\":\"ListItem\",\"position\":1,\"name\":\"Accueil\",\"item\":\"https:\/\/eurosdiscounts.com\/\"},{\"@type\":\"ListItem\",\"position\":2,\"name\":\"Boutique\",\"item\":\"https:\/\/eurosdiscounts.com\/index.php\/boutique\/\"},{\"@type\":\"ListItem\",\"position\":3,\"name\":\"Samsung Galaxy S7 Noir 32Go SM-G930 Reconditionn\u00e9 \u00e0 Neuf\"}]},{\"@type\":\"WebSite\",\"@id\":\"https:\/\/eurosdiscounts.com\/#website\",\"url\":\"https:\/\/eurosdiscounts.com\/\",\"name\":\"Eurosdiscounts.com- Achat sur Internet a prix discount, Canap\u00e9s pas cher, Smartphone pas cher, pc portable pas cher..\",\"description\":\"Eurosdiscounts.com- Achat sur Internet a prix discount, Canap\u00e9s pas cher, Smartphone pas cher, pc portable pas cher..\",\"potentialAction\":[{\"@type\":\"SearchAction\",\"target\":{\"@type\":\"EntryPoint\",\"urlTemplate\":\"https:\/\/eurosdiscounts.com\/?s={search_term_string}\"},\"query-input\":{\"@type\":\"PropertyValueSpecification\",\"valueRequired\":true,\"valueName\":\"search_term_string\"}}],\"inLanguage\":\"fr-FR\"}]}<\/script>\n<!-- \/ Yoast SEO plugin. -->","yoast_head_json":{"title":"samsung-galaxy-s7-noir-32go-sm-g930-reconditionne-a-neuf","description":"samsung-galaxy-s7-noir-32go-sm-g930-reconditionne-a-neuf","robots":{"index":"index","follow":"follow","max-snippet":"max-snippet:-1","max-image-preview":"max-image-preview:large","max-video-preview":"max-video-preview:-1"},"canonical":"https:\/\/eurosdiscounts.com\/index.php\/produit\/samsung-galaxy-s7-noir-32go-sm-g930-reconditionne-a-neuf\/","og_locale":"fr_FR","og_type":"article","og_title":"samsung-galaxy-s7-noir-32go-sm-g930-reconditionne-a-neuf","og_description":"samsung-galaxy-s7-noir-32go-sm-g930-reconditionne-a-neuf","og_url":"https:\/\/eurosdiscounts.com\/index.php\/produit\/samsung-galaxy-s7-noir-32go-sm-g930-reconditionne-a-neuf\/","og_site_name":"Eurosdiscounts.com- Achat sur Internet a prix discount, Canap\u00e9s pas cher, Smartphone pas cher, pc portable pas cher..","og_image":[{"width":458,"height":458,"url":"https:\/\/eurosdiscounts.com\/wp-content\/uploads\/2019\/09\/c-290.jpg","type":"image\/jpeg"}],"twitter_card":"summary_large_image","twitter_misc":{"Dur\u00e9e de lecture estim\u00e9e":"1 minute"},"schema":{"@context":"https:\/\/schema.org","@graph":[{"@type":"WebPage","@id":"https:\/\/eurosdiscounts.com\/index.php\/produit\/samsung-galaxy-s7-noir-32go-sm-g930-reconditionne-a-neuf\/","url":"https:\/\/eurosdiscounts.com\/index.php\/produit\/samsung-galaxy-s7-noir-32go-sm-g930-reconditionne-a-neuf\/","name":"samsung-galaxy-s7-noir-32go-sm-g930-reconditionne-a-neuf","isPartOf":{"@id":"https:\/\/eurosdiscounts.com\/#website"},"primaryImageOfPage":{"@id":"https:\/\/eurosdiscounts.com\/index.php\/produit\/samsung-galaxy-s7-noir-32go-sm-g930-reconditionne-a-neuf\/#primaryimage"},"image":{"@id":"https:\/\/eurosdiscounts.com\/index.php\/produit\/samsung-galaxy-s7-noir-32go-sm-g930-reconditionne-a-neuf\/#primaryimage"},"thumbnailUrl":"https:\/\/eurosdiscounts.com\/wp-content\/uploads\/2019\/09\/c-290.jpg","datePublished":"2019-09-25T19:55:34+00:00","description":"samsung-galaxy-s7-noir-32go-sm-g930-reconditionne-a-neuf","breadcrumb":{"@id":"https:\/\/eurosdiscounts.com\/index.php\/produit\/samsung-galaxy-s7-noir-32go-sm-g930-reconditionne-a-neuf\/#breadcrumb"},"inLanguage":"fr-FR","potentialAction":[{"@type":"ReadAction","target":["https:\/\/eurosdiscounts.com\/index.php\/produit\/samsung-galaxy-s7-noir-32go-sm-g930-reconditionne-a-neuf\/"]}]},{"@type":"ImageObject","inLanguage":"fr-FR","@id":"https:\/\/eurosdiscounts.com\/index.php\/produit\/samsung-galaxy-s7-noir-32go-sm-g930-reconditionne-a-neuf\/#primaryimage","url":"https:\/\/eurosdiscounts.com\/wp-content\/uploads\/2019\/09\/c-290.jpg","contentUrl":"https:\/\/eurosdiscounts.com\/wp-content\/uploads\/2019\/09\/c-290.jpg","width":458,"height":458},{"@type":"BreadcrumbList","@id":"https:\/\/eurosdiscounts.com\/index.php\/produit\/samsung-galaxy-s7-noir-32go-sm-g930-reconditionne-a-neuf\/#breadcrumb","itemListElement":[{"@type":"ListItem","position":1,"name":"Accueil","item":"https:\/\/eurosdiscounts.com\/"},{"@type":"ListItem","position":2,"name":"Boutique","item":"https:\/\/eurosdiscounts.com\/index.php\/boutique\/"},{"@type":"ListItem","position":3,"name":"Samsung Galaxy S7 Noir 32Go SM-G930 Reconditionn\u00e9 \u00e0 Neuf"}]},{"@type":"WebSite","@id":"https:\/\/eurosdiscounts.com\/#website","url":"https:\/\/eurosdiscounts.com\/","name":"Eurosdiscounts.com- Achat sur Internet a prix discount, Canap\u00e9s pas cher, Smartphone pas cher, pc portable pas cher..","description":"Eurosdiscounts.com- Achat sur Internet a prix discount, Canap\u00e9s pas cher, Smartphone pas cher, pc portable pas cher..","potentialAction":[{"@type":"SearchAction","target":{"@type":"EntryPoint","urlTemplate":"https:\/\/eurosdiscounts.com\/?s={search_term_string}"},"query-input":{"@type":"PropertyValueSpecification","valueRequired":true,"valueName":"search_term_string"}}],"inLanguage":"fr-FR"}]}},"_links":{"self":[{"href":"https:\/\/eurosdiscounts.com\/index.php\/wp-json\/wp\/v2\/product\/6080","targetHints":{"allow":["GET"]}}],"collection":[{"href":"https:\/\/eurosdiscounts.com\/index.php\/wp-json\/wp\/v2\/product"}],"about":[{"href":"https:\/\/eurosdiscounts.com\/index.php\/wp-json\/wp\/v2\/types\/product"}],"replies":[{"embeddable":true,"href":"https:\/\/eurosdiscounts.com\/index.php\/wp-json\/wp\/v2\/comments?post=6080"}],"wp:featuredmedia":[{"embeddable":true,"href":"https:\/\/eurosdiscounts.com\/index.php\/wp-json\/wp\/v2\/media\/16043"}],"wp:attachment":[{"href":"https:\/\/eurosdiscounts.com\/index.php\/wp-json\/wp\/v2\/media?parent=6080"}],"wp:term":[{"taxonomy":"product_cat","embeddable":true,"href":"https:\/\/eurosdiscounts.com\/index.php\/wp-json\/wp\/v2\/product_cat?post=6080"},{"taxonomy":"product_tag","embeddable":true,"href":"https:\/\/eurosdiscounts.com\/index.php\/wp-json\/wp\/v2\/product_tag?post=6080"}],"curies":[{"name":"wp","href":"https:\/\/api.w.org\/{rel}","templated":true}]}}