{"id":19862,"date":"2023-04-18T15:08:13","date_gmt":"2023-04-18T13:08:13","guid":{"rendered":"https:\/\/eurosdiscounts.com\/?post_type=product&#038;p=19862"},"modified":"2023-04-18T15:12:19","modified_gmt":"2023-04-18T13:12:19","slug":"lave-vaisselle-pose-libre-continental-edison-celv1047s-10-couverts-largeur-448-cm-47-db-silver","status":"publish","type":"product","link":"https:\/\/eurosdiscounts.com\/index.php\/produit\/lave-vaisselle-pose-libre-continental-edison-celv1047s-10-couverts-largeur-448-cm-47-db-silver\/","title":{"rendered":"Lave-vaisselle pose libre CONTINENTAL EDISON CELV1047S &#8211; 10 couverts &#8211; Largeur 44,8 cm &#8211; 47 dB &#8211; Silver"},"content":{"rendered":"<table class=\"table table--fpDescTb fpDescTb fpDescTbPub\" role=\"table\" aria-label=\"Semantic Elements\" aria-describedby=\"semantic_elements_table_desc\" aria-rowcount=\"81\">\n<tbody class=\"table__body\" role=\"rowgroup\">\n<tr class=\"table__row\" role=\"row\">\n<th class=\"table__head\" role=\"cell\" colspan=\"2\" scope=\"col\">Informations g\u00e9n\u00e9rales sur le produit<\/th>\n<\/tr>\n<tr class=\"table__row\" role=\"row\">\n<th class=\"table__cell\" role=\"cell\" scope=\"row\">Marque<\/th>\n<td class=\"table__cell\" role=\"cell\">CONTINENTAL EDISON<\/td>\n<\/tr>\n<tr class=\"table__row\" role=\"row\">\n<th class=\"table__cell\" role=\"cell\" scope=\"row\">Nom du produit<\/th>\n<td class=\"table__cell\" role=\"cell\">Lave-vaisselle pose libre CONTINENTAL EDISON CELV1<\/td>\n<\/tr>\n<tr class=\"table__row\" role=\"row\">\n<th class=\"table__cell\" role=\"cell\" scope=\"row\">Cat\u00e9gorie<\/th>\n<td class=\"table__cell\" role=\"cell\">LAVE-VAISSELLE<\/td>\n<\/tr>\n<tr class=\"table__row\" role=\"row\">\n<th class=\"table__cell\" role=\"cell\" scope=\"row\">R\u00e9f\u00e9rence<\/th>\n<td class=\"table__cell\" role=\"cell\">CELV1047S<\/td>\n<\/tr>\n<tr class=\"table__row\" role=\"row\">\n<th class=\"table__head\" role=\"cell\" colspan=\"2\" scope=\"col\">G\u00e9n\u00e9ral<\/th>\n<\/tr>\n<tr class=\"table__row\" role=\"row\">\n<th class=\"table__cell\" role=\"cell\" scope=\"row\">Format<\/th>\n<td class=\"table__cell\" role=\"cell\">Pose libre<\/td>\n<\/tr>\n<tr class=\"table__row\" role=\"row\">\n<th class=\"table__cell\" role=\"cell\" scope=\"row\">Type de produit<\/th>\n<td class=\"table__cell\" role=\"cell\">Lave-vaisselle<\/td>\n<\/tr>\n<tr class=\"table__row\" role=\"row\">\n<th class=\"table__cell\" role=\"cell\" scope=\"row\">Couleur<\/th>\n<td class=\"table__cell\" role=\"cell\">Argent<\/td>\n<\/tr>\n<tr class=\"table__row\" role=\"row\">\n<th class=\"table__cell\" role=\"cell\" scope=\"row\">Nombre de couverts<\/th>\n<td class=\"table__cell\" role=\"cell\">10<\/td>\n<\/tr>\n<tr class=\"table__row\" role=\"row\">\n<th class=\"table__cell\" role=\"cell\" scope=\"row\">Consommation d&rsquo;eau annuelle<\/th>\n<td class=\"table__cell\" role=\"cell\">2520 litres<\/td>\n<\/tr>\n<tr class=\"table__row\" role=\"row\">\n<th class=\"table__cell\" role=\"cell\" scope=\"row\">Classe d&rsquo;efficacit\u00e9 de s\u00e9chage<\/th>\n<td class=\"table__cell\" role=\"cell\">A<\/td>\n<\/tr>\n<tr class=\"table__row\" role=\"row\">\n<th class=\"table__cell\" role=\"cell\" scope=\"row\">Emissions acoustiques<\/th>\n<td class=\"table__cell\" role=\"cell\">Wp1 er )A( Bd 74<\/td>\n<\/tr>\n<tr class=\"table__row\" role=\"row\">\n<th class=\"table__cell\" role=\"cell\" scope=\"row\">Nbre de programmes<\/th>\n<td class=\"table__cell\" role=\"cell\">7<\/td>\n<\/tr>\n<tr class=\"table__row\" role=\"row\">\n<th class=\"table__cell\" role=\"cell\" scope=\"row\">Consommation d&rsquo;\u00e9nergie annuelle<\/th>\n<td class=\"table__cell\" role=\"cell\">211 kWh<\/td>\n<\/tr>\n<tr class=\"table__row\" role=\"row\">\n<th class=\"table__cell\" role=\"cell\" scope=\"row\">Options et programmes sp\u00e9ciaux<\/th>\n<td class=\"table__cell\" role=\"cell\">Demi-charge, trempage<\/td>\n<\/tr>\n<tr class=\"table__row\" role=\"row\">\n<th class=\"table__cell\" role=\"cell\" scope=\"row\">Niveau sonore maximum<\/th>\n<td class=\"table__cell\" role=\"cell\">47 dB<\/td>\n<\/tr>\n<tr class=\"table__row\" role=\"row\">\n<th class=\"table__cell\" role=\"cell\" scope=\"row\">Cycle de nettoyage standard<\/th>\n<td class=\"table__cell\" role=\"cell\">ECO 45\u00b0C<\/td>\n<\/tr>\n<tr class=\"table__row\" role=\"row\">\n<th class=\"table__cell\" role=\"cell\" scope=\"row\">Dur\u00e9e de cycle de lavage standard<\/th>\n<td class=\"table__cell\" role=\"cell\">235 min<\/td>\n<\/tr>\n<tr class=\"table__row\" role=\"row\">\n<th class=\"table__cell\" role=\"cell\" scope=\"row\">Classe \u00e9nerg\u00e9tique<\/th>\n<td class=\"table__cell\" role=\"cell\">Classe E<\/td>\n<\/tr>\n<tr class=\"table__row\" role=\"row\">\n<th class=\"table__cell\" role=\"cell\" scope=\"row\">Capacit\u00e9 nominale du programme Eco<\/th>\n<td class=\"table__cell\" role=\"cell\">10<\/td>\n<\/tr>\n<tr class=\"table__row\" role=\"row\">\n<th class=\"table__cell\" role=\"cell\" scope=\"row\">Classe de bruit (Programme Eco)<\/th>\n<td class=\"table__cell\" role=\"cell\">C<\/td>\n<\/tr>\n<tr class=\"table__row\" role=\"row\">\n<th class=\"table__cell\" role=\"cell\" scope=\"row\">Dur\u00e9e du programme Eco<\/th>\n<td class=\"table__cell\" role=\"cell\">235 min<\/td>\n<\/tr>\n<tr class=\"table__row\" role=\"row\">\n<th class=\"table__cell\" role=\"cell\" scope=\"row\">Niveau de bruit (Programme Eco)<\/th>\n<td class=\"table__cell\" role=\"cell\">47 dB (A) par rapport \u00e0 1 pW<\/td>\n<\/tr>\n<tr class=\"table__row\" role=\"row\">\n<th class=\"table__head\" role=\"cell\" colspan=\"2\" scope=\"col\">R\u00e9glages, commandes et voyants<\/th>\n<\/tr>\n<tr class=\"table__row\" role=\"row\">\n<th class=\"table__cell\" role=\"cell\" scope=\"row\">T\u00e9moins<\/th>\n<td class=\"table__cell\" role=\"cell\">Sel<\/td>\n<\/tr>\n<tr class=\"table__row\" role=\"row\">\n<th class=\"table__cell\" role=\"cell\" scope=\"row\">D\u00e9part diff\u00e9r\u00e9<\/th>\n<td class=\"table__cell\" role=\"cell\">oui<\/td>\n<\/tr>\n<tr class=\"table__row\" role=\"row\">\n<th class=\"table__cell\" role=\"cell\" scope=\"row\">Fonctions du minuteur<\/th>\n<td class=\"table__cell\" role=\"cell\">D\u00e9part diff\u00e9r\u00e9<\/td>\n<\/tr>\n<tr class=\"table__row\" role=\"row\">\n<th class=\"table__cell\" role=\"cell\" scope=\"row\">Emplacement du contr\u00f4le<\/th>\n<td class=\"table__cell\" role=\"cell\">Panneau avant<\/td>\n<\/tr>\n<tr class=\"table__row\" role=\"row\">\n<th class=\"table__head\" role=\"cell\" colspan=\"2\" scope=\"col\">Divers<\/th>\n<\/tr>\n<tr class=\"table__row\" role=\"row\">\n<th class=\"table__cell\" role=\"cell\" scope=\"row\">Fonctions de s\u00e9curit\u00e9<\/th>\n<td class=\"table__cell\" role=\"cell\">S\u00e9curit\u00e9 enfants<\/td>\n<\/tr>\n<tr class=\"table__row\" role=\"row\">\n<th class=\"table__cell\" role=\"cell\" scope=\"row\">Normes de conformit\u00e9<\/th>\n<td class=\"table__cell\" role=\"cell\">Directive 2019\/2017\/EU<\/td>\n<\/tr>\n<tr class=\"table__row\" role=\"row\">\n<th class=\"table__head\" role=\"cell\" colspan=\"2\" scope=\"col\">Consommation d&rsquo;eau et d&rsquo;\u00e9nergie<\/th>\n<\/tr>\n<tr class=\"table__row\" role=\"row\">\n<th class=\"table__cell\" role=\"cell\" scope=\"row\">Programme Eco Consommation d&rsquo;eau (EPWC)<\/th>\n<td class=\"table__cell\" role=\"cell\">9 litres par cycle<\/td>\n<\/tr>\n<tr class=\"table__row\" role=\"row\">\n<th class=\"table__cell\" role=\"cell\" scope=\"row\">Programme Eco Consommation d&rsquo;\u00e9nergie (EPEC)<\/th>\n<td class=\"table__cell\" role=\"cell\">76 kWh pour 100 cycles<\/td>\n<\/tr>\n<tr class=\"table__row\" role=\"row\">\n<th class=\"table__head\" role=\"cell\" colspan=\"2\" scope=\"col\">Dimensions et poids<\/th>\n<\/tr>\n<tr class=\"table__row\" role=\"row\">\n<th class=\"table__cell\" role=\"cell\" scope=\"row\">Largeur<\/th>\n<td class=\"table__cell\" role=\"cell\">44.8 cm<\/td>\n<\/tr>\n<tr class=\"table__row\" role=\"row\">\n<th class=\"table__cell\" role=\"cell\" scope=\"row\">Profondeur<\/th>\n<td class=\"table__cell\" role=\"cell\">60 cm<\/td>\n<\/tr>\n<tr class=\"table__row\" role=\"row\">\n<th class=\"table__cell\" role=\"cell\" scope=\"row\">Hauteur<\/th>\n<td class=\"table__cell\" role=\"cell\">84.5 cm<\/td>\n<\/tr>\n<tr class=\"table__row\" role=\"row\">\n<th class=\"table__cell\" role=\"cell\" scope=\"row\">Poids<\/th>\n<td class=\"table__cell\" role=\"cell\">36.5 kg<\/td>\n<\/tr>\n<tr class=\"table__row\" role=\"row\">\n<th class=\"table__head\" role=\"cell\" colspan=\"2\" scope=\"col\">Dimensions et poids (emball\u00e9)<\/th>\n<\/tr>\n<tr class=\"table__row\" role=\"row\">\n<th class=\"table__cell\" role=\"cell\" scope=\"row\">Largeur (emball\u00e9e)<\/th>\n<td class=\"table__cell\" role=\"cell\">49.5 cm<\/td>\n<\/tr>\n<tr class=\"table__row\" role=\"row\">\n<th class=\"table__cell\" role=\"cell\" scope=\"row\">Profondeur (emball\u00e9e)<\/th>\n<td class=\"table__cell\" role=\"cell\">64.5 cm<\/td>\n<\/tr>\n<tr class=\"table__row\" role=\"row\">\n<th class=\"table__cell\" role=\"cell\" scope=\"row\">Hauteur (Exp\u00e9dition)<\/th>\n<td class=\"table__cell\" role=\"cell\">88.4 cm<\/td>\n<\/tr>\n<tr class=\"table__row\" role=\"row\">\n<th class=\"table__cell\" role=\"cell\" scope=\"row\">Poids (Exp\u00e9dition)<\/th>\n<td class=\"table__cell\" role=\"cell\">41.5 kg<\/td>\n<\/tr>\n<tr class=\"table__row\" role=\"row\">\n<th class=\"table__head\" role=\"cell\" colspan=\"2\" scope=\"col\">Affichage<\/th>\n<\/tr>\n<tr class=\"table__row\" role=\"row\">\n<th class=\"table__cell\" role=\"cell\" scope=\"row\">Type<\/th>\n<td class=\"table__cell\" role=\"cell\">Affichage LED<\/td>\n<\/tr>\n<tr class=\"table__row\" role=\"row\">\n<th class=\"table__head\" role=\"cell\" colspan=\"2\" scope=\"col\">Vos garanties incluses<\/th>\n<\/tr>\n<tr class=\"table__row\" role=\"row\">\n<th class=\"table__cell\" role=\"cell\" scope=\"row\">Garantie (\u00b2)<\/th>\n<td class=\"table__cell\" role=\"cell\">2 ans<\/td>\n<\/tr>\n<\/tbody>\n<\/table>\n","protected":false},"excerpt":{"rendered":"<p><span class=\"fpBlocTitle\">Les points forts :<\/span><\/p>\n<ul>\n<li>Largeur : 44.8 cm<\/li>\n<li>Nombre de couverts : 10<\/li>\n<li>Emissions acoustiques : Wp1 er )A( Bd 74<\/li>\n<li>D\u00e9part diff\u00e9r\u00e9 : oui<\/li>\n<li>Nombre de couverts : 10 couverts<\/li>\n<li>Niveau sonore : 47 dB<\/li>\n<li>Type d\u2019installation : Pose Libre<\/li>\n<li>Nombre de programme : 7<\/li>\n<li>D\u00e9part Diff\u00e9r\u00e9 : De 1 \u00e0 24H<\/li>\n<li>Option demi charge : Oui<\/li>\n<li>Fonction S\u00e9chage plus<\/li>\n<li>Indicateur Sel, Liquide de rin\u00e7age<\/li>\n<li>Fonction Pause<\/li>\n<li><\/li>\n<\/ul>\n","protected":false},"featured_media":19863,"comment_status":"open","ping_status":"closed","template":"","meta":[],"product_cat":[174],"product_tag":[],"class_list":{"0":"post-19862","1":"product","2":"type-product","3":"status-publish","4":"has-post-thumbnail","6":"product_brand-continental-edison","7":"product_cat-lave-vaisselle","9":"first","10":"instock","11":"shipping-taxable","12":"purchasable","13":"product-type-simple","14":"col-xs-6 col-sm-4","15":"col-md-3 col-lg-3","16":"un-4-cols"},"yoast_head":"<!-- This site is optimized with the Yoast SEO plugin v27.0 - https:\/\/yoast.com\/product\/yoast-seo-wordpress\/ -->\n<title>Lave-vaisselle pose libre CONTINENTAL EDISON CELV1047S - 10 couverts - Largeur 44,8 cm - 47 dB - Silver - Eurosdiscounts.com- Achat sur Internet a prix discount, Canap\u00e9s pas cher, Smartphone pas cher, pc portable pas cher..<\/title>\n<meta name=\"description\" content=\"Lave-vaisselle pose libre CONTINENTAL EDISON CELV1047S - 10 couverts - Largeur 44,8 cm - 47 dB - Silver\" \/>\n<meta name=\"robots\" content=\"index, follow, max-snippet:-1, max-image-preview:large, max-video-preview:-1\" \/>\n<link rel=\"canonical\" href=\"https:\/\/eurosdiscounts.com\/index.php\/produit\/lave-vaisselle-pose-libre-continental-edison-celv1047s-10-couverts-largeur-448-cm-47-db-silver\/\" \/>\n<meta property=\"og:locale\" content=\"fr_FR\" \/>\n<meta property=\"og:type\" content=\"article\" \/>\n<meta property=\"og:title\" content=\"Lave-vaisselle pose libre CONTINENTAL EDISON CELV1047S - 10 couverts - Largeur 44,8 cm - 47 dB - Silver - Eurosdiscounts.com- Achat sur Internet a prix discount, Canap\u00e9s pas cher, Smartphone pas cher, pc portable pas cher..\" \/>\n<meta property=\"og:description\" content=\"Lave-vaisselle pose libre CONTINENTAL EDISON CELV1047S - 10 couverts - Largeur 44,8 cm - 47 dB - Silver\" \/>\n<meta property=\"og:url\" content=\"https:\/\/eurosdiscounts.com\/index.php\/produit\/lave-vaisselle-pose-libre-continental-edison-celv1047s-10-couverts-largeur-448-cm-47-db-silver\/\" \/>\n<meta property=\"og:site_name\" content=\"Eurosdiscounts.com- Achat sur Internet a prix discount, Canap\u00e9s pas cher, Smartphone pas cher, pc portable pas cher..\" \/>\n<meta property=\"article:modified_time\" content=\"2023-04-18T13:12:19+00:00\" \/>\n<meta property=\"og:image\" content=\"https:\/\/eurosdiscounts.com\/wp-content\/uploads\/2023\/04\/lave-vaisselle-pose-libre-continental-edison-celv1-7.webp\" \/>\n\t<meta property=\"og:image:width\" content=\"608\" \/>\n\t<meta property=\"og:image:height\" content=\"608\" \/>\n\t<meta property=\"og:image:type\" content=\"image\/webp\" \/>\n<meta name=\"twitter:card\" content=\"summary_large_image\" \/>\n<meta name=\"twitter:label1\" content=\"Dur\u00e9e de lecture estim\u00e9e\" \/>\n\t<meta name=\"twitter:data1\" content=\"2 minutes\" \/>\n<script type=\"application\/ld+json\" class=\"yoast-schema-graph\">{\"@context\":\"https:\/\/schema.org\",\"@graph\":[{\"@type\":\"WebPage\",\"@id\":\"https:\/\/eurosdiscounts.com\/index.php\/produit\/lave-vaisselle-pose-libre-continental-edison-celv1047s-10-couverts-largeur-448-cm-47-db-silver\/\",\"url\":\"https:\/\/eurosdiscounts.com\/index.php\/produit\/lave-vaisselle-pose-libre-continental-edison-celv1047s-10-couverts-largeur-448-cm-47-db-silver\/\",\"name\":\"Lave-vaisselle pose libre CONTINENTAL EDISON CELV1047S - 10 couverts - Largeur 44,8 cm - 47 dB - Silver - Eurosdiscounts.com- Achat sur Internet a prix discount, Canap\u00e9s pas cher, Smartphone pas cher, pc portable pas cher..\",\"isPartOf\":{\"@id\":\"https:\/\/eurosdiscounts.com\/#website\"},\"primaryImageOfPage\":{\"@id\":\"https:\/\/eurosdiscounts.com\/index.php\/produit\/lave-vaisselle-pose-libre-continental-edison-celv1047s-10-couverts-largeur-448-cm-47-db-silver\/#primaryimage\"},\"image\":{\"@id\":\"https:\/\/eurosdiscounts.com\/index.php\/produit\/lave-vaisselle-pose-libre-continental-edison-celv1047s-10-couverts-largeur-448-cm-47-db-silver\/#primaryimage\"},\"thumbnailUrl\":\"https:\/\/eurosdiscounts.com\/wp-content\/uploads\/2023\/04\/lave-vaisselle-pose-libre-continental-edison-celv1-7.webp\",\"datePublished\":\"2023-04-18T13:08:13+00:00\",\"dateModified\":\"2023-04-18T13:12:19+00:00\",\"description\":\"Lave-vaisselle pose libre CONTINENTAL EDISON CELV1047S - 10 couverts - Largeur 44,8 cm - 47 dB - Silver\",\"breadcrumb\":{\"@id\":\"https:\/\/eurosdiscounts.com\/index.php\/produit\/lave-vaisselle-pose-libre-continental-edison-celv1047s-10-couverts-largeur-448-cm-47-db-silver\/#breadcrumb\"},\"inLanguage\":\"fr-FR\",\"potentialAction\":[{\"@type\":\"ReadAction\",\"target\":[\"https:\/\/eurosdiscounts.com\/index.php\/produit\/lave-vaisselle-pose-libre-continental-edison-celv1047s-10-couverts-largeur-448-cm-47-db-silver\/\"]}]},{\"@type\":\"ImageObject\",\"inLanguage\":\"fr-FR\",\"@id\":\"https:\/\/eurosdiscounts.com\/index.php\/produit\/lave-vaisselle-pose-libre-continental-edison-celv1047s-10-couverts-largeur-448-cm-47-db-silver\/#primaryimage\",\"url\":\"https:\/\/eurosdiscounts.com\/wp-content\/uploads\/2023\/04\/lave-vaisselle-pose-libre-continental-edison-celv1-7.webp\",\"contentUrl\":\"https:\/\/eurosdiscounts.com\/wp-content\/uploads\/2023\/04\/lave-vaisselle-pose-libre-continental-edison-celv1-7.webp\",\"width\":608,\"height\":608},{\"@type\":\"BreadcrumbList\",\"@id\":\"https:\/\/eurosdiscounts.com\/index.php\/produit\/lave-vaisselle-pose-libre-continental-edison-celv1047s-10-couverts-largeur-448-cm-47-db-silver\/#breadcrumb\",\"itemListElement\":[{\"@type\":\"ListItem\",\"position\":1,\"name\":\"Accueil\",\"item\":\"https:\/\/eurosdiscounts.com\/\"},{\"@type\":\"ListItem\",\"position\":2,\"name\":\"Boutique\",\"item\":\"https:\/\/eurosdiscounts.com\/index.php\/boutique\/\"},{\"@type\":\"ListItem\",\"position\":3,\"name\":\"Lave-vaisselle pose libre CONTINENTAL EDISON CELV1047S &#8211; 10 couverts &#8211; Largeur 44,8 cm &#8211; 47 dB &#8211; Silver\"}]},{\"@type\":\"WebSite\",\"@id\":\"https:\/\/eurosdiscounts.com\/#website\",\"url\":\"https:\/\/eurosdiscounts.com\/\",\"name\":\"Eurosdiscounts.com- Achat sur Internet a prix discount, Canap\u00e9s pas cher, Smartphone pas cher, pc portable pas cher..\",\"description\":\"Eurosdiscounts.com- Achat sur Internet a prix discount, Canap\u00e9s pas cher, Smartphone pas cher, pc portable pas cher..\",\"potentialAction\":[{\"@type\":\"SearchAction\",\"target\":{\"@type\":\"EntryPoint\",\"urlTemplate\":\"https:\/\/eurosdiscounts.com\/?s={search_term_string}\"},\"query-input\":{\"@type\":\"PropertyValueSpecification\",\"valueRequired\":true,\"valueName\":\"search_term_string\"}}],\"inLanguage\":\"fr-FR\"}]}<\/script>\n<!-- \/ Yoast SEO plugin. -->","yoast_head_json":{"title":"Lave-vaisselle pose libre CONTINENTAL EDISON CELV1047S - 10 couverts - Largeur 44,8 cm - 47 dB - Silver - Eurosdiscounts.com- Achat sur Internet a prix discount, Canap\u00e9s pas cher, Smartphone pas cher, pc portable pas cher..","description":"Lave-vaisselle pose libre CONTINENTAL EDISON CELV1047S - 10 couverts - Largeur 44,8 cm - 47 dB - Silver","robots":{"index":"index","follow":"follow","max-snippet":"max-snippet:-1","max-image-preview":"max-image-preview:large","max-video-preview":"max-video-preview:-1"},"canonical":"https:\/\/eurosdiscounts.com\/index.php\/produit\/lave-vaisselle-pose-libre-continental-edison-celv1047s-10-couverts-largeur-448-cm-47-db-silver\/","og_locale":"fr_FR","og_type":"article","og_title":"Lave-vaisselle pose libre CONTINENTAL EDISON CELV1047S - 10 couverts - Largeur 44,8 cm - 47 dB - Silver - Eurosdiscounts.com- Achat sur Internet a prix discount, Canap\u00e9s pas cher, Smartphone pas cher, pc portable pas cher..","og_description":"Lave-vaisselle pose libre CONTINENTAL EDISON CELV1047S - 10 couverts - Largeur 44,8 cm - 47 dB - Silver","og_url":"https:\/\/eurosdiscounts.com\/index.php\/produit\/lave-vaisselle-pose-libre-continental-edison-celv1047s-10-couverts-largeur-448-cm-47-db-silver\/","og_site_name":"Eurosdiscounts.com- Achat sur Internet a prix discount, Canap\u00e9s pas cher, Smartphone pas cher, pc portable pas cher..","article_modified_time":"2023-04-18T13:12:19+00:00","og_image":[{"width":608,"height":608,"url":"https:\/\/eurosdiscounts.com\/wp-content\/uploads\/2023\/04\/lave-vaisselle-pose-libre-continental-edison-celv1-7.webp","type":"image\/webp"}],"twitter_card":"summary_large_image","twitter_misc":{"Dur\u00e9e de lecture estim\u00e9e":"2 minutes"},"schema":{"@context":"https:\/\/schema.org","@graph":[{"@type":"WebPage","@id":"https:\/\/eurosdiscounts.com\/index.php\/produit\/lave-vaisselle-pose-libre-continental-edison-celv1047s-10-couverts-largeur-448-cm-47-db-silver\/","url":"https:\/\/eurosdiscounts.com\/index.php\/produit\/lave-vaisselle-pose-libre-continental-edison-celv1047s-10-couverts-largeur-448-cm-47-db-silver\/","name":"Lave-vaisselle pose libre CONTINENTAL EDISON CELV1047S - 10 couverts - Largeur 44,8 cm - 47 dB - Silver - Eurosdiscounts.com- Achat sur Internet a prix discount, Canap\u00e9s pas cher, Smartphone pas cher, pc portable pas cher..","isPartOf":{"@id":"https:\/\/eurosdiscounts.com\/#website"},"primaryImageOfPage":{"@id":"https:\/\/eurosdiscounts.com\/index.php\/produit\/lave-vaisselle-pose-libre-continental-edison-celv1047s-10-couverts-largeur-448-cm-47-db-silver\/#primaryimage"},"image":{"@id":"https:\/\/eurosdiscounts.com\/index.php\/produit\/lave-vaisselle-pose-libre-continental-edison-celv1047s-10-couverts-largeur-448-cm-47-db-silver\/#primaryimage"},"thumbnailUrl":"https:\/\/eurosdiscounts.com\/wp-content\/uploads\/2023\/04\/lave-vaisselle-pose-libre-continental-edison-celv1-7.webp","datePublished":"2023-04-18T13:08:13+00:00","dateModified":"2023-04-18T13:12:19+00:00","description":"Lave-vaisselle pose libre CONTINENTAL EDISON CELV1047S - 10 couverts - Largeur 44,8 cm - 47 dB - Silver","breadcrumb":{"@id":"https:\/\/eurosdiscounts.com\/index.php\/produit\/lave-vaisselle-pose-libre-continental-edison-celv1047s-10-couverts-largeur-448-cm-47-db-silver\/#breadcrumb"},"inLanguage":"fr-FR","potentialAction":[{"@type":"ReadAction","target":["https:\/\/eurosdiscounts.com\/index.php\/produit\/lave-vaisselle-pose-libre-continental-edison-celv1047s-10-couverts-largeur-448-cm-47-db-silver\/"]}]},{"@type":"ImageObject","inLanguage":"fr-FR","@id":"https:\/\/eurosdiscounts.com\/index.php\/produit\/lave-vaisselle-pose-libre-continental-edison-celv1047s-10-couverts-largeur-448-cm-47-db-silver\/#primaryimage","url":"https:\/\/eurosdiscounts.com\/wp-content\/uploads\/2023\/04\/lave-vaisselle-pose-libre-continental-edison-celv1-7.webp","contentUrl":"https:\/\/eurosdiscounts.com\/wp-content\/uploads\/2023\/04\/lave-vaisselle-pose-libre-continental-edison-celv1-7.webp","width":608,"height":608},{"@type":"BreadcrumbList","@id":"https:\/\/eurosdiscounts.com\/index.php\/produit\/lave-vaisselle-pose-libre-continental-edison-celv1047s-10-couverts-largeur-448-cm-47-db-silver\/#breadcrumb","itemListElement":[{"@type":"ListItem","position":1,"name":"Accueil","item":"https:\/\/eurosdiscounts.com\/"},{"@type":"ListItem","position":2,"name":"Boutique","item":"https:\/\/eurosdiscounts.com\/index.php\/boutique\/"},{"@type":"ListItem","position":3,"name":"Lave-vaisselle pose libre CONTINENTAL EDISON CELV1047S &#8211; 10 couverts &#8211; Largeur 44,8 cm &#8211; 47 dB &#8211; Silver"}]},{"@type":"WebSite","@id":"https:\/\/eurosdiscounts.com\/#website","url":"https:\/\/eurosdiscounts.com\/","name":"Eurosdiscounts.com- Achat sur Internet a prix discount, Canap\u00e9s pas cher, Smartphone pas cher, pc portable pas cher..","description":"Eurosdiscounts.com- Achat sur Internet a prix discount, Canap\u00e9s pas cher, Smartphone pas cher, pc portable pas cher..","potentialAction":[{"@type":"SearchAction","target":{"@type":"EntryPoint","urlTemplate":"https:\/\/eurosdiscounts.com\/?s={search_term_string}"},"query-input":{"@type":"PropertyValueSpecification","valueRequired":true,"valueName":"search_term_string"}}],"inLanguage":"fr-FR"}]}},"_links":{"self":[{"href":"https:\/\/eurosdiscounts.com\/index.php\/wp-json\/wp\/v2\/product\/19862","targetHints":{"allow":["GET"]}}],"collection":[{"href":"https:\/\/eurosdiscounts.com\/index.php\/wp-json\/wp\/v2\/product"}],"about":[{"href":"https:\/\/eurosdiscounts.com\/index.php\/wp-json\/wp\/v2\/types\/product"}],"replies":[{"embeddable":true,"href":"https:\/\/eurosdiscounts.com\/index.php\/wp-json\/wp\/v2\/comments?post=19862"}],"wp:featuredmedia":[{"embeddable":true,"href":"https:\/\/eurosdiscounts.com\/index.php\/wp-json\/wp\/v2\/media\/19863"}],"wp:attachment":[{"href":"https:\/\/eurosdiscounts.com\/index.php\/wp-json\/wp\/v2\/media?parent=19862"}],"wp:term":[{"taxonomy":"product_cat","embeddable":true,"href":"https:\/\/eurosdiscounts.com\/index.php\/wp-json\/wp\/v2\/product_cat?post=19862"},{"taxonomy":"product_tag","embeddable":true,"href":"https:\/\/eurosdiscounts.com\/index.php\/wp-json\/wp\/v2\/product_tag?post=19862"}],"curies":[{"name":"wp","href":"https:\/\/api.w.org\/{rel}","templated":true}]}}