{"id":19425,"date":"2023-03-28T23:40:30","date_gmt":"2023-03-28T21:40:30","guid":{"rendered":"https:\/\/eurosdiscounts.com\/?post_type=product&#038;p=19425"},"modified":"2023-03-28T23:40:31","modified_gmt":"2023-03-28T21:40:31","slug":"duke-canape-convertible-3-places-beige","status":"publish","type":"product","link":"https:\/\/eurosdiscounts.com\/index.php\/produit\/duke-canape-convertible-3-places-beige\/","title":{"rendered":"DUKE Canap\u00e9 convertible 3 places beige"},"content":{"rendered":"<p><span class=\"d-flex w-100 py-3 py-sm-2\" aria-expanded=\"false\" data-v-057dd3da=\"\"><span class=\"title-text\" data-v-057dd3da=\"\">Descriptif produit<\/span><\/span><\/p>\n<div class=\"body\" data-v-057dd3da=\"\">\n<div class=\"text-left\" data-v-59c69d2c=\"\">\n<p>Prenez place dans le\u00a0<strong>canap\u00e9-lit 3 places beige DUKE<\/strong>\u00a0et appr\u00e9ciez son confort.<\/p>\n<ul>\n<li>On craque pour sa teinte sobre et intemporelle qui fera l\u2019unanimit\u00e9 dans votre espace d\u00e9tente.<\/li>\n<li>Ce coloris beige se marie \u00e0 merveille \u00e0 son pi\u00e9tement en h\u00eatre massif qui lui apporte une touche d\u2019authenticit\u00e9 \u00e0 la pointe de la tendance.<\/li>\n<li>Cach\u00e9 sous l\u2019assise de ce\u00a0<strong>canap\u00e9 convertible<\/strong>, un module sur roulettes pourra \u00eatre d\u00e9ploy\u00e9 pour vous offrir un couchage d\u2019appoint. Que vous allez \u00eatre bien !<\/li>\n<\/ul>\n<p><span class=\"d-flex w-100 py-3 py-sm-2\" aria-expanded=\"false\" data-v-057dd3da=\"\"><span class=\"title-text\" data-v-057dd3da=\"\">Infos compl\u00e9mentaires<\/span><\/span><\/p>\n<div class=\"body\" data-v-057dd3da=\"\">\n<div class=\"text-left\" data-v-59c69d2c=\"\">\n<p><strong>Rev\u00eatement<\/strong>\u00a0: tissu 100% polyester, coloris beige, coussins d\u2019accompagnement d\u00e9houssables<br \/>\n<strong>Structure<\/strong>\u00a0: pin massif, panneaux de particules et panneaux de fibres de bois<br \/>\n<strong>Pieds (\u00e0 assembler)<\/strong>\u00a0: h\u00eatre massif, coloris naturel, vernis polyur\u00e9thane mat<\/p>\n<p><strong>Garnissage structure<\/strong>\u00a0: fibre polyester (densit\u00e9 : 100g\/m2)<br \/>\n<strong>Garnissage coussins d\u2019assise<\/strong>\u00a0: mousse polyur\u00e9thane (densit\u00e9 : 35kg\/m3)<br \/>\n<strong>Garnissage accoudoirs<\/strong>\u00a0: mousse polyur\u00e9thane (densit\u00e9 : 25kg\/m3)<br \/>\n<strong>Garnissage coussins du dos<\/strong>\u00a0: m\u00e9lange de fibres de polyester et de flocons de mousse (\u00e9paisseur : 20cm)<br \/>\n<strong>Garnissage coussins d\u2019accompagnement (2 coussins)<\/strong>\u00a0: m\u00e9lange de fibres de polyester (100 et 200g\/m2)<\/p>\n<p>Suspensions par ressorts Nosag<\/p>\n<p><strong>Sommier<\/strong>\u00a0: pin massif et pieds en m\u00e9tal<br \/>\n<strong>Matelas<\/strong>\u00a0: mousse de polyur\u00e9thane (densit\u00e9 : 35kg\/m3), 188 x 140 x 15 cm<\/p>\n<p><strong>Type et provenance du bois<\/strong>\u00a0:<br \/>\nH\u00eatre (Fagus Sylvatica), Panneau de particules (Bois m\u00e9lang\u00e9s), Pin (Pinus Sylvestris) \u2013 Bulgarie<br \/>\nPanneaux de fibres de moyenne densit\u00e9 (Bois m\u00e9lang\u00e9s) \u2013 Ukraine<\/p>\n<\/div>\n<\/div>\n<\/div>\n<\/div>\n","protected":false},"excerpt":{"rendered":"<h3 class=\"mb-3 title\" data-v-0f3d1897=\"\">Caract\u00e9ristiques<\/h3>\n<div data-v-0f3d1897=\"\">\n<ul class=\"pl-0 list-unstyled\" data-v-0f3d1897=\"\">\n<li data-v-0f3d1897=\"\"><span data-v-0f3d1897=\"\">Dimensions (cm):\u00a0<\/span><span data-v-0f3d1897=\"\">H88 x L216 x PR86<\/span><\/li>\n<li data-v-0f3d1897=\"\">Poids (kg): 68<\/li>\n<li data-v-0f3d1897=\"\">Mati\u00e8re secondaire : Polyester<\/li>\n<li data-v-0f3d1897=\"\">Mati\u00e8re principale : Polyur\u00e9thane<\/li>\n<li data-v-0f3d1897=\"\">Made In Bulgarie<\/li>\n<li data-v-0f3d1897=\"\">Mati\u00e8re principale : Bois<\/li>\n<li data-v-0f3d1897=\"\">Produit \u00e0 monter soi-m\u00eame : non<\/li>\n<\/ul>\n<\/div>\n","protected":false},"featured_media":19426,"comment_status":"open","ping_status":"closed","template":"","meta":[],"product_cat":[214],"product_tag":[],"class_list":{"0":"post-19425","1":"product","2":"type-product","3":"status-publish","4":"has-post-thumbnail","6":"product_cat-canapes","8":"first","9":"instock","10":"sale","11":"shipping-taxable","12":"purchasable","13":"product-type-simple","14":"col-xs-6 col-sm-4","15":"col-md-3 col-lg-3","16":"un-4-cols"},"yoast_head":"<!-- This site is optimized with the Yoast SEO plugin v27.0 - https:\/\/yoast.com\/product\/yoast-seo-wordpress\/ -->\n<title>DUKE Canap\u00e9 convertible 3 places beige - Eurosdiscounts.com- Achat sur Internet a prix discount, Canap\u00e9s pas cher, Smartphone pas cher, pc portable pas cher..<\/title>\n<meta name=\"description\" content=\"DUKE Canap\u00e9 convertible 3 places beige\" \/>\n<meta name=\"robots\" content=\"index, follow, max-snippet:-1, max-image-preview:large, max-video-preview:-1\" \/>\n<link rel=\"canonical\" href=\"https:\/\/eurosdiscounts.com\/index.php\/produit\/duke-canape-convertible-3-places-beige\/\" \/>\n<meta property=\"og:locale\" content=\"fr_FR\" \/>\n<meta property=\"og:type\" content=\"article\" \/>\n<meta property=\"og:title\" content=\"DUKE Canap\u00e9 convertible 3 places beige - Eurosdiscounts.com- Achat sur Internet a prix discount, Canap\u00e9s pas cher, Smartphone pas cher, pc portable pas cher..\" \/>\n<meta property=\"og:description\" content=\"DUKE Canap\u00e9 convertible 3 places beige\" \/>\n<meta property=\"og:url\" content=\"https:\/\/eurosdiscounts.com\/index.php\/produit\/duke-canape-convertible-3-places-beige\/\" \/>\n<meta property=\"og:site_name\" content=\"Eurosdiscounts.com- Achat sur Internet a prix discount, Canap\u00e9s pas cher, Smartphone pas cher, pc portable pas cher..\" \/>\n<meta property=\"article:modified_time\" content=\"2023-03-28T21:40:31+00:00\" \/>\n<meta property=\"og:image\" content=\"https:\/\/eurosdiscounts.com\/wp-content\/uploads\/2023\/03\/canape-convertible-3-places-beige-1000-2-11-199599_1.webp\" \/>\n\t<meta property=\"og:image:width\" content=\"2000\" \/>\n\t<meta property=\"og:image:height\" content=\"2000\" \/>\n\t<meta property=\"og:image:type\" content=\"image\/webp\" \/>\n<meta name=\"twitter:card\" content=\"summary_large_image\" \/>\n<meta name=\"twitter:label1\" content=\"Dur\u00e9e de lecture estim\u00e9e\" \/>\n\t<meta name=\"twitter:data1\" content=\"2 minutes\" \/>\n<script type=\"application\/ld+json\" class=\"yoast-schema-graph\">{\"@context\":\"https:\/\/schema.org\",\"@graph\":[{\"@type\":\"WebPage\",\"@id\":\"https:\/\/eurosdiscounts.com\/index.php\/produit\/duke-canape-convertible-3-places-beige\/\",\"url\":\"https:\/\/eurosdiscounts.com\/index.php\/produit\/duke-canape-convertible-3-places-beige\/\",\"name\":\"DUKE Canap\u00e9 convertible 3 places beige - Eurosdiscounts.com- Achat sur Internet a prix discount, Canap\u00e9s pas cher, Smartphone pas cher, pc portable pas cher..\",\"isPartOf\":{\"@id\":\"https:\/\/eurosdiscounts.com\/#website\"},\"primaryImageOfPage\":{\"@id\":\"https:\/\/eurosdiscounts.com\/index.php\/produit\/duke-canape-convertible-3-places-beige\/#primaryimage\"},\"image\":{\"@id\":\"https:\/\/eurosdiscounts.com\/index.php\/produit\/duke-canape-convertible-3-places-beige\/#primaryimage\"},\"thumbnailUrl\":\"https:\/\/eurosdiscounts.com\/wp-content\/uploads\/2023\/03\/canape-convertible-3-places-beige-1000-2-11-199599_1.webp\",\"datePublished\":\"2023-03-28T21:40:30+00:00\",\"dateModified\":\"2023-03-28T21:40:31+00:00\",\"description\":\"DUKE Canap\u00e9 convertible 3 places beige\",\"breadcrumb\":{\"@id\":\"https:\/\/eurosdiscounts.com\/index.php\/produit\/duke-canape-convertible-3-places-beige\/#breadcrumb\"},\"inLanguage\":\"fr-FR\",\"potentialAction\":[{\"@type\":\"ReadAction\",\"target\":[\"https:\/\/eurosdiscounts.com\/index.php\/produit\/duke-canape-convertible-3-places-beige\/\"]}]},{\"@type\":\"ImageObject\",\"inLanguage\":\"fr-FR\",\"@id\":\"https:\/\/eurosdiscounts.com\/index.php\/produit\/duke-canape-convertible-3-places-beige\/#primaryimage\",\"url\":\"https:\/\/eurosdiscounts.com\/wp-content\/uploads\/2023\/03\/canape-convertible-3-places-beige-1000-2-11-199599_1.webp\",\"contentUrl\":\"https:\/\/eurosdiscounts.com\/wp-content\/uploads\/2023\/03\/canape-convertible-3-places-beige-1000-2-11-199599_1.webp\",\"width\":2000,\"height\":2000},{\"@type\":\"BreadcrumbList\",\"@id\":\"https:\/\/eurosdiscounts.com\/index.php\/produit\/duke-canape-convertible-3-places-beige\/#breadcrumb\",\"itemListElement\":[{\"@type\":\"ListItem\",\"position\":1,\"name\":\"Accueil\",\"item\":\"https:\/\/eurosdiscounts.com\/\"},{\"@type\":\"ListItem\",\"position\":2,\"name\":\"Boutique\",\"item\":\"https:\/\/eurosdiscounts.com\/index.php\/boutique\/\"},{\"@type\":\"ListItem\",\"position\":3,\"name\":\"DUKE Canap\u00e9 convertible 3 places beige\"}]},{\"@type\":\"WebSite\",\"@id\":\"https:\/\/eurosdiscounts.com\/#website\",\"url\":\"https:\/\/eurosdiscounts.com\/\",\"name\":\"Eurosdiscounts.com- Achat sur Internet a prix discount, Canap\u00e9s pas cher, Smartphone pas cher, pc portable pas cher..\",\"description\":\"Eurosdiscounts.com- Achat sur Internet a prix discount, Canap\u00e9s pas cher, Smartphone pas cher, pc portable pas cher..\",\"potentialAction\":[{\"@type\":\"SearchAction\",\"target\":{\"@type\":\"EntryPoint\",\"urlTemplate\":\"https:\/\/eurosdiscounts.com\/?s={search_term_string}\"},\"query-input\":{\"@type\":\"PropertyValueSpecification\",\"valueRequired\":true,\"valueName\":\"search_term_string\"}}],\"inLanguage\":\"fr-FR\"}]}<\/script>\n<!-- \/ Yoast SEO plugin. -->","yoast_head_json":{"title":"DUKE Canap\u00e9 convertible 3 places beige - Eurosdiscounts.com- Achat sur Internet a prix discount, Canap\u00e9s pas cher, Smartphone pas cher, pc portable pas cher..","description":"DUKE Canap\u00e9 convertible 3 places beige","robots":{"index":"index","follow":"follow","max-snippet":"max-snippet:-1","max-image-preview":"max-image-preview:large","max-video-preview":"max-video-preview:-1"},"canonical":"https:\/\/eurosdiscounts.com\/index.php\/produit\/duke-canape-convertible-3-places-beige\/","og_locale":"fr_FR","og_type":"article","og_title":"DUKE Canap\u00e9 convertible 3 places beige - Eurosdiscounts.com- Achat sur Internet a prix discount, Canap\u00e9s pas cher, Smartphone pas cher, pc portable pas cher..","og_description":"DUKE Canap\u00e9 convertible 3 places beige","og_url":"https:\/\/eurosdiscounts.com\/index.php\/produit\/duke-canape-convertible-3-places-beige\/","og_site_name":"Eurosdiscounts.com- Achat sur Internet a prix discount, Canap\u00e9s pas cher, Smartphone pas cher, pc portable pas cher..","article_modified_time":"2023-03-28T21:40:31+00:00","og_image":[{"width":2000,"height":2000,"url":"https:\/\/eurosdiscounts.com\/wp-content\/uploads\/2023\/03\/canape-convertible-3-places-beige-1000-2-11-199599_1.webp","type":"image\/webp"}],"twitter_card":"summary_large_image","twitter_misc":{"Dur\u00e9e de lecture estim\u00e9e":"2 minutes"},"schema":{"@context":"https:\/\/schema.org","@graph":[{"@type":"WebPage","@id":"https:\/\/eurosdiscounts.com\/index.php\/produit\/duke-canape-convertible-3-places-beige\/","url":"https:\/\/eurosdiscounts.com\/index.php\/produit\/duke-canape-convertible-3-places-beige\/","name":"DUKE Canap\u00e9 convertible 3 places beige - Eurosdiscounts.com- Achat sur Internet a prix discount, Canap\u00e9s pas cher, Smartphone pas cher, pc portable pas cher..","isPartOf":{"@id":"https:\/\/eurosdiscounts.com\/#website"},"primaryImageOfPage":{"@id":"https:\/\/eurosdiscounts.com\/index.php\/produit\/duke-canape-convertible-3-places-beige\/#primaryimage"},"image":{"@id":"https:\/\/eurosdiscounts.com\/index.php\/produit\/duke-canape-convertible-3-places-beige\/#primaryimage"},"thumbnailUrl":"https:\/\/eurosdiscounts.com\/wp-content\/uploads\/2023\/03\/canape-convertible-3-places-beige-1000-2-11-199599_1.webp","datePublished":"2023-03-28T21:40:30+00:00","dateModified":"2023-03-28T21:40:31+00:00","description":"DUKE Canap\u00e9 convertible 3 places beige","breadcrumb":{"@id":"https:\/\/eurosdiscounts.com\/index.php\/produit\/duke-canape-convertible-3-places-beige\/#breadcrumb"},"inLanguage":"fr-FR","potentialAction":[{"@type":"ReadAction","target":["https:\/\/eurosdiscounts.com\/index.php\/produit\/duke-canape-convertible-3-places-beige\/"]}]},{"@type":"ImageObject","inLanguage":"fr-FR","@id":"https:\/\/eurosdiscounts.com\/index.php\/produit\/duke-canape-convertible-3-places-beige\/#primaryimage","url":"https:\/\/eurosdiscounts.com\/wp-content\/uploads\/2023\/03\/canape-convertible-3-places-beige-1000-2-11-199599_1.webp","contentUrl":"https:\/\/eurosdiscounts.com\/wp-content\/uploads\/2023\/03\/canape-convertible-3-places-beige-1000-2-11-199599_1.webp","width":2000,"height":2000},{"@type":"BreadcrumbList","@id":"https:\/\/eurosdiscounts.com\/index.php\/produit\/duke-canape-convertible-3-places-beige\/#breadcrumb","itemListElement":[{"@type":"ListItem","position":1,"name":"Accueil","item":"https:\/\/eurosdiscounts.com\/"},{"@type":"ListItem","position":2,"name":"Boutique","item":"https:\/\/eurosdiscounts.com\/index.php\/boutique\/"},{"@type":"ListItem","position":3,"name":"DUKE Canap\u00e9 convertible 3 places beige"}]},{"@type":"WebSite","@id":"https:\/\/eurosdiscounts.com\/#website","url":"https:\/\/eurosdiscounts.com\/","name":"Eurosdiscounts.com- Achat sur Internet a prix discount, Canap\u00e9s pas cher, Smartphone pas cher, pc portable pas cher..","description":"Eurosdiscounts.com- Achat sur Internet a prix discount, Canap\u00e9s pas cher, Smartphone pas cher, pc portable pas cher..","potentialAction":[{"@type":"SearchAction","target":{"@type":"EntryPoint","urlTemplate":"https:\/\/eurosdiscounts.com\/?s={search_term_string}"},"query-input":{"@type":"PropertyValueSpecification","valueRequired":true,"valueName":"search_term_string"}}],"inLanguage":"fr-FR"}]}},"_links":{"self":[{"href":"https:\/\/eurosdiscounts.com\/index.php\/wp-json\/wp\/v2\/product\/19425","targetHints":{"allow":["GET"]}}],"collection":[{"href":"https:\/\/eurosdiscounts.com\/index.php\/wp-json\/wp\/v2\/product"}],"about":[{"href":"https:\/\/eurosdiscounts.com\/index.php\/wp-json\/wp\/v2\/types\/product"}],"replies":[{"embeddable":true,"href":"https:\/\/eurosdiscounts.com\/index.php\/wp-json\/wp\/v2\/comments?post=19425"}],"wp:featuredmedia":[{"embeddable":true,"href":"https:\/\/eurosdiscounts.com\/index.php\/wp-json\/wp\/v2\/media\/19426"}],"wp:attachment":[{"href":"https:\/\/eurosdiscounts.com\/index.php\/wp-json\/wp\/v2\/media?parent=19425"}],"wp:term":[{"taxonomy":"product_cat","embeddable":true,"href":"https:\/\/eurosdiscounts.com\/index.php\/wp-json\/wp\/v2\/product_cat?post=19425"},{"taxonomy":"product_tag","embeddable":true,"href":"https:\/\/eurosdiscounts.com\/index.php\/wp-json\/wp\/v2\/product_tag?post=19425"}],"curies":[{"name":"wp","href":"https:\/\/api.w.org\/{rel}","templated":true}]}}