{"id":19058,"date":"2022-07-06T14:46:06","date_gmt":"2022-07-06T12:46:06","guid":{"rendered":"https:\/\/eurosdiscounts.com\/?post_type=product&#038;p=19058"},"modified":"2022-07-06T14:46:06","modified_gmt":"2022-07-06T12:46:06","slug":"abri-de-stockage-a-bois-acier-galvanise-330x84x152cm-anthracite","status":"publish","type":"product","link":"https:\/\/eurosdiscounts.com\/index.php\/produit\/abri-de-stockage-a-bois-acier-galvanise-330x84x152cm-anthracite\/","title":{"rendered":"Abri de stockage \u00e0 bois Acier galvanis\u00e9 330x84x152cm Anthracite"},"content":{"rendered":"<h2 class=\"title h4\">Description<\/h2>\n<div class=\"value content\">\n<p>Cet abri de stockage de bois est une excellente solution de stockage pour le bois de chauffage.<\/p>\n<p>Sa construction est stable avec des barres de support en acier et de nombreux tubes de chaque c\u00f4t\u00e9. Fabriqu\u00e9 en acier galvanis\u00e9, l&rsquo;abri \u00e0 bois de chauffage n\u00e9cessite peu d&rsquo;entretien et est tr\u00e8s durable. Cet abri \u00e0 b\u00fbches comprend un cadre de sol en acier pour une stabilit\u00e9 accrue et des lattes de sol sur\u00e9lev\u00e9es pour garder les b\u00fbches a\u00e9r\u00e9es et s\u00e8ches. L&rsquo;eau de pluie sera automatiquement \u00e9vacu\u00e9e du toit gr\u00e2ce \u00e0 sa conception inclin\u00e9e. Notre abri de stockage de bois de chauffage est facile \u00e0 assembler.<\/p>\n<p>Gardez votre bois de chauffage rang\u00e9, empil\u00e9 et a\u00e9r\u00e9 dans cet abri de stockage de bois massif et compact !<\/p>\n<\/div>\n","protected":false},"excerpt":{"rendered":"<h2 class=\"title h4\">Sp\u00e9cifications<\/h2>\n<div class=\"value content\">\n<ul>\n<li>Couleur : anthracite<\/li>\n<li>Mat\u00e9riau : acier galvanis\u00e9<\/li>\n<li>Dimensions : 330 x 84 x 144\/152 cm (L x l x H)<\/li>\n<li>Comprend de nombreux tubes de chaque c\u00f4t\u00e9<\/li>\n<li>L&rsquo;assemblage est requis<\/li>\n<li>EAN:8719883757278<\/li>\n<li>SKU:47085<\/li>\n<\/ul>\n<\/div>\n","protected":false},"featured_media":19059,"comment_status":"open","ping_status":"closed","template":"","meta":[],"product_cat":[252],"product_tag":[],"class_list":{"0":"post-19058","1":"product","2":"type-product","3":"status-publish","4":"has-post-thumbnail","6":"product_cat-accessoires-pour-cheminees","8":"first","9":"instock","10":"shipping-taxable","11":"purchasable","12":"product-type-simple","13":"col-xs-6 col-sm-4","14":"col-md-3 col-lg-3","15":"un-4-cols"},"yoast_head":"<!-- This site is optimized with the Yoast SEO plugin v27.0 - https:\/\/yoast.com\/product\/yoast-seo-wordpress\/ -->\n<title>Abri de stockage \u00e0 bois Acier galvanis\u00e9 330x84x152cm Anthracite - Eurosdiscounts.com- Achat sur Internet a prix discount, Canap\u00e9s pas cher, Smartphone pas cher, pc portable pas cher..<\/title>\n<meta name=\"description\" content=\"Abri de stockage \u00e0 bois Acier galvanis\u00e9 330x84x152cm Anthracite\" \/>\n<meta name=\"robots\" content=\"index, follow, max-snippet:-1, max-image-preview:large, max-video-preview:-1\" \/>\n<link rel=\"canonical\" href=\"https:\/\/eurosdiscounts.com\/index.php\/produit\/abri-de-stockage-a-bois-acier-galvanise-330x84x152cm-anthracite\/\" \/>\n<meta property=\"og:locale\" content=\"fr_FR\" \/>\n<meta property=\"og:type\" content=\"article\" \/>\n<meta property=\"og:title\" content=\"Abri de stockage \u00e0 bois Acier galvanis\u00e9 330x84x152cm Anthracite - Eurosdiscounts.com- Achat sur Internet a prix discount, Canap\u00e9s pas cher, Smartphone pas cher, pc portable pas cher..\" \/>\n<meta property=\"og:description\" content=\"Abri de stockage \u00e0 bois Acier galvanis\u00e9 330x84x152cm Anthracite\" \/>\n<meta property=\"og:url\" content=\"https:\/\/eurosdiscounts.com\/index.php\/produit\/abri-de-stockage-a-bois-acier-galvanise-330x84x152cm-anthracite\/\" \/>\n<meta property=\"og:site_name\" content=\"Eurosdiscounts.com- Achat sur Internet a prix discount, Canap\u00e9s pas cher, Smartphone pas cher, pc portable pas cher..\" \/>\n<meta property=\"og:image\" content=\"https:\/\/eurosdiscounts.com\/wp-content\/uploads\/2022\/07\/image_1_47085.jpg\" \/>\n\t<meta property=\"og:image:width\" content=\"400\" \/>\n\t<meta property=\"og:image:height\" content=\"400\" \/>\n\t<meta property=\"og:image:type\" content=\"image\/jpeg\" \/>\n<meta name=\"twitter:card\" content=\"summary_large_image\" \/>\n<meta name=\"twitter:label1\" content=\"Dur\u00e9e de lecture estim\u00e9e\" \/>\n\t<meta name=\"twitter:data1\" content=\"1 minute\" \/>\n<script type=\"application\/ld+json\" class=\"yoast-schema-graph\">{\"@context\":\"https:\/\/schema.org\",\"@graph\":[{\"@type\":\"WebPage\",\"@id\":\"https:\/\/eurosdiscounts.com\/index.php\/produit\/abri-de-stockage-a-bois-acier-galvanise-330x84x152cm-anthracite\/\",\"url\":\"https:\/\/eurosdiscounts.com\/index.php\/produit\/abri-de-stockage-a-bois-acier-galvanise-330x84x152cm-anthracite\/\",\"name\":\"Abri de stockage \u00e0 bois Acier galvanis\u00e9 330x84x152cm Anthracite - Eurosdiscounts.com- Achat sur Internet a prix discount, Canap\u00e9s pas cher, Smartphone pas cher, pc portable pas cher..\",\"isPartOf\":{\"@id\":\"https:\/\/eurosdiscounts.com\/#website\"},\"primaryImageOfPage\":{\"@id\":\"https:\/\/eurosdiscounts.com\/index.php\/produit\/abri-de-stockage-a-bois-acier-galvanise-330x84x152cm-anthracite\/#primaryimage\"},\"image\":{\"@id\":\"https:\/\/eurosdiscounts.com\/index.php\/produit\/abri-de-stockage-a-bois-acier-galvanise-330x84x152cm-anthracite\/#primaryimage\"},\"thumbnailUrl\":\"https:\/\/eurosdiscounts.com\/wp-content\/uploads\/2022\/07\/image_1_47085.jpg\",\"datePublished\":\"2022-07-06T12:46:06+00:00\",\"description\":\"Abri de stockage \u00e0 bois Acier galvanis\u00e9 330x84x152cm Anthracite\",\"breadcrumb\":{\"@id\":\"https:\/\/eurosdiscounts.com\/index.php\/produit\/abri-de-stockage-a-bois-acier-galvanise-330x84x152cm-anthracite\/#breadcrumb\"},\"inLanguage\":\"fr-FR\",\"potentialAction\":[{\"@type\":\"ReadAction\",\"target\":[\"https:\/\/eurosdiscounts.com\/index.php\/produit\/abri-de-stockage-a-bois-acier-galvanise-330x84x152cm-anthracite\/\"]}]},{\"@type\":\"ImageObject\",\"inLanguage\":\"fr-FR\",\"@id\":\"https:\/\/eurosdiscounts.com\/index.php\/produit\/abri-de-stockage-a-bois-acier-galvanise-330x84x152cm-anthracite\/#primaryimage\",\"url\":\"https:\/\/eurosdiscounts.com\/wp-content\/uploads\/2022\/07\/image_1_47085.jpg\",\"contentUrl\":\"https:\/\/eurosdiscounts.com\/wp-content\/uploads\/2022\/07\/image_1_47085.jpg\",\"width\":400,\"height\":400},{\"@type\":\"BreadcrumbList\",\"@id\":\"https:\/\/eurosdiscounts.com\/index.php\/produit\/abri-de-stockage-a-bois-acier-galvanise-330x84x152cm-anthracite\/#breadcrumb\",\"itemListElement\":[{\"@type\":\"ListItem\",\"position\":1,\"name\":\"Accueil\",\"item\":\"https:\/\/eurosdiscounts.com\/\"},{\"@type\":\"ListItem\",\"position\":2,\"name\":\"Boutique\",\"item\":\"https:\/\/eurosdiscounts.com\/index.php\/boutique\/\"},{\"@type\":\"ListItem\",\"position\":3,\"name\":\"Abri de stockage \u00e0 bois Acier galvanis\u00e9 330x84x152cm Anthracite\"}]},{\"@type\":\"WebSite\",\"@id\":\"https:\/\/eurosdiscounts.com\/#website\",\"url\":\"https:\/\/eurosdiscounts.com\/\",\"name\":\"Eurosdiscounts.com- Achat sur Internet a prix discount, Canap\u00e9s pas cher, Smartphone pas cher, pc portable pas cher..\",\"description\":\"Eurosdiscounts.com- Achat sur Internet a prix discount, Canap\u00e9s pas cher, Smartphone pas cher, pc portable pas cher..\",\"potentialAction\":[{\"@type\":\"SearchAction\",\"target\":{\"@type\":\"EntryPoint\",\"urlTemplate\":\"https:\/\/eurosdiscounts.com\/?s={search_term_string}\"},\"query-input\":{\"@type\":\"PropertyValueSpecification\",\"valueRequired\":true,\"valueName\":\"search_term_string\"}}],\"inLanguage\":\"fr-FR\"}]}<\/script>\n<!-- \/ Yoast SEO plugin. -->","yoast_head_json":{"title":"Abri de stockage \u00e0 bois Acier galvanis\u00e9 330x84x152cm Anthracite - Eurosdiscounts.com- Achat sur Internet a prix discount, Canap\u00e9s pas cher, Smartphone pas cher, pc portable pas cher..","description":"Abri de stockage \u00e0 bois Acier galvanis\u00e9 330x84x152cm Anthracite","robots":{"index":"index","follow":"follow","max-snippet":"max-snippet:-1","max-image-preview":"max-image-preview:large","max-video-preview":"max-video-preview:-1"},"canonical":"https:\/\/eurosdiscounts.com\/index.php\/produit\/abri-de-stockage-a-bois-acier-galvanise-330x84x152cm-anthracite\/","og_locale":"fr_FR","og_type":"article","og_title":"Abri de stockage \u00e0 bois Acier galvanis\u00e9 330x84x152cm Anthracite - Eurosdiscounts.com- Achat sur Internet a prix discount, Canap\u00e9s pas cher, Smartphone pas cher, pc portable pas cher..","og_description":"Abri de stockage \u00e0 bois Acier galvanis\u00e9 330x84x152cm Anthracite","og_url":"https:\/\/eurosdiscounts.com\/index.php\/produit\/abri-de-stockage-a-bois-acier-galvanise-330x84x152cm-anthracite\/","og_site_name":"Eurosdiscounts.com- Achat sur Internet a prix discount, Canap\u00e9s pas cher, Smartphone pas cher, pc portable pas cher..","og_image":[{"width":400,"height":400,"url":"https:\/\/eurosdiscounts.com\/wp-content\/uploads\/2022\/07\/image_1_47085.jpg","type":"image\/jpeg"}],"twitter_card":"summary_large_image","twitter_misc":{"Dur\u00e9e de lecture estim\u00e9e":"1 minute"},"schema":{"@context":"https:\/\/schema.org","@graph":[{"@type":"WebPage","@id":"https:\/\/eurosdiscounts.com\/index.php\/produit\/abri-de-stockage-a-bois-acier-galvanise-330x84x152cm-anthracite\/","url":"https:\/\/eurosdiscounts.com\/index.php\/produit\/abri-de-stockage-a-bois-acier-galvanise-330x84x152cm-anthracite\/","name":"Abri de stockage \u00e0 bois Acier galvanis\u00e9 330x84x152cm Anthracite - Eurosdiscounts.com- Achat sur Internet a prix discount, Canap\u00e9s pas cher, Smartphone pas cher, pc portable pas cher..","isPartOf":{"@id":"https:\/\/eurosdiscounts.com\/#website"},"primaryImageOfPage":{"@id":"https:\/\/eurosdiscounts.com\/index.php\/produit\/abri-de-stockage-a-bois-acier-galvanise-330x84x152cm-anthracite\/#primaryimage"},"image":{"@id":"https:\/\/eurosdiscounts.com\/index.php\/produit\/abri-de-stockage-a-bois-acier-galvanise-330x84x152cm-anthracite\/#primaryimage"},"thumbnailUrl":"https:\/\/eurosdiscounts.com\/wp-content\/uploads\/2022\/07\/image_1_47085.jpg","datePublished":"2022-07-06T12:46:06+00:00","description":"Abri de stockage \u00e0 bois Acier galvanis\u00e9 330x84x152cm Anthracite","breadcrumb":{"@id":"https:\/\/eurosdiscounts.com\/index.php\/produit\/abri-de-stockage-a-bois-acier-galvanise-330x84x152cm-anthracite\/#breadcrumb"},"inLanguage":"fr-FR","potentialAction":[{"@type":"ReadAction","target":["https:\/\/eurosdiscounts.com\/index.php\/produit\/abri-de-stockage-a-bois-acier-galvanise-330x84x152cm-anthracite\/"]}]},{"@type":"ImageObject","inLanguage":"fr-FR","@id":"https:\/\/eurosdiscounts.com\/index.php\/produit\/abri-de-stockage-a-bois-acier-galvanise-330x84x152cm-anthracite\/#primaryimage","url":"https:\/\/eurosdiscounts.com\/wp-content\/uploads\/2022\/07\/image_1_47085.jpg","contentUrl":"https:\/\/eurosdiscounts.com\/wp-content\/uploads\/2022\/07\/image_1_47085.jpg","width":400,"height":400},{"@type":"BreadcrumbList","@id":"https:\/\/eurosdiscounts.com\/index.php\/produit\/abri-de-stockage-a-bois-acier-galvanise-330x84x152cm-anthracite\/#breadcrumb","itemListElement":[{"@type":"ListItem","position":1,"name":"Accueil","item":"https:\/\/eurosdiscounts.com\/"},{"@type":"ListItem","position":2,"name":"Boutique","item":"https:\/\/eurosdiscounts.com\/index.php\/boutique\/"},{"@type":"ListItem","position":3,"name":"Abri de stockage \u00e0 bois Acier galvanis\u00e9 330x84x152cm Anthracite"}]},{"@type":"WebSite","@id":"https:\/\/eurosdiscounts.com\/#website","url":"https:\/\/eurosdiscounts.com\/","name":"Eurosdiscounts.com- Achat sur Internet a prix discount, Canap\u00e9s pas cher, Smartphone pas cher, pc portable pas cher..","description":"Eurosdiscounts.com- Achat sur Internet a prix discount, Canap\u00e9s pas cher, Smartphone pas cher, pc portable pas cher..","potentialAction":[{"@type":"SearchAction","target":{"@type":"EntryPoint","urlTemplate":"https:\/\/eurosdiscounts.com\/?s={search_term_string}"},"query-input":{"@type":"PropertyValueSpecification","valueRequired":true,"valueName":"search_term_string"}}],"inLanguage":"fr-FR"}]}},"_links":{"self":[{"href":"https:\/\/eurosdiscounts.com\/index.php\/wp-json\/wp\/v2\/product\/19058","targetHints":{"allow":["GET"]}}],"collection":[{"href":"https:\/\/eurosdiscounts.com\/index.php\/wp-json\/wp\/v2\/product"}],"about":[{"href":"https:\/\/eurosdiscounts.com\/index.php\/wp-json\/wp\/v2\/types\/product"}],"replies":[{"embeddable":true,"href":"https:\/\/eurosdiscounts.com\/index.php\/wp-json\/wp\/v2\/comments?post=19058"}],"wp:featuredmedia":[{"embeddable":true,"href":"https:\/\/eurosdiscounts.com\/index.php\/wp-json\/wp\/v2\/media\/19059"}],"wp:attachment":[{"href":"https:\/\/eurosdiscounts.com\/index.php\/wp-json\/wp\/v2\/media?parent=19058"}],"wp:term":[{"taxonomy":"product_cat","embeddable":true,"href":"https:\/\/eurosdiscounts.com\/index.php\/wp-json\/wp\/v2\/product_cat?post=19058"},{"taxonomy":"product_tag","embeddable":true,"href":"https:\/\/eurosdiscounts.com\/index.php\/wp-json\/wp\/v2\/product_tag?post=19058"}],"curies":[{"name":"wp","href":"https:\/\/api.w.org\/{rel}","templated":true}]}}