{"id":18816,"date":"2022-06-24T11:06:51","date_gmt":"2022-06-24T09:06:51","guid":{"rendered":"https:\/\/eurosdiscounts.com\/?post_type=product&#038;p=18816"},"modified":"2022-06-24T11:06:51","modified_gmt":"2022-06-24T09:06:51","slug":"cave-de-service-rosieres-rwcb-60-n-60-cm","status":"publish","type":"product","link":"https:\/\/eurosdiscounts.com\/index.php\/produit\/cave-de-service-rosieres-rwcb-60-n-60-cm\/","title":{"rendered":"Cave de service ROSIERES RWCB 60\/N &#8211; 60 CM"},"content":{"rendered":"<div>\n<h2 class=\"product_bloc_aside_title font-2\">CARACT\u00c9RISTIQUES<\/h2>\n<\/div>\n<div class=\"product_bloc_content bloc ombre \">\n<table class=\"font-2\">\n<caption class=\"caption_hidden\">Caract\u00e9ristiques<\/caption>\n<tbody>\n<tr class=\"odd\">\n<th scope=\"row\">Fonctionnalit\u00e9 appareil du froid<\/th>\n<td class=\"font-2-b\">\n<ul class=\"characteristics\">\n<li class=\"\">Affichage de la temp\u00e9rature<\/li>\n<\/ul>\n<\/td>\n<\/tr>\n<tr class=\"\">\n<th scope=\"row\">Type de pose<\/th>\n<td class=\"font-2-b\">\n<ul class=\"characteristics\">\n<li class=\"\">Encastrable<\/li>\n<\/ul>\n<\/td>\n<\/tr>\n<tr class=\"odd\">\n<th scope=\"row\">Co\u00fbt estim\u00e9 d&rsquo;utilisation annuel<\/th>\n<td class=\"font-2-b\">\n<ul class=\"characteristics\">\n<li class=\"\">21 Euros<\/li>\n<\/ul>\n<\/td>\n<\/tr>\n<tr class=\"\">\n<th scope=\"row\">Volume total<\/th>\n<td class=\"font-2-b\">\n<ul class=\"characteristics\">\n<li class=\"\">134 l<\/li>\n<\/ul>\n<\/td>\n<\/tr>\n<tr class=\"odd\">\n<th scope=\"row\">Nombre de porte<\/th>\n<td class=\"font-2-b\">\n<ul class=\"characteristics\">\n<li class=\"\">1<\/li>\n<\/ul>\n<\/td>\n<\/tr>\n<tr class=\"\">\n<th scope=\"row\">Niveau sonore<\/th>\n<td class=\"font-2-b\">\n<ul class=\"characteristics\">\n<li class=\"\">39 dB<\/li>\n<\/ul>\n<\/td>\n<\/tr>\n<tr class=\"odd\">\n<th scope=\"row\">Nombre de bouteilles (cave)<\/th>\n<td class=\"font-2-b\">\n<ul class=\"characteristics\">\n<li class=\"\">46<\/li>\n<\/ul>\n<\/td>\n<\/tr>\n<tr class=\"\">\n<th scope=\"row\">Connect\u00e9<\/th>\n<td class=\"font-2-b\">\n<ul class=\"characteristics\">\n<li class=\"\">Non<\/li>\n<\/ul>\n<\/td>\n<\/tr>\n<tr class=\"odd\">\n<th scope=\"row\">Hauteur d&rsquo;encastrement<\/th>\n<td class=\"font-2-b\">\n<ul class=\"characteristics\">\n<li class=\"\">81,8 cm<\/li>\n<\/ul>\n<\/td>\n<\/tr>\n<tr class=\"\">\n<th scope=\"row\">Largeur d&rsquo;encastrement<\/th>\n<td class=\"font-2-b\">\n<ul class=\"characteristics\">\n<li class=\"\">60 cm<\/li>\n<\/ul>\n<\/td>\n<\/tr>\n<tr class=\"odd\">\n<th scope=\"row\">Profondeur d&rsquo;encastrement<\/th>\n<td class=\"font-2-b\">\n<ul class=\"characteristics\">\n<li class=\"\">58,5 cm<\/li>\n<\/ul>\n<\/td>\n<\/tr>\n<tr class=\"\">\n<th scope=\"row\">Hauteur<\/th>\n<td class=\"font-2-b\">\n<ul class=\"characteristics\">\n<li class=\"\">81,3 cm<\/li>\n<\/ul>\n<\/td>\n<\/tr>\n<tr class=\"odd\">\n<th scope=\"row\">Largeur<\/th>\n<td class=\"font-2-b\">\n<ul class=\"characteristics\">\n<li class=\"\">59,5 cm<\/li>\n<\/ul>\n<\/td>\n<\/tr>\n<tr class=\"\">\n<th scope=\"row\">Profondeur du produit<\/th>\n<td class=\"font-2-b\">\n<ul class=\"characteristics\">\n<li class=\"\">56,2 cm<\/li>\n<\/ul>\n<\/td>\n<\/tr>\n<tr class=\"odd\">\n<th scope=\"row\">Classe climatique<\/th>\n<td class=\"font-2-b\">\n<ul class=\"characteristics\">\n<li class=\"\">N<\/li>\n<\/ul>\n<\/td>\n<\/tr>\n<tr class=\"\">\n<th scope=\"row\">Consommation d&rsquo;\u00e9nergie annuelle<\/th>\n<td class=\"font-2-b\">\n<ul class=\"characteristics\">\n<li class=\"\">145 kWh<\/li>\n<\/ul>\n<\/td>\n<\/tr>\n<tr class=\"odd\">\n<th scope=\"row\">Nombre de clayettes<\/th>\n<td class=\"font-2-b\">\n<ul class=\"characteristics\">\n<li class=\"\">6<\/li>\n<\/ul>\n<\/td>\n<\/tr>\n<tr class=\"\">\n<th scope=\"row\">Type de porte (cave)<\/th>\n<td class=\"font-2-b\">\n<ul class=\"characteristics\">\n<li class=\"\">Vitr\u00e9e<\/li>\n<\/ul>\n<\/td>\n<\/tr>\n<tr class=\"odd\">\n<th scope=\"row\">Avantages produits<\/th>\n<td class=\"font-2-b\">\n<ul class=\"characteristics\">\n<li class=\"\">Eclairage LED<\/li>\n<\/ul>\n<\/td>\n<\/tr>\n<tr class=\"\">\n<th scope=\"row\">Couleur<\/th>\n<td class=\"font-2-b\">\n<ul class=\"characteristics\">\n<li class=\"\">Noir<\/li>\n<\/ul>\n<\/td>\n<\/tr>\n<tr class=\"odd\">\n<th scope=\"row\">Poids<\/th>\n<td class=\"font-2-b\">\n<ul class=\"characteristics\">\n<li class=\"\">49 kg<\/li>\n<\/ul>\n<\/td>\n<\/tr>\n<tr class=\"\">\n<th scope=\"row\">Origine de fabrication<\/th>\n<td class=\"font-2-b\">\n<ul class=\"characteristics\">\n<li class=\"\">Chine<\/li>\n<\/ul>\n<\/td>\n<\/tr>\n<tr class=\"odd\">\n<th scope=\"row\">Longueur du cordon<\/th>\n<td class=\"font-2-b\">\n<ul class=\"characteristics\">\n<li class=\"\">19,3 cm<\/li>\n<\/ul>\n<\/td>\n<\/tr>\n<tr class=\"\">\n<th scope=\"row\">Type de r\u00e9frig\u00e9ration<\/th>\n<td class=\"font-2-b\">\n<ul class=\"characteristics\">\n<li class=\"\">Froid brass\u00e9<\/li>\n<\/ul>\n<\/td>\n<\/tr>\n<tr class=\"odd\">\n<th scope=\"row\">Cat\u00e9gorie de niveau sonore<\/th>\n<td class=\"font-2-b\">\n<ul class=\"characteristics\">\n<li class=\"\">C<\/li>\n<\/ul>\n<\/td>\n<\/tr>\n<tr class=\"\">\n<th scope=\"row\">Classe \u00e9nerg\u00e9tique<\/th>\n<td class=\"font-2-b\">\n<ul class=\"characteristics\">\n<li class=\"\">G<\/li>\n<\/ul>\n<\/td>\n<\/tr>\n<tr class=\"odd\">\n<th scope=\"row\">Disponibilit\u00e9 des pi\u00e8ces d\u00e9tach\u00e9es<\/th>\n<td class=\"font-2-b\">\n<ul class=\"characteristics\">\n<li class=\"\">10 ans<\/li>\n<\/ul>\n<\/td>\n<\/tr>\n<tr class=\"\">\n<th scope=\"row\">Code<\/th>\n<td class=\"font-2-b\">\n<ul class=\"characteristics\">\n<li class=\"\">4972066<\/li>\n<\/ul>\n<\/td>\n<\/tr>\n<\/tbody>\n<\/table>\n<\/div>\n","protected":false},"excerpt":{"rendered":"<p class=\"product_section_title font-2-b\">Les points forts :<\/p>\n<ul class=\"product_details_items font-2-l\">\n<li class=\"product_details_item\">Encastrable &#8211; Capacit\u00e9 de 46 bouteilles &#8211; Classe G \u2013 39 dB<\/li>\n<li class=\"product_details_item\">Froid brass\u00e9 &#8211; 6 clayettes fronton bois<\/li>\n<li class=\"product_details_item\">Dimensions (HxLxP): 81.3&#215;59.5&#215;56.2<\/li>\n<li class=\"product_details_item\">Porte vitr\u00e9e \u2013 Eclairage LED<\/li>\n<\/ul>\n<div>\n<h2 class=\"product_bloc_aside_title font-2\">DESCRIPTION<\/h2>\n<\/div>\n<div class=\"product_bloc_content bloc ombre font-2\">\n<div class=\"columns\">\n<div><b>Un endroit sp\u00e9cial pour vos bouteilles directement dans votre cuisine \u00e9quip\u00e9e !\u00a0<\/b><\/div>\n<div><b>Cette cave \u00e0 vin de service encastrable Rosi\u00e8res RWCB 60\/N s&rsquo;installe dans une niche d&rsquo;une hauteur 60 cm et peut contenir jusqu&rsquo;\u00e0 46 bouteilles ! Sa porte vitr\u00e9e lui conf\u00e8re un design moderne et permet de prot\u00e9ger vos meilleurs crus de la lumi\u00e8re !\u00a0<\/b><\/div>\n<div><b>\u00a0<\/b><\/div>\n<div><b>Design\u00a0<\/b><\/div>\n<div>Le cadre de la porte noire et sa poign\u00e9e en inox lui conf\u00e8rent un design \u00e9l\u00e9gant et moderne !<\/div>\n<div><\/div>\n<div><b>Cave \u00e0 vin de service\u00a0<\/b><\/div>\n<div>Assure une conservation des vins en vue d&rsquo;une d\u00e9gustation \u00e0 temp\u00e9rature optimale \u00e0 tout moment.<\/div>\n<div><\/div>\n<div><b>Capacit\u00e9\u00a0<\/b><\/div>\n<div>Cette cave dispose d\u2019une capacit\u00e9 de 46 bouteilles, 16 bouteilles dans la partie sup\u00e9rieure et 30 bouteilles dans la partie inf\u00e9rieure.<\/div>\n<div><b>\u00a0<\/b><\/div>\n<div><b>Contr\u00f4le et affichage \u00e9lectronique\u00a0\u00a0<\/b><\/div>\n<div>Dot\u00e9e du contr\u00f4le \u00e9lectronique, cette cave de service dispose d&rsquo;une meilleure gestion de la temp\u00e9rature et une optimisation de la conservation du vin.<\/div>\n<div>Son affichage \u00e9lectronique vous indique la temp\u00e9rature exacte de votre cave.<\/div>\n<div><\/div>\n<div><b>Clayettes en bois naturel\u00a0<\/b><\/div>\n<div>Esth\u00e9tiques et design, les clayettes en bois naturel sont parfaites pour conserver les bouteilles de vin. L\u00e9g\u00e8rement inclin\u00e9es, elles permettent de maintenir le bouchon de li\u00e8ge toujours humide et \u00e9vitent ainsi au vin de se dess\u00e9cher.<\/div>\n<div><\/div>\n<div><b>Syst\u00e8me anti-vibrations\u00a0<\/b><\/div>\n<div>Gr\u00e2ce \u00e0 un compresseur de haute qualit\u00e9, Rosi\u00e8res a d\u00e9velopp\u00e9 un syst\u00e8me anti-vibrations qui prot\u00e8ge les vins contre les vibrations qui risquent de nuire au bon d\u00e9roulement du processus de vieillissement.<\/div>\n<div><\/div>\n<div><b>Filtre \u00e0 charbon\u00a0<\/b><\/div>\n<div>Cette cave est \u00e9quip\u00e9e d\u2019un filtre \u00e0 charbon, \u00e9l\u00e9ment indispensable pour assainir l\u2019air dans une cave \u00e0 vin. Il contribue au bon fonctionnement de la cave en purifiant l\u2019air ambiant et en r\u00e9duisant les mauvaises odeurs venant de l\u2019humidit\u00e9. Le vin pourra alors \u00eatre conserv\u00e9 plus longtemps.<\/div>\n<div><\/div>\n<div><b>Classe climatique temp\u00e9r\u00e9e\u00a0<\/b><\/div>\n<div>Cette cave fonctionne dans une pi\u00e8ce dont la\u00a0 temp\u00e9rature se situe entre +16 \u00e0 +32\u00b0C.<\/div>\n<div><\/div>\n<div><b>Porte r\u00e9versible\u00a0<\/b><\/div>\n<div>La porte en verre noir est r\u00e9versible, pour une ouverture \u00e0 droite ou \u00e0 gauche, selon vos envies.<\/div>\n<div><b>\u00a0<\/b><\/div>\n<div><b>Eclairage LED\u00a0<\/b><\/div>\n<div>Il apporte une parfaite visibilit\u00e9 \u00e0 l&rsquo;int\u00e9rieur de l&rsquo;appareil. De plus, les LED sont tr\u00e8s \u00e9conomiques et durent 10 fois plus longtemps que des ampoules classiques.<\/div>\n<\/div>\n<\/div>\n","protected":false},"featured_media":18822,"comment_status":"open","ping_status":"closed","template":"","meta":[],"product_cat":[217],"product_tag":[],"class_list":{"0":"post-18816","1":"product","2":"type-product","3":"status-publish","4":"has-post-thumbnail","6":"product_cat-caves-a-vin","8":"first","9":"instock","10":"sale","11":"shipping-taxable","12":"purchasable","13":"product-type-simple","14":"col-xs-6 col-sm-4","15":"col-md-3 col-lg-3","16":"un-4-cols"},"yoast_head":"<!-- This site is optimized with the Yoast SEO plugin v27.0 - https:\/\/yoast.com\/product\/yoast-seo-wordpress\/ -->\n<title>Cave de service ROSIERES RWCB 60\/N - 60 CM - Eurosdiscounts.com- Achat sur Internet a prix discount, Canap\u00e9s pas cher, Smartphone pas cher, pc portable pas cher..<\/title>\n<meta name=\"description\" content=\"Cave de service ROSIERES RWCB 60\/N - 60 CM\" \/>\n<meta name=\"robots\" content=\"index, follow, max-snippet:-1, max-image-preview:large, max-video-preview:-1\" \/>\n<link rel=\"canonical\" href=\"https:\/\/eurosdiscounts.com\/index.php\/produit\/cave-de-service-rosieres-rwcb-60-n-60-cm\/\" \/>\n<meta property=\"og:locale\" content=\"fr_FR\" \/>\n<meta property=\"og:type\" content=\"article\" \/>\n<meta property=\"og:title\" content=\"Cave de service ROSIERES RWCB 60\/N - 60 CM - Eurosdiscounts.com- Achat sur Internet a prix discount, Canap\u00e9s pas cher, Smartphone pas cher, pc portable pas cher..\" \/>\n<meta property=\"og:description\" content=\"Cave de service ROSIERES RWCB 60\/N - 60 CM\" \/>\n<meta property=\"og:url\" content=\"https:\/\/eurosdiscounts.com\/index.php\/produit\/cave-de-service-rosieres-rwcb-60-n-60-cm\/\" \/>\n<meta property=\"og:site_name\" content=\"Eurosdiscounts.com- Achat sur Internet a prix discount, Canap\u00e9s pas cher, Smartphone pas cher, pc portable pas cher..\" \/>\n<meta property=\"og:image\" content=\"https:\/\/eurosdiscounts.com\/wp-content\/uploads\/2022\/06\/rosieres_rwcb_60_n_t2106084972066A_093020872.png\" \/>\n\t<meta property=\"og:image:width\" content=\"300\" \/>\n\t<meta property=\"og:image:height\" content=\"450\" \/>\n\t<meta property=\"og:image:type\" content=\"image\/png\" \/>\n<meta name=\"twitter:card\" content=\"summary_large_image\" \/>\n<meta name=\"twitter:label1\" content=\"Dur\u00e9e de lecture estim\u00e9e\" \/>\n\t<meta name=\"twitter:data1\" content=\"1 minute\" \/>\n<script type=\"application\/ld+json\" class=\"yoast-schema-graph\">{\"@context\":\"https:\/\/schema.org\",\"@graph\":[{\"@type\":\"WebPage\",\"@id\":\"https:\/\/eurosdiscounts.com\/index.php\/produit\/cave-de-service-rosieres-rwcb-60-n-60-cm\/\",\"url\":\"https:\/\/eurosdiscounts.com\/index.php\/produit\/cave-de-service-rosieres-rwcb-60-n-60-cm\/\",\"name\":\"Cave de service ROSIERES RWCB 60\/N - 60 CM - Eurosdiscounts.com- Achat sur Internet a prix discount, Canap\u00e9s pas cher, Smartphone pas cher, pc portable pas cher..\",\"isPartOf\":{\"@id\":\"https:\/\/eurosdiscounts.com\/#website\"},\"primaryImageOfPage\":{\"@id\":\"https:\/\/eurosdiscounts.com\/index.php\/produit\/cave-de-service-rosieres-rwcb-60-n-60-cm\/#primaryimage\"},\"image\":{\"@id\":\"https:\/\/eurosdiscounts.com\/index.php\/produit\/cave-de-service-rosieres-rwcb-60-n-60-cm\/#primaryimage\"},\"thumbnailUrl\":\"https:\/\/eurosdiscounts.com\/wp-content\/uploads\/2022\/06\/rosieres_rwcb_60_n_t2106084972066A_093020872.png\",\"datePublished\":\"2022-06-24T09:06:51+00:00\",\"description\":\"Cave de service ROSIERES RWCB 60\/N - 60 CM\",\"breadcrumb\":{\"@id\":\"https:\/\/eurosdiscounts.com\/index.php\/produit\/cave-de-service-rosieres-rwcb-60-n-60-cm\/#breadcrumb\"},\"inLanguage\":\"fr-FR\",\"potentialAction\":[{\"@type\":\"ReadAction\",\"target\":[\"https:\/\/eurosdiscounts.com\/index.php\/produit\/cave-de-service-rosieres-rwcb-60-n-60-cm\/\"]}]},{\"@type\":\"ImageObject\",\"inLanguage\":\"fr-FR\",\"@id\":\"https:\/\/eurosdiscounts.com\/index.php\/produit\/cave-de-service-rosieres-rwcb-60-n-60-cm\/#primaryimage\",\"url\":\"https:\/\/eurosdiscounts.com\/wp-content\/uploads\/2022\/06\/rosieres_rwcb_60_n_t2106084972066A_093020872.png\",\"contentUrl\":\"https:\/\/eurosdiscounts.com\/wp-content\/uploads\/2022\/06\/rosieres_rwcb_60_n_t2106084972066A_093020872.png\",\"width\":300,\"height\":450},{\"@type\":\"BreadcrumbList\",\"@id\":\"https:\/\/eurosdiscounts.com\/index.php\/produit\/cave-de-service-rosieres-rwcb-60-n-60-cm\/#breadcrumb\",\"itemListElement\":[{\"@type\":\"ListItem\",\"position\":1,\"name\":\"Accueil\",\"item\":\"https:\/\/eurosdiscounts.com\/\"},{\"@type\":\"ListItem\",\"position\":2,\"name\":\"Boutique\",\"item\":\"https:\/\/eurosdiscounts.com\/index.php\/boutique\/\"},{\"@type\":\"ListItem\",\"position\":3,\"name\":\"Cave de service ROSIERES RWCB 60\/N &#8211; 60 CM\"}]},{\"@type\":\"WebSite\",\"@id\":\"https:\/\/eurosdiscounts.com\/#website\",\"url\":\"https:\/\/eurosdiscounts.com\/\",\"name\":\"Eurosdiscounts.com- Achat sur Internet a prix discount, Canap\u00e9s pas cher, Smartphone pas cher, pc portable pas cher..\",\"description\":\"Eurosdiscounts.com- Achat sur Internet a prix discount, Canap\u00e9s pas cher, Smartphone pas cher, pc portable pas cher..\",\"potentialAction\":[{\"@type\":\"SearchAction\",\"target\":{\"@type\":\"EntryPoint\",\"urlTemplate\":\"https:\/\/eurosdiscounts.com\/?s={search_term_string}\"},\"query-input\":{\"@type\":\"PropertyValueSpecification\",\"valueRequired\":true,\"valueName\":\"search_term_string\"}}],\"inLanguage\":\"fr-FR\"}]}<\/script>\n<!-- \/ Yoast SEO plugin. -->","yoast_head_json":{"title":"Cave de service ROSIERES RWCB 60\/N - 60 CM - Eurosdiscounts.com- Achat sur Internet a prix discount, Canap\u00e9s pas cher, Smartphone pas cher, pc portable pas cher..","description":"Cave de service ROSIERES RWCB 60\/N - 60 CM","robots":{"index":"index","follow":"follow","max-snippet":"max-snippet:-1","max-image-preview":"max-image-preview:large","max-video-preview":"max-video-preview:-1"},"canonical":"https:\/\/eurosdiscounts.com\/index.php\/produit\/cave-de-service-rosieres-rwcb-60-n-60-cm\/","og_locale":"fr_FR","og_type":"article","og_title":"Cave de service ROSIERES RWCB 60\/N - 60 CM - Eurosdiscounts.com- Achat sur Internet a prix discount, Canap\u00e9s pas cher, Smartphone pas cher, pc portable pas cher..","og_description":"Cave de service ROSIERES RWCB 60\/N - 60 CM","og_url":"https:\/\/eurosdiscounts.com\/index.php\/produit\/cave-de-service-rosieres-rwcb-60-n-60-cm\/","og_site_name":"Eurosdiscounts.com- Achat sur Internet a prix discount, Canap\u00e9s pas cher, Smartphone pas cher, pc portable pas cher..","og_image":[{"width":300,"height":450,"url":"https:\/\/eurosdiscounts.com\/wp-content\/uploads\/2022\/06\/rosieres_rwcb_60_n_t2106084972066A_093020872.png","type":"image\/png"}],"twitter_card":"summary_large_image","twitter_misc":{"Dur\u00e9e de lecture estim\u00e9e":"1 minute"},"schema":{"@context":"https:\/\/schema.org","@graph":[{"@type":"WebPage","@id":"https:\/\/eurosdiscounts.com\/index.php\/produit\/cave-de-service-rosieres-rwcb-60-n-60-cm\/","url":"https:\/\/eurosdiscounts.com\/index.php\/produit\/cave-de-service-rosieres-rwcb-60-n-60-cm\/","name":"Cave de service ROSIERES RWCB 60\/N - 60 CM - Eurosdiscounts.com- Achat sur Internet a prix discount, Canap\u00e9s pas cher, Smartphone pas cher, pc portable pas cher..","isPartOf":{"@id":"https:\/\/eurosdiscounts.com\/#website"},"primaryImageOfPage":{"@id":"https:\/\/eurosdiscounts.com\/index.php\/produit\/cave-de-service-rosieres-rwcb-60-n-60-cm\/#primaryimage"},"image":{"@id":"https:\/\/eurosdiscounts.com\/index.php\/produit\/cave-de-service-rosieres-rwcb-60-n-60-cm\/#primaryimage"},"thumbnailUrl":"https:\/\/eurosdiscounts.com\/wp-content\/uploads\/2022\/06\/rosieres_rwcb_60_n_t2106084972066A_093020872.png","datePublished":"2022-06-24T09:06:51+00:00","description":"Cave de service ROSIERES RWCB 60\/N - 60 CM","breadcrumb":{"@id":"https:\/\/eurosdiscounts.com\/index.php\/produit\/cave-de-service-rosieres-rwcb-60-n-60-cm\/#breadcrumb"},"inLanguage":"fr-FR","potentialAction":[{"@type":"ReadAction","target":["https:\/\/eurosdiscounts.com\/index.php\/produit\/cave-de-service-rosieres-rwcb-60-n-60-cm\/"]}]},{"@type":"ImageObject","inLanguage":"fr-FR","@id":"https:\/\/eurosdiscounts.com\/index.php\/produit\/cave-de-service-rosieres-rwcb-60-n-60-cm\/#primaryimage","url":"https:\/\/eurosdiscounts.com\/wp-content\/uploads\/2022\/06\/rosieres_rwcb_60_n_t2106084972066A_093020872.png","contentUrl":"https:\/\/eurosdiscounts.com\/wp-content\/uploads\/2022\/06\/rosieres_rwcb_60_n_t2106084972066A_093020872.png","width":300,"height":450},{"@type":"BreadcrumbList","@id":"https:\/\/eurosdiscounts.com\/index.php\/produit\/cave-de-service-rosieres-rwcb-60-n-60-cm\/#breadcrumb","itemListElement":[{"@type":"ListItem","position":1,"name":"Accueil","item":"https:\/\/eurosdiscounts.com\/"},{"@type":"ListItem","position":2,"name":"Boutique","item":"https:\/\/eurosdiscounts.com\/index.php\/boutique\/"},{"@type":"ListItem","position":3,"name":"Cave de service ROSIERES RWCB 60\/N &#8211; 60 CM"}]},{"@type":"WebSite","@id":"https:\/\/eurosdiscounts.com\/#website","url":"https:\/\/eurosdiscounts.com\/","name":"Eurosdiscounts.com- Achat sur Internet a prix discount, Canap\u00e9s pas cher, Smartphone pas cher, pc portable pas cher..","description":"Eurosdiscounts.com- Achat sur Internet a prix discount, Canap\u00e9s pas cher, Smartphone pas cher, pc portable pas cher..","potentialAction":[{"@type":"SearchAction","target":{"@type":"EntryPoint","urlTemplate":"https:\/\/eurosdiscounts.com\/?s={search_term_string}"},"query-input":{"@type":"PropertyValueSpecification","valueRequired":true,"valueName":"search_term_string"}}],"inLanguage":"fr-FR"}]}},"_links":{"self":[{"href":"https:\/\/eurosdiscounts.com\/index.php\/wp-json\/wp\/v2\/product\/18816","targetHints":{"allow":["GET"]}}],"collection":[{"href":"https:\/\/eurosdiscounts.com\/index.php\/wp-json\/wp\/v2\/product"}],"about":[{"href":"https:\/\/eurosdiscounts.com\/index.php\/wp-json\/wp\/v2\/types\/product"}],"replies":[{"embeddable":true,"href":"https:\/\/eurosdiscounts.com\/index.php\/wp-json\/wp\/v2\/comments?post=18816"}],"wp:featuredmedia":[{"embeddable":true,"href":"https:\/\/eurosdiscounts.com\/index.php\/wp-json\/wp\/v2\/media\/18822"}],"wp:attachment":[{"href":"https:\/\/eurosdiscounts.com\/index.php\/wp-json\/wp\/v2\/media?parent=18816"}],"wp:term":[{"taxonomy":"product_cat","embeddable":true,"href":"https:\/\/eurosdiscounts.com\/index.php\/wp-json\/wp\/v2\/product_cat?post=18816"},{"taxonomy":"product_tag","embeddable":true,"href":"https:\/\/eurosdiscounts.com\/index.php\/wp-json\/wp\/v2\/product_tag?post=18816"}],"curies":[{"name":"wp","href":"https:\/\/api.w.org\/{rel}","templated":true}]}}