{"id":17397,"date":"2019-09-13T20:31:08","date_gmt":"2019-09-13T18:31:08","guid":{"rendered":"https:\/\/smartsdiscount.com\/?post_type=product&amp;p=4109"},"modified":"2024-02-22T20:43:35","modified_gmt":"2024-02-22T19:43:35","slug":"camescope-depaule-gyhm70e-jvc","status":"publish","type":"product","link":"https:\/\/eurosdiscounts.com\/index.php\/produit\/camescope-depaule-gyhm70e-jvc\/","title":{"rendered":"Cam\u00e9scope d\\&rsquo;\u00c9paule GYHM70E JVC"},"content":{"rendered":"<div id=\"presTitle\" class=\"fpCat testSep\">\n<div class=\"fpCatTitle\">Pr\u00e9sentation produit : Cam\u00e9scope d\\&rsquo;\u00c9paule GYHM70E JVC<\/div>\n<\/div>\n<div id=\"presContent\" class=\"fpBlk testSep extCode\">Cam\u00e9scope d\\&rsquo;\u00c9paule GYHM70E JVC &#8211; 3D:FROUi &#8211; Type de Capteur:CMOS-Chip &#8211; Pixels Maximum (en Mpx):12 Mpx &#8211; Zoom Optique (Grossissement):-1 X &#8211; Zoom Num\u00e9rique (Grossissement):-1 X &#8211; Profondeur:-1 mm &#8211; Type de Camescope:Camescope Professionnel &#8211; Interface Sans Fil:Oui &#8211; Largeur:-1 mm &#8211; Support d&rsquo;Enregistrement:Carte SD &#8211; Poids:3100 grammes &#8211; Hauteur:-1 mm &#8211; Focale Minimale:-1 mm &#8211; Focale Maximale:-1 mm &#8211; HDMI:Oui &#8211; Taille de l&rsquo;Ecran LCD:3 pouces &#8211; Port USB:Oui &#8211; Enregistrement 16:9:Oui &#8211; R\u00e9solution de l&rsquo;Ecran LCD:-1 pixels &#8211; Ouverture Maximale Tele:-1.00 &#8211; Ouverture Maximale Wide:-1.00 &#8211; Vitesse d&rsquo;Obturation la Plus Rapide: 1\/60s seconde &#8211; Vitesse d&rsquo;Obturation la Plus Lente:-1 seconde &#8211; Taille du Capteur:1\/2.3 &#8211; Type de Memory Stick:Memory stick pro duo &#8211; Type de Carte SD:SD, SDHC, SDXC &#8211; R\u00e9solution Mode Photo en Largeur:-1 Pixels &#8211; R\u00e9solution Mode Photo en Hauteur:-1 Pixels &#8211; Capacit\u00e9:-1 Go &#8211; Couleur:Noir &#8211;<\/div>\n<div id=\"desc\" class=\"anchor\"><\/div>\n<div id=\"descContent\" class=\"fpBlk testSep\" data-cs-override-id=\"Descriptif\">\n<p class=\"fpMb\">Cam\u00e9scope d\\&rsquo;\u00c9paule GYHM70E JVC &#8211; 3D:FROUi &#8211; Type de Capteur:CMOS-Chip &#8211; Pixels Maximum (en Mpx):12 Mpx &#8211; Zoom Optique (Grossissement):-1 X &#8211; Zoom Num\u00e9rique (Grossissement)<\/p>\n<\/div>\n","protected":false},"excerpt":{"rendered":"<table class=\"fpDescTb fpDescTbPub\">\n<tbody>\n<tr>\n<th colspan=\"2\">Informations g\u00e9n\u00e9rales sur le produit<\/th>\n<\/tr>\n<tr>\n<td>Marque<\/td>\n<td><a title=\"JVC\" href=\"https:\/\/www.cdiscount.com\/m-591-jvc.html\" data-link=\"SFP-ZBN-TNO-DPM\">JVC<\/a><\/td>\n<\/tr>\n<tr>\n<td>Nom du produit<\/td>\n<td>Cam\u00e9scope d\\&rsquo;\u00c9paule GYHM70E JVC<\/td>\n<\/tr>\n<tr>\n<td>Cat\u00e9gorie<\/td>\n<td>CAM\u00c9SCOPE NUM\u00c9RIQUE<\/td>\n<\/tr>\n<tr>\n<th colspan=\"2\">Informations produit<\/th>\n<\/tr>\n<tr>\n<td>Couleur principale<\/td>\n<td>Noir<\/td>\n<\/tr>\n<tr>\n<td>Ecran|Taille de la diagonale<\/td>\n<td>3 po<\/td>\n<\/tr>\n<tr>\n<td>Capteur optique|R\u00e9solution du capteur du cam\u00e9scope<\/td>\n<td>12 MP<\/td>\n<\/tr>\n<tr>\n<td>Syst\u00e8me optique|Stabilisateur d&rsquo;image<\/td>\n<td>Optique<\/td>\n<\/tr>\n<\/tbody>\n<\/table>\n","protected":false},"featured_media":4110,"comment_status":"open","ping_status":"closed","template":"","meta":[],"product_cat":[156,188],"product_tag":[],"class_list":{"0":"post-17397","1":"product","2":"type-product","3":"status-publish","4":"has-post-thumbnail","6":"product_cat-bons-plans","7":"product_cat-photo-et-camescopes","9":"first","10":"instock","11":"sale","12":"shipping-taxable","13":"purchasable","14":"product-type-simple","15":"col-xs-6 col-sm-4","16":"col-md-3 col-lg-3","17":"un-4-cols"},"yoast_head":"<!-- This site is optimized with the Yoast SEO plugin v27.0 - https:\/\/yoast.com\/product\/yoast-seo-wordpress\/ -->\n<title>Cam\u00e9scope d\\&#039;\u00c9paule GYHM70E JVC - Eurosdiscounts.com- Achat sur Internet a prix discount, Canap\u00e9s pas cher, Smartphone pas cher, pc portable pas cher..<\/title>\n<meta name=\"robots\" content=\"index, follow, max-snippet:-1, max-image-preview:large, max-video-preview:-1\" \/>\n<link rel=\"canonical\" href=\"https:\/\/eurosdiscounts.com\/index.php\/produit\/camescope-depaule-gyhm70e-jvc\/\" \/>\n<meta property=\"og:locale\" content=\"fr_FR\" \/>\n<meta property=\"og:type\" content=\"article\" \/>\n<meta property=\"og:title\" content=\"Cam\u00e9scope d\\&#039;\u00c9paule GYHM70E JVC - Eurosdiscounts.com- Achat sur Internet a prix discount, Canap\u00e9s pas cher, Smartphone pas cher, pc portable pas cher..\" \/>\n<meta property=\"og:description\" content=\"Informations g\u00e9n\u00e9rales sur le produit  Marque JVC  Nom du produit Cam\u00e9scope d&#039;\u00c9paule GYHM70E JVC  Cat\u00e9gorie CAM\u00c9SCOPE NUM\u00c9RIQUE  Informations produit  Couleur principale Noir  Ecran|Taille de la diagonale 3 po  Capteur optique|R\u00e9solution du capteur du cam\u00e9scope 12 MP  Syst\u00e8me optique|Stabilisateur d&#039;image Optique\" \/>\n<meta property=\"og:url\" content=\"https:\/\/eurosdiscounts.com\/index.php\/produit\/camescope-depaule-gyhm70e-jvc\/\" \/>\n<meta property=\"og:site_name\" content=\"Eurosdiscounts.com- Achat sur Internet a prix discount, Canap\u00e9s pas cher, Smartphone pas cher, pc portable pas cher..\" \/>\n<meta property=\"article:modified_time\" content=\"2024-02-22T19:43:35+00:00\" \/>\n<meta property=\"og:image\" content=\"https:\/\/eurosdiscounts.com\/wp-content\/uploads\/2019\/09\/c-225.jpg\" \/>\n\t<meta property=\"og:image:width\" content=\"411\" \/>\n\t<meta property=\"og:image:height\" content=\"411\" \/>\n\t<meta property=\"og:image:type\" content=\"image\/jpeg\" \/>\n<meta name=\"twitter:card\" content=\"summary_large_image\" \/>\n<meta name=\"twitter:label1\" content=\"Dur\u00e9e de lecture estim\u00e9e\" \/>\n\t<meta name=\"twitter:data1\" content=\"1 minute\" \/>\n<script type=\"application\/ld+json\" class=\"yoast-schema-graph\">{\"@context\":\"https:\/\/schema.org\",\"@graph\":[{\"@type\":\"WebPage\",\"@id\":\"https:\/\/eurosdiscounts.com\/index.php\/produit\/camescope-depaule-gyhm70e-jvc\/\",\"url\":\"https:\/\/eurosdiscounts.com\/index.php\/produit\/camescope-depaule-gyhm70e-jvc\/\",\"name\":\"Cam\u00e9scope d\\\\'\u00c9paule GYHM70E JVC - Eurosdiscounts.com- Achat sur Internet a prix discount, Canap\u00e9s pas cher, Smartphone pas cher, pc portable pas cher..\",\"isPartOf\":{\"@id\":\"https:\/\/eurosdiscounts.com\/#website\"},\"primaryImageOfPage\":{\"@id\":\"https:\/\/eurosdiscounts.com\/index.php\/produit\/camescope-depaule-gyhm70e-jvc\/#primaryimage\"},\"image\":{\"@id\":\"https:\/\/eurosdiscounts.com\/index.php\/produit\/camescope-depaule-gyhm70e-jvc\/#primaryimage\"},\"thumbnailUrl\":\"https:\/\/eurosdiscounts.com\/wp-content\/uploads\/2019\/09\/c-225.jpg\",\"datePublished\":\"2019-09-13T18:31:08+00:00\",\"dateModified\":\"2024-02-22T19:43:35+00:00\",\"breadcrumb\":{\"@id\":\"https:\/\/eurosdiscounts.com\/index.php\/produit\/camescope-depaule-gyhm70e-jvc\/#breadcrumb\"},\"inLanguage\":\"fr-FR\",\"potentialAction\":[{\"@type\":\"ReadAction\",\"target\":[\"https:\/\/eurosdiscounts.com\/index.php\/produit\/camescope-depaule-gyhm70e-jvc\/\"]}]},{\"@type\":\"ImageObject\",\"inLanguage\":\"fr-FR\",\"@id\":\"https:\/\/eurosdiscounts.com\/index.php\/produit\/camescope-depaule-gyhm70e-jvc\/#primaryimage\",\"url\":\"https:\/\/eurosdiscounts.com\/wp-content\/uploads\/2019\/09\/c-225.jpg\",\"contentUrl\":\"https:\/\/eurosdiscounts.com\/wp-content\/uploads\/2019\/09\/c-225.jpg\",\"width\":411,\"height\":411},{\"@type\":\"BreadcrumbList\",\"@id\":\"https:\/\/eurosdiscounts.com\/index.php\/produit\/camescope-depaule-gyhm70e-jvc\/#breadcrumb\",\"itemListElement\":[{\"@type\":\"ListItem\",\"position\":1,\"name\":\"Accueil\",\"item\":\"https:\/\/eurosdiscounts.com\/\"},{\"@type\":\"ListItem\",\"position\":2,\"name\":\"Boutique\",\"item\":\"https:\/\/eurosdiscounts.com\/index.php\/boutique\/\"},{\"@type\":\"ListItem\",\"position\":3,\"name\":\"Cam\u00e9scope d\\\\&rsquo;\u00c9paule GYHM70E JVC\"}]},{\"@type\":\"WebSite\",\"@id\":\"https:\/\/eurosdiscounts.com\/#website\",\"url\":\"https:\/\/eurosdiscounts.com\/\",\"name\":\"Eurosdiscounts.com- Achat sur Internet a prix discount, Canap\u00e9s pas cher, Smartphone pas cher, pc portable pas cher..\",\"description\":\"Eurosdiscounts.com- Achat sur Internet a prix discount, Canap\u00e9s pas cher, Smartphone pas cher, pc portable pas cher..\",\"potentialAction\":[{\"@type\":\"SearchAction\",\"target\":{\"@type\":\"EntryPoint\",\"urlTemplate\":\"https:\/\/eurosdiscounts.com\/?s={search_term_string}\"},\"query-input\":{\"@type\":\"PropertyValueSpecification\",\"valueRequired\":true,\"valueName\":\"search_term_string\"}}],\"inLanguage\":\"fr-FR\"}]}<\/script>\n<!-- \/ Yoast SEO plugin. -->","yoast_head_json":{"title":"Cam\u00e9scope d\\'\u00c9paule GYHM70E JVC - Eurosdiscounts.com- Achat sur Internet a prix discount, Canap\u00e9s pas cher, Smartphone pas cher, pc portable pas cher..","robots":{"index":"index","follow":"follow","max-snippet":"max-snippet:-1","max-image-preview":"max-image-preview:large","max-video-preview":"max-video-preview:-1"},"canonical":"https:\/\/eurosdiscounts.com\/index.php\/produit\/camescope-depaule-gyhm70e-jvc\/","og_locale":"fr_FR","og_type":"article","og_title":"Cam\u00e9scope d\\'\u00c9paule GYHM70E JVC - Eurosdiscounts.com- Achat sur Internet a prix discount, Canap\u00e9s pas cher, Smartphone pas cher, pc portable pas cher..","og_description":"Informations g\u00e9n\u00e9rales sur le produit  Marque JVC  Nom du produit Cam\u00e9scope d'\u00c9paule GYHM70E JVC  Cat\u00e9gorie CAM\u00c9SCOPE NUM\u00c9RIQUE  Informations produit  Couleur principale Noir  Ecran|Taille de la diagonale 3 po  Capteur optique|R\u00e9solution du capteur du cam\u00e9scope 12 MP  Syst\u00e8me optique|Stabilisateur d'image Optique","og_url":"https:\/\/eurosdiscounts.com\/index.php\/produit\/camescope-depaule-gyhm70e-jvc\/","og_site_name":"Eurosdiscounts.com- Achat sur Internet a prix discount, Canap\u00e9s pas cher, Smartphone pas cher, pc portable pas cher..","article_modified_time":"2024-02-22T19:43:35+00:00","og_image":[{"width":411,"height":411,"url":"https:\/\/eurosdiscounts.com\/wp-content\/uploads\/2019\/09\/c-225.jpg","type":"image\/jpeg"}],"twitter_card":"summary_large_image","twitter_misc":{"Dur\u00e9e de lecture estim\u00e9e":"1 minute"},"schema":{"@context":"https:\/\/schema.org","@graph":[{"@type":"WebPage","@id":"https:\/\/eurosdiscounts.com\/index.php\/produit\/camescope-depaule-gyhm70e-jvc\/","url":"https:\/\/eurosdiscounts.com\/index.php\/produit\/camescope-depaule-gyhm70e-jvc\/","name":"Cam\u00e9scope d\\'\u00c9paule GYHM70E JVC - Eurosdiscounts.com- Achat sur Internet a prix discount, Canap\u00e9s pas cher, Smartphone pas cher, pc portable pas cher..","isPartOf":{"@id":"https:\/\/eurosdiscounts.com\/#website"},"primaryImageOfPage":{"@id":"https:\/\/eurosdiscounts.com\/index.php\/produit\/camescope-depaule-gyhm70e-jvc\/#primaryimage"},"image":{"@id":"https:\/\/eurosdiscounts.com\/index.php\/produit\/camescope-depaule-gyhm70e-jvc\/#primaryimage"},"thumbnailUrl":"https:\/\/eurosdiscounts.com\/wp-content\/uploads\/2019\/09\/c-225.jpg","datePublished":"2019-09-13T18:31:08+00:00","dateModified":"2024-02-22T19:43:35+00:00","breadcrumb":{"@id":"https:\/\/eurosdiscounts.com\/index.php\/produit\/camescope-depaule-gyhm70e-jvc\/#breadcrumb"},"inLanguage":"fr-FR","potentialAction":[{"@type":"ReadAction","target":["https:\/\/eurosdiscounts.com\/index.php\/produit\/camescope-depaule-gyhm70e-jvc\/"]}]},{"@type":"ImageObject","inLanguage":"fr-FR","@id":"https:\/\/eurosdiscounts.com\/index.php\/produit\/camescope-depaule-gyhm70e-jvc\/#primaryimage","url":"https:\/\/eurosdiscounts.com\/wp-content\/uploads\/2019\/09\/c-225.jpg","contentUrl":"https:\/\/eurosdiscounts.com\/wp-content\/uploads\/2019\/09\/c-225.jpg","width":411,"height":411},{"@type":"BreadcrumbList","@id":"https:\/\/eurosdiscounts.com\/index.php\/produit\/camescope-depaule-gyhm70e-jvc\/#breadcrumb","itemListElement":[{"@type":"ListItem","position":1,"name":"Accueil","item":"https:\/\/eurosdiscounts.com\/"},{"@type":"ListItem","position":2,"name":"Boutique","item":"https:\/\/eurosdiscounts.com\/index.php\/boutique\/"},{"@type":"ListItem","position":3,"name":"Cam\u00e9scope d\\&rsquo;\u00c9paule GYHM70E JVC"}]},{"@type":"WebSite","@id":"https:\/\/eurosdiscounts.com\/#website","url":"https:\/\/eurosdiscounts.com\/","name":"Eurosdiscounts.com- Achat sur Internet a prix discount, Canap\u00e9s pas cher, Smartphone pas cher, pc portable pas cher..","description":"Eurosdiscounts.com- Achat sur Internet a prix discount, Canap\u00e9s pas cher, Smartphone pas cher, pc portable pas cher..","potentialAction":[{"@type":"SearchAction","target":{"@type":"EntryPoint","urlTemplate":"https:\/\/eurosdiscounts.com\/?s={search_term_string}"},"query-input":{"@type":"PropertyValueSpecification","valueRequired":true,"valueName":"search_term_string"}}],"inLanguage":"fr-FR"}]}},"_links":{"self":[{"href":"https:\/\/eurosdiscounts.com\/index.php\/wp-json\/wp\/v2\/product\/17397","targetHints":{"allow":["GET"]}}],"collection":[{"href":"https:\/\/eurosdiscounts.com\/index.php\/wp-json\/wp\/v2\/product"}],"about":[{"href":"https:\/\/eurosdiscounts.com\/index.php\/wp-json\/wp\/v2\/types\/product"}],"replies":[{"embeddable":true,"href":"https:\/\/eurosdiscounts.com\/index.php\/wp-json\/wp\/v2\/comments?post=17397"}],"wp:featuredmedia":[{"embeddable":true,"href":"https:\/\/eurosdiscounts.com\/index.php\/wp-json\/wp\/v2\/media\/4110"}],"wp:attachment":[{"href":"https:\/\/eurosdiscounts.com\/index.php\/wp-json\/wp\/v2\/media?parent=17397"}],"wp:term":[{"taxonomy":"product_cat","embeddable":true,"href":"https:\/\/eurosdiscounts.com\/index.php\/wp-json\/wp\/v2\/product_cat?post=17397"},{"taxonomy":"product_tag","embeddable":true,"href":"https:\/\/eurosdiscounts.com\/index.php\/wp-json\/wp\/v2\/product_tag?post=17397"}],"curies":[{"name":"wp","href":"https:\/\/api.w.org\/{rel}","templated":true}]}}